{"id":19353,"date":"2018-11-13T11:23:00","date_gmt":"2018-11-13T09:23:00","guid":{"rendered":"https:\/\/www.cruillabarcelona.cat\/?post_type=artists&#038;p=19353"},"modified":"2019-05-13T13:45:33","modified_gmt":"2019-05-13T11:45:33","slug":"bastille","status":"publish","type":"artists","link":"https:\/\/www.cruillabarcelona.cat\/en\/artists\/bastille\/","title":{"rendered":"Bastille"},"content":{"rendered":"<h2>British indie-pop to make us dance!<\/h2>\n<p style=\"text-align: justify;\">The London quartet\u00a0<strong>Bastille<\/strong> cooked their\u00a0<strong>first hit\u00a0<em>Pompeii<\/em><\/strong> with brilliant textures of 80s synthesizers and perfect choirs. A mix that catapulted them to number 2 on the UK charts and helped them sell millions of copies of their\u00a0<strong>debut album,\u00a0<em>Bad Blood<\/em><\/strong>.<\/p>\n<p style=\"text-align: justify;\">On\u00a0<strong>July 5, 2019<\/strong> the British band will pay us a visit to make us dance till we drop at Festival Cru\u00eflla, at Parc del F\u00f2rum de Barcelona.<\/p>\n<p style=\"text-align: justify;\">With your ticket for\u00a0<strong>Friday, 5<\/strong>\u00a0you will not only see Bastille live, you will also be able to enjoy the performances of artists like <a href=\"https:\/\/www.cruillabarcelona.cat\/en\/artists\/garbage\" target=\"_blank\" rel=\"noopener noreferrer\">Garbage<\/a> or <a href=\"https:\/\/www.cruillabarcelona.cat\/en\/artists\/gang-of-youths\" target=\"_blank\" rel=\"noopener noreferrer\">Gang of Youths\u00a0<\/a>and many more yet to be announced.<\/p>\n<hr \/>\n<p style=\"text-align: center;\"><em>Buy here your Friday ticket or, if you&#8217;d rather live the whole experience, get the full festival pass.<\/em><\/p>\n<p style=\"text-align: center;\"><a class=\"efsbutton button \" target=\"_blank\">TICKETS<\/a><\/p>\n<hr \/>\n<p style=\"text-align: justify;\">The band started as a solo project of singer-songwriter Dan Smith, but became a band in 2010 when they attracted the audience&#8217;s attention after uploading several songs online. Soon after they were already part of the line-up of the biggest festivals in United Kingdom, such as Glastonbury and Isle of Wight.<\/p>\n<p style=\"text-align: justify;\">Being already big stars, they released their second album\u00a0<em>Wild World<\/em>, which reached #1 in the UK, and debuted in the Top Ten in a dozen countries around the world.<\/p>\n<!-- auto-added video if acf\/single-artist-video not used  --> <iframe style=\"width: 100%;max-width: 100%;height: auto;aspect-ratio: 16 \/ 9;\" src=\"https:\/\/www.youtube-nocookie.com\/embed\/F90Cw4l-8NY\" frameborder=\"0\" allow=\"accelerometer; autoplay; encrypted-media; gyroscope; picture-in-picture\" allowfullscreen><\/iframe>","protected":false},"featured_media":19349,"template":"","meta":{"_acf_changed":false},"artists_edition":[729],"class_list":["post-19353","artists","type-artists","status-publish","has-post-thumbnail","hentry","artists_location-estrella","artists_edition-729"],"acf":{"_thumbnail_id":19350,"youtube_player":"F90Cw4l-8NY","artist_edition":[729],"artist_date":"20190705","artist_time":"20:00:00","artist_time_2":"","artist_location":[20],"artist_ticket_url":"https:\/\/cruilla.seetickets.com\/event\/entrada-divendres\/parc-del-forum-barcelona\/1278175?lang=en-GB","artist_ticket_status":"","artist_extra_date__show":false,"artist_extra_date_2":null,"artist_time_of_date2":"","artist_extra_date_3":null,"artist_time_of_date3":"","artist_extra_date_4":null,"artist_time_of_date4":"","artist_extra_date_5":null,"artist_time_of_date5":"","artist_date__show_month":false,"artist_sidebar_active":false,"show_in_agenda":false,"artist_sidebar__banner_img":null,"artist_sidebar__banner_link":"","artist_hero_content":"<p style=\"text-align: center;\">Friday, July 5 at Festival Cru\u00eflla<\/p>","artist_style":false,"artist_nationality":false,"artist_audience_age":false},"yoast_head":"<!-- This site is optimized with the Yoast SEO plugin v27.5 - https:\/\/yoast.com\/product\/yoast-seo-wordpress\/ -->\n<title>Bastille in concert at Festival Cru\u00eflla: July 5, 2019 in Barcelona<\/title>\n<meta name=\"description\" content=\"Tickets now on sale for Bastille concert at Festival Cru\u00eflla. Enjoy summer 2019 in Barcelona: Friday, July 5 at Parc del F\u00f2rum.\" \/>\n<meta name=\"robots\" content=\"index, follow, max-snippet:-1, max-image-preview:large, max-video-preview:-1\" \/>\n<link rel=\"canonical\" href=\"https:\/\/www.cruillabarcelona.cat\/en\/artists\/bastille\/\" \/>\n<meta property=\"og:locale\" content=\"en_US\" \/>\n<meta property=\"og:type\" content=\"article\" \/>\n<meta property=\"og:title\" content=\"Bastille in concert at Festival Cru\u00eflla: July 5, 2019 in Barcelona\" \/>\n<meta property=\"og:description\" content=\"Tickets now on sale for Bastille concert at Festival Cru\u00eflla. Enjoy summer 2019 in Barcelona: Friday, July 5 at Parc del F\u00f2rum.\" \/>\n<meta property=\"og:url\" content=\"https:\/\/www.cruillabarcelona.cat\/en\/artists\/bastille\/\" \/>\n<meta property=\"og:site_name\" content=\"Festival Cru\u00eflla\" \/>\n<meta property=\"article:modified_time\" content=\"2019-05-13T11:45:33+00:00\" \/>\n<meta property=\"og:image\" content=\"https:\/\/www.cruillabarcelona.cat\/wp-content\/uploads\/2018\/11\/10_Bastille_Neta.jpg\" \/>\n\t<meta property=\"og:image:width\" content=\"1001\" \/>\n\t<meta property=\"og:image:height\" content=\"1001\" \/>\n\t<meta property=\"og:image:type\" content=\"image\/jpeg\" \/>\n<meta name=\"twitter:card\" content=\"summary_large_image\" \/>\n<meta name=\"twitter:label1\" content=\"Est. reading time\" \/>\n\t<meta name=\"twitter:data1\" content=\"1 minute\" \/>\n<script type=\"application\/ld+json\" class=\"yoast-schema-graph\">{\"@context\":\"https:\\\/\\\/schema.org\",\"@graph\":[{\"@type\":\"WebPage\",\"@id\":\"https:\\\/\\\/www.cruillabarcelona.cat\\\/en\\\/artists\\\/bastille\\\/\",\"url\":\"https:\\\/\\\/www.cruillabarcelona.cat\\\/en\\\/artists\\\/bastille\\\/\",\"name\":\"Bastille in concert at Festival Cru\u00eflla: July 5, 2019 in Barcelona\",\"isPartOf\":{\"@id\":\"https:\\\/\\\/www.cruillabarcelona.cat\\\/en\\\/#website\"},\"primaryImageOfPage\":{\"@id\":\"https:\\\/\\\/www.cruillabarcelona.cat\\\/en\\\/artists\\\/bastille\\\/#primaryimage\"},\"image\":{\"@id\":\"https:\\\/\\\/www.cruillabarcelona.cat\\\/en\\\/artists\\\/bastille\\\/#primaryimage\"},\"thumbnailUrl\":\"https:\\\/\\\/www.cruillabarcelona.cat\\\/wp-content\\\/uploads\\\/2018\\\/11\\\/10_Bastille_Neta.jpg\",\"datePublished\":\"2018-11-13T09:23:00+00:00\",\"dateModified\":\"2019-05-13T11:45:33+00:00\",\"description\":\"Tickets now on sale for Bastille concert at Festival Cru\u00eflla. Enjoy summer 2019 in Barcelona: Friday, July 5 at Parc del F\u00f2rum.\",\"breadcrumb\":{\"@id\":\"https:\\\/\\\/www.cruillabarcelona.cat\\\/en\\\/artists\\\/bastille\\\/#breadcrumb\"},\"inLanguage\":\"en-US\",\"potentialAction\":[{\"@type\":\"ReadAction\",\"target\":[\"https:\\\/\\\/www.cruillabarcelona.cat\\\/en\\\/artists\\\/bastille\\\/\"]}]},{\"@type\":\"ImageObject\",\"inLanguage\":\"en-US\",\"@id\":\"https:\\\/\\\/www.cruillabarcelona.cat\\\/en\\\/artists\\\/bastille\\\/#primaryimage\",\"url\":\"https:\\\/\\\/www.cruillabarcelona.cat\\\/wp-content\\\/uploads\\\/2018\\\/11\\\/10_Bastille_Neta.jpg\",\"contentUrl\":\"https:\\\/\\\/www.cruillabarcelona.cat\\\/wp-content\\\/uploads\\\/2018\\\/11\\\/10_Bastille_Neta.jpg\",\"width\":1001,\"height\":1001,\"caption\":\"Bastille\"},{\"@type\":\"BreadcrumbList\",\"@id\":\"https:\\\/\\\/www.cruillabarcelona.cat\\\/en\\\/artists\\\/bastille\\\/#breadcrumb\",\"itemListElement\":[{\"@type\":\"ListItem\",\"position\":1,\"name\":\"Home\",\"item\":\"https:\\\/\\\/www.cruillabarcelona.cat\\\/en\\\/\"},{\"@type\":\"ListItem\",\"position\":2,\"name\":\"Bastille\"}]},{\"@type\":\"WebSite\",\"@id\":\"https:\\\/\\\/www.cruillabarcelona.cat\\\/en\\\/#website\",\"url\":\"https:\\\/\\\/www.cruillabarcelona.cat\\\/en\\\/\",\"name\":\"Festival Cru\u00eflla\",\"description\":\"\",\"publisher\":{\"@id\":\"https:\\\/\\\/www.cruillabarcelona.cat\\\/en\\\/#organization\"},\"potentialAction\":[{\"@type\":\"SearchAction\",\"target\":{\"@type\":\"EntryPoint\",\"urlTemplate\":\"https:\\\/\\\/www.cruillabarcelona.cat\\\/en\\\/?s={search_term_string}\"},\"query-input\":{\"@type\":\"PropertyValueSpecification\",\"valueRequired\":true,\"valueName\":\"search_term_string\"}}],\"inLanguage\":\"en-US\"},{\"@type\":\"Organization\",\"@id\":\"https:\\\/\\\/www.cruillabarcelona.cat\\\/en\\\/#organization\",\"name\":\"Festival Cru\u00eflla\",\"url\":\"https:\\\/\\\/www.cruillabarcelona.cat\\\/en\\\/\",\"logo\":{\"@type\":\"ImageObject\",\"inLanguage\":\"en-US\",\"@id\":\"https:\\\/\\\/www.cruillabarcelona.cat\\\/en\\\/#\\\/schema\\\/logo\\\/image\\\/\",\"url\":\"https:\\\/\\\/www.cruillabarcelona.cat\\\/wp-content\\\/uploads\\\/2025\\\/12\\\/cruill-logo-negativo.png\",\"contentUrl\":\"https:\\\/\\\/www.cruillabarcelona.cat\\\/wp-content\\\/uploads\\\/2025\\\/12\\\/cruill-logo-negativo.png\",\"width\":400,\"height\":101,\"caption\":\"Festival Cru\u00eflla\"},\"image\":{\"@id\":\"https:\\\/\\\/www.cruillabarcelona.cat\\\/en\\\/#\\\/schema\\\/logo\\\/image\\\/\"}}]}<\/script>\n<!-- \/ Yoast SEO plugin. -->","yoast_head_json":{"title":"Bastille in concert at Festival Cru\u00eflla: July 5, 2019 in Barcelona","description":"Tickets now on sale for Bastille concert at Festival Cru\u00eflla. Enjoy summer 2019 in Barcelona: Friday, July 5 at Parc del F\u00f2rum.","robots":{"index":"index","follow":"follow","max-snippet":"max-snippet:-1","max-image-preview":"max-image-preview:large","max-video-preview":"max-video-preview:-1"},"canonical":"https:\/\/www.cruillabarcelona.cat\/en\/artists\/bastille\/","og_locale":"en_US","og_type":"article","og_title":"Bastille in concert at Festival Cru\u00eflla: July 5, 2019 in Barcelona","og_description":"Tickets now on sale for Bastille concert at Festival Cru\u00eflla. Enjoy summer 2019 in Barcelona: Friday, July 5 at Parc del F\u00f2rum.","og_url":"https:\/\/www.cruillabarcelona.cat\/en\/artists\/bastille\/","og_site_name":"Festival Cru\u00eflla","article_modified_time":"2019-05-13T11:45:33+00:00","og_image":[{"width":1001,"height":1001,"url":"https:\/\/www.cruillabarcelona.cat\/wp-content\/uploads\/2018\/11\/10_Bastille_Neta.jpg","type":"image\/jpeg"}],"twitter_card":"summary_large_image","twitter_misc":{"Est. reading time":"1 minute"},"schema":{"@context":"https:\/\/schema.org","@graph":[{"@type":"WebPage","@id":"https:\/\/www.cruillabarcelona.cat\/en\/artists\/bastille\/","url":"https:\/\/www.cruillabarcelona.cat\/en\/artists\/bastille\/","name":"Bastille in concert at Festival Cru\u00eflla: July 5, 2019 in Barcelona","isPartOf":{"@id":"https:\/\/www.cruillabarcelona.cat\/en\/#website"},"primaryImageOfPage":{"@id":"https:\/\/www.cruillabarcelona.cat\/en\/artists\/bastille\/#primaryimage"},"image":{"@id":"https:\/\/www.cruillabarcelona.cat\/en\/artists\/bastille\/#primaryimage"},"thumbnailUrl":"https:\/\/www.cruillabarcelona.cat\/wp-content\/uploads\/2018\/11\/10_Bastille_Neta.jpg","datePublished":"2018-11-13T09:23:00+00:00","dateModified":"2019-05-13T11:45:33+00:00","description":"Tickets now on sale for Bastille concert at Festival Cru\u00eflla. Enjoy summer 2019 in Barcelona: Friday, July 5 at Parc del F\u00f2rum.","breadcrumb":{"@id":"https:\/\/www.cruillabarcelona.cat\/en\/artists\/bastille\/#breadcrumb"},"inLanguage":"en-US","potentialAction":[{"@type":"ReadAction","target":["https:\/\/www.cruillabarcelona.cat\/en\/artists\/bastille\/"]}]},{"@type":"ImageObject","inLanguage":"en-US","@id":"https:\/\/www.cruillabarcelona.cat\/en\/artists\/bastille\/#primaryimage","url":"https:\/\/www.cruillabarcelona.cat\/wp-content\/uploads\/2018\/11\/10_Bastille_Neta.jpg","contentUrl":"https:\/\/www.cruillabarcelona.cat\/wp-content\/uploads\/2018\/11\/10_Bastille_Neta.jpg","width":1001,"height":1001,"caption":"Bastille"},{"@type":"BreadcrumbList","@id":"https:\/\/www.cruillabarcelona.cat\/en\/artists\/bastille\/#breadcrumb","itemListElement":[{"@type":"ListItem","position":1,"name":"Home","item":"https:\/\/www.cruillabarcelona.cat\/en\/"},{"@type":"ListItem","position":2,"name":"Bastille"}]},{"@type":"WebSite","@id":"https:\/\/www.cruillabarcelona.cat\/en\/#website","url":"https:\/\/www.cruillabarcelona.cat\/en\/","name":"Festival Cru\u00eflla","description":"","publisher":{"@id":"https:\/\/www.cruillabarcelona.cat\/en\/#organization"},"potentialAction":[{"@type":"SearchAction","target":{"@type":"EntryPoint","urlTemplate":"https:\/\/www.cruillabarcelona.cat\/en\/?s={search_term_string}"},"query-input":{"@type":"PropertyValueSpecification","valueRequired":true,"valueName":"search_term_string"}}],"inLanguage":"en-US"},{"@type":"Organization","@id":"https:\/\/www.cruillabarcelona.cat\/en\/#organization","name":"Festival Cru\u00eflla","url":"https:\/\/www.cruillabarcelona.cat\/en\/","logo":{"@type":"ImageObject","inLanguage":"en-US","@id":"https:\/\/www.cruillabarcelona.cat\/en\/#\/schema\/logo\/image\/","url":"https:\/\/www.cruillabarcelona.cat\/wp-content\/uploads\/2025\/12\/cruill-logo-negativo.png","contentUrl":"https:\/\/www.cruillabarcelona.cat\/wp-content\/uploads\/2025\/12\/cruill-logo-negativo.png","width":400,"height":101,"caption":"Festival Cru\u00eflla"},"image":{"@id":"https:\/\/www.cruillabarcelona.cat\/en\/#\/schema\/logo\/image\/"}}]}},"_links":{"self":[{"href":"https:\/\/www.cruillabarcelona.cat\/en\/wp-json\/wp\/v2\/artists\/19353","targetHints":{"allow":["GET"]}}],"collection":[{"href":"https:\/\/www.cruillabarcelona.cat\/en\/wp-json\/wp\/v2\/artists"}],"about":[{"href":"https:\/\/www.cruillabarcelona.cat\/en\/wp-json\/wp\/v2\/types\/artists"}],"acf:term":[{"embeddable":true,"taxonomy":"artists_location","href":"https:\/\/www.cruillabarcelona.cat\/en\/wp-json\/wp\/v2\/artists_location\/20"},{"embeddable":true,"taxonomy":"artists_edition","href":"https:\/\/www.cruillabarcelona.cat\/en\/wp-json\/wp\/v2\/artists_edition\/729"}],"wp:featuredmedia":[{"embeddable":true,"href":"https:\/\/www.cruillabarcelona.cat\/en\/wp-json\/wp\/v2\/media\/19349"}],"wp:attachment":[{"href":"https:\/\/www.cruillabarcelona.cat\/en\/wp-json\/wp\/v2\/media?parent=19353"}],"wp:term":[{"taxonomy":"artists_edition","embeddable":true,"href":"https:\/\/www.cruillabarcelona.cat\/en\/wp-json\/wp\/v2\/artists_edition?post=19353"}],"curies":[{"name":"wp","href":"https:\/\/api.w.org\/{rel}","templated":true}]}}

<h2>British indie-pop to make us dance!</h2>
<p style="text-align: justify;">The London quartet <strong>Bastille</strong> cooked their <strong>first hit <em>Pompeii</em></strong> with brilliant textures of 80s synthesizers and perfect choirs. A mix that catapulted them to number 2 on the UK charts and helped them sell millions of copies of their <strong>debut album, <em>Bad Blood</em></strong>.</p>
<p style="text-align: justify;">On <strong>July 5, 2019</strong> the British band will pay us a visit to make us dance till we drop at Festival Cruïlla, at Parc del Fòrum de Barcelona.</p>
<p style="text-align: justify;">With your ticket for <strong>Friday, 5</strong> you will not only see Bastille live, you will also be able to enjoy the performances of artists like <a href="https://www.cruillabarcelona.cat/en/artists/garbage" target="_blank" rel="noopener noreferrer">Garbage</a> or <a href="https://www.cruillabarcelona.cat/en/artists/gang-of-youths" target="_blank" rel="noopener noreferrer">Gang of Youths </a>and many more yet to be announced.</p>
<hr />
<p style="text-align: center;"><em>Buy here your Friday ticket or, if you&#8217;d rather live the whole experience, get the full festival pass.</em></p>
<p style="text-align: center;"><a class="efsbutton button " target="_blank">TICKETS</a></p>
<hr />
<p style="text-align: justify;">The band started as a solo project of singer-songwriter Dan Smith, but became a band in 2010 when they attracted the audience&#8217;s attention after uploading several songs online. Soon after they were already part of the line-up of the biggest festivals in United Kingdom, such as Glastonbury and Isle of Wight.</p>
<p style="text-align: justify;">Being already big stars, they released their second album <em>Wild World</em>, which reached #1 in the UK, and debuted in the Top Ten in a dozen countries around the world.</p>
<!-- auto-added video if acf/single-artist-video not used  --> <iframe style="width: 100%;max-width: 100%;height: auto;aspect-ratio: 16 / 9;" src="https://www.youtube-nocookie.com/embed/F90Cw4l-8NY" frameborder="0" allow="accelerometer; autoplay; encrypted-media; gyroscope; picture-in-picture" allowfullscreen></iframe>

<p style="text-align: center;">Friday, July 5 at Festival Cruïlla</p>

<!-- This site is optimized with the Yoast SEO plugin v27.5 - https://yoast.com/product/yoast-seo-wordpress/ -->
<title>Bastille in concert at Festival Cruïlla: July 5, 2019 in Barcelona</title>
<meta name="description" content="Tickets now on sale for Bastille concert at Festival Cruïlla. Enjoy summer 2019 in Barcelona: Friday, July 5 at Parc del Fòrum." />
<meta name="robots" content="index, follow, max-snippet:-1, max-image-preview:large, max-video-preview:-1" />
<link rel="canonical" href="https://www.cruillabarcelona.cat/en/artists/bastille/" />
<meta property="og:locale" content="en_US" />
<meta property="og:type" content="article" />
<meta property="og:title" content="Bastille in concert at Festival Cruïlla: July 5, 2019 in Barcelona" />
<meta property="og:description" content="Tickets now on sale for Bastille concert at Festival Cruïlla. Enjoy summer 2019 in Barcelona: Friday, July 5 at Parc del Fòrum." />
<meta property="og:url" content="https://www.cruillabarcelona.cat/en/artists/bastille/" />
<meta property="og:site_name" content="Festival Cruïlla" />
<meta property="article:modified_time" content="2019-05-13T11:45:33+00:00" />
<meta property="og:image" content="https://www.cruillabarcelona.cat/wp-content/uploads/2018/11/10_Bastille_Neta.jpg" />
	<meta property="og:image:width" content="1001" />
	<meta property="og:image:height" content="1001" />
	<meta property="og:image:type" content="image/jpeg" />
<meta name="twitter:card" content="summary_large_image" />
<meta name="twitter:label1" content="Est. reading time" />
	<meta name="twitter:data1" content="1 minute" />
<script type="application/ld+json" class="yoast-schema-graph">{"@context":"https:\/\/schema.org","@graph":[{"@type":"WebPage","@id":"https:\/\/www.cruillabarcelona.cat\/en\/artists\/bastille\/","url":"https:\/\/www.cruillabarcelona.cat\/en\/artists\/bastille\/","name":"Bastille in concert at Festival Cruïlla: July 5, 2019 in Barcelona","isPartOf":{"@id":"https:\/\/www.cruillabarcelona.cat\/en\/#website"},"primaryImageOfPage":{"@id":"https:\/\/www.cruillabarcelona.cat\/en\/artists\/bastille\/#primaryimage"},"image":{"@id":"https:\/\/www.cruillabarcelona.cat\/en\/artists\/bastille\/#primaryimage"},"thumbnailUrl":"https:\/\/www.cruillabarcelona.cat\/wp-content\/uploads\/2018\/11\/10_Bastille_Neta.jpg","datePublished":"2018-11-13T09:23:00+00:00","dateModified":"2019-05-13T11:45:33+00:00","description":"Tickets now on sale for Bastille concert at Festival Cruïlla. Enjoy summer 2019 in Barcelona: Friday, July 5 at Parc del Fòrum.","breadcrumb":{"@id":"https:\/\/www.cruillabarcelona.cat\/en\/artists\/bastille\/#breadcrumb"},"inLanguage":"en-US","potentialAction":[{"@type":"ReadAction","target":["https:\/\/www.cruillabarcelona.cat\/en\/artists\/bastille\/"]}]},{"@type":"ImageObject","inLanguage":"en-US","@id":"https:\/\/www.cruillabarcelona.cat\/en\/artists\/bastille\/#primaryimage","url":"https:\/\/www.cruillabarcelona.cat\/wp-content\/uploads\/2018\/11\/10_Bastille_Neta.jpg","contentUrl":"https:\/\/www.cruillabarcelona.cat\/wp-content\/uploads\/2018\/11\/10_Bastille_Neta.jpg","width":1001,"height":1001,"caption":"Bastille"},{"@type":"BreadcrumbList","@id":"https:\/\/www.cruillabarcelona.cat\/en\/artists\/bastille\/#breadcrumb","itemListElement":[{"@type":"ListItem","position":1,"name":"Home","item":"https:\/\/www.cruillabarcelona.cat\/en\/"},{"@type":"ListItem","position":2,"name":"Bastille"}]},{"@type":"WebSite","@id":"https:\/\/www.cruillabarcelona.cat\/en\/#website","url":"https:\/\/www.cruillabarcelona.cat\/en\/","name":"Festival Cruïlla","description":"","publisher":{"@id":"https:\/\/www.cruillabarcelona.cat\/en\/#organization"},"potentialAction":[{"@type":"SearchAction","target":{"@type":"EntryPoint","urlTemplate":"https:\/\/www.cruillabarcelona.cat\/en\/?s={search_term_string}"},"query-input":{"@type":"PropertyValueSpecification","valueRequired":true,"valueName":"search_term_string"}}],"inLanguage":"en-US"},{"@type":"Organization","@id":"https:\/\/www.cruillabarcelona.cat\/en\/#organization","name":"Festival Cruïlla","url":"https:\/\/www.cruillabarcelona.cat\/en\/","logo":{"@type":"ImageObject","inLanguage":"en-US","@id":"https:\/\/www.cruillabarcelona.cat\/en\/#\/schema\/logo\/image\/","url":"https:\/\/www.cruillabarcelona.cat\/wp-content\/uploads\/2025\/12\/cruill-logo-negativo.png","contentUrl":"https:\/\/www.cruillabarcelona.cat\/wp-content\/uploads\/2025\/12\/cruill-logo-negativo.png","width":400,"height":101,"caption":"Festival Cruïlla"},"image":{"@id":"https:\/\/www.cruillabarcelona.cat\/en\/#\/schema\/logo\/image\/"}}]}</script>
<!-- / Yoast SEO plugin. -->

Bastille in concert at Festival Cruïlla: July 5, 2019 in Barcelona

Tickets now on sale for Bastille concert at Festival Cruïlla. Enjoy summer 2019 in Barcelona: Friday, July 5 at Parc del Fòrum.

Festival Cruïlla
