{"id":22080,"date":"2019-03-07T14:18:56","date_gmt":"2019-03-07T12:18:56","guid":{"rendered":"https:\/\/www.cruillabarcelona.cat\/?post_type=artists&#038;p=22080"},"modified":"2019-05-13T13:55:23","modified_gmt":"2019-05-13T11:55:23","slug":"els-pets","status":"publish","type":"artists","link":"https:\/\/www.cruillabarcelona.cat\/en\/artists\/els-pets\/","title":{"rendered":"Els Pets"},"content":{"rendered":"<h2>The superheroes of Catalan pop<\/h2>\n<p>You wanted it. We wanted it. You wanted it: At last, <strong>Els Pets<\/strong> will perform in Cru\u00eflla! Plus, they&#8217;ll do it in a particularly sweet time of their career, just some months after releasing <strong><em>Som<\/em>, one of their best albums<\/strong> (the best one, according to some authorized voices).<\/p>\n<p><strong>The <em>Som<\/em> tour has a reduced number of stops<\/strong> and every show is a unique event, with new anthems and with those hits that turned them into <strong>legends of Catalan music history<\/strong>, capable of overcoming themselves one step at a time.<\/p>\n<p>With your <strong>Friday<\/strong> ticket you&#8217;ll see Els Pets and many other artists, such as <a href=\"https:\/\/www.cruillabarcelona.cat\/en\/artists\/foals\/\" target=\"_blank\" rel=\"noopener noreferrer\">Foals<\/a>, <a href=\"https:\/\/www.cruillabarcelona.cat\/en\/artists\/zaz\/\" target=\"_blank\" rel=\"noopener noreferrer\">ZAZ<\/a> or <a href=\"https:\/\/www.cruillabarcelona.cat\/en\/artists\/garbage\/\" target=\"_blank\" rel=\"noopener noreferrer\">Garbage<\/a>.<\/p>\n<hr \/>\n<p style=\"text-align: center;\"><em>Buy here your Friday ticket or, if you&#8217;d rather live the whole experience, get the full festival pass.<\/em><\/p>\n<p style=\"text-align: center;\"><a class=\"efsbutton button \" target=\"_blank\">TICKETS<\/a><\/p>\n<hr \/>\n<p><em>Som\u00a0<\/em>is a delicate album produced by Joan Pons (El petit de Cal Eril), in which Llu\u00eds Gavald\u00e0, Joan Reig and Falin C\u00e1ceres keep exploring the art of creating <strong>perfect pop songs<\/strong>. Also, they show a <strong>political compromise<\/strong> (<em>L&#8217;ex\u00e8rcit que vindr\u00e0<\/em>) and they prove able of creating <strong>moving autobiographies<\/strong> (<em>Corvus<\/em>).<\/p>\n<p>So let&#8217;s stand up and welcome this band just like they deserve it: with a <strong>big smile, eager to sing along.\u00a0<\/strong><\/p>\n<!-- auto-added video if acf\/single-artist-video not used  --> <iframe style=\"width: 100%;max-width: 100%;height: auto;aspect-ratio: 16 \/ 9;\" src=\"https:\/\/www.youtube-nocookie.com\/embed\/gf5rR_LaU8A\" frameborder=\"0\" allow=\"accelerometer; autoplay; encrypted-media; gyroscope; picture-in-picture\" allowfullscreen><\/iframe>","protected":false},"featured_media":22092,"template":"","meta":{"_acf_changed":false},"artists_edition":[729],"class_list":["post-22080","artists","type-artists","status-publish","has-post-thumbnail","hentry","artists_location-time-out","artists_edition-729"],"acf":{"_thumbnail_id":22092,"youtube_player":"gf5rR_LaU8A","artist_edition":[729],"artist_date":"20190705","artist_time":"21:30:00","artist_time_2":"","artist_location":[17],"artist_ticket_url":"https:\/\/cruilla.seetickets.com\/event\/entrada-divendres\/parc-del-forum-barcelona\/1278175?lang=en-GB","artist_ticket_status":"","artist_extra_date__show":false,"artist_extra_date_2":null,"artist_time_of_date2":"","artist_extra_date_3":null,"artist_time_of_date3":"","artist_extra_date_4":null,"artist_time_of_date4":"","artist_extra_date_5":null,"artist_time_of_date5":"","artist_date__show_month":false,"artist_sidebar_active":false,"show_in_agenda":false,"artist_sidebar__banner_img":null,"artist_sidebar__banner_link":"","artist_hero_content":"<p style=\"text-align: center;\">Friday, July 5 at Festival Cru\u00eflla<\/p>","artist_style":false,"artist_nationality":false,"artist_audience_age":false},"yoast_head":"<!-- This site is optimized with the Yoast SEO plugin v27.5 - https:\/\/yoast.com\/product\/yoast-seo-wordpress\/ -->\n<title>Els Pets - Festival Cru\u00eflla<\/title>\n<meta name=\"robots\" content=\"index, follow, max-snippet:-1, max-image-preview:large, max-video-preview:-1\" \/>\n<link rel=\"canonical\" href=\"https:\/\/www.cruillabarcelona.cat\/en\/artists\/els-pets\/\" \/>\n<meta property=\"og:locale\" content=\"en_US\" \/>\n<meta property=\"og:type\" content=\"article\" \/>\n<meta property=\"og:title\" content=\"Els Pets - Festival Cru\u00eflla\" \/>\n<meta property=\"og:description\" content=\"The superheroes of Catalan pop You wanted it. We wanted it. You wanted it: At last, Els Pets will perform in Cru\u00eflla! Plus, they&#8217;ll do it [&hellip;]\" \/>\n<meta property=\"og:url\" content=\"https:\/\/www.cruillabarcelona.cat\/en\/artists\/els-pets\/\" \/>\n<meta property=\"og:site_name\" content=\"Festival Cru\u00eflla\" \/>\n<meta property=\"article:modified_time\" content=\"2019-05-13T11:55:23+00:00\" \/>\n<meta property=\"og:image\" content=\"https:\/\/www.cruillabarcelona.cat\/wp-content\/uploads\/2019\/03\/25_Els_Pets_Foto_Neta.jpg\" \/>\n\t<meta property=\"og:image:width\" content=\"1200\" \/>\n\t<meta property=\"og:image:height\" content=\"1200\" \/>\n\t<meta property=\"og:image:type\" content=\"image\/jpeg\" \/>\n<meta name=\"twitter:card\" content=\"summary_large_image\" \/>\n<meta name=\"twitter:label1\" content=\"Est. reading time\" \/>\n\t<meta name=\"twitter:data1\" content=\"1 minute\" \/>\n<script type=\"application\/ld+json\" class=\"yoast-schema-graph\">{\"@context\":\"https:\\\/\\\/schema.org\",\"@graph\":[{\"@type\":\"WebPage\",\"@id\":\"https:\\\/\\\/www.cruillabarcelona.cat\\\/en\\\/artists\\\/els-pets\\\/\",\"url\":\"https:\\\/\\\/www.cruillabarcelona.cat\\\/en\\\/artists\\\/els-pets\\\/\",\"name\":\"Els Pets - Festival Cru\u00eflla\",\"isPartOf\":{\"@id\":\"https:\\\/\\\/www.cruillabarcelona.cat\\\/en\\\/#website\"},\"primaryImageOfPage\":{\"@id\":\"https:\\\/\\\/www.cruillabarcelona.cat\\\/en\\\/artists\\\/els-pets\\\/#primaryimage\"},\"image\":{\"@id\":\"https:\\\/\\\/www.cruillabarcelona.cat\\\/en\\\/artists\\\/els-pets\\\/#primaryimage\"},\"thumbnailUrl\":\"https:\\\/\\\/www.cruillabarcelona.cat\\\/wp-content\\\/uploads\\\/2019\\\/03\\\/25_Els_Pets_Foto_Neta.jpg\",\"datePublished\":\"2019-03-07T12:18:56+00:00\",\"dateModified\":\"2019-05-13T11:55:23+00:00\",\"breadcrumb\":{\"@id\":\"https:\\\/\\\/www.cruillabarcelona.cat\\\/en\\\/artists\\\/els-pets\\\/#breadcrumb\"},\"inLanguage\":\"en-US\",\"potentialAction\":[{\"@type\":\"ReadAction\",\"target\":[\"https:\\\/\\\/www.cruillabarcelona.cat\\\/en\\\/artists\\\/els-pets\\\/\"]}]},{\"@type\":\"ImageObject\",\"inLanguage\":\"en-US\",\"@id\":\"https:\\\/\\\/www.cruillabarcelona.cat\\\/en\\\/artists\\\/els-pets\\\/#primaryimage\",\"url\":\"https:\\\/\\\/www.cruillabarcelona.cat\\\/wp-content\\\/uploads\\\/2019\\\/03\\\/25_Els_Pets_Foto_Neta.jpg\",\"contentUrl\":\"https:\\\/\\\/www.cruillabarcelona.cat\\\/wp-content\\\/uploads\\\/2019\\\/03\\\/25_Els_Pets_Foto_Neta.jpg\",\"width\":1200,\"height\":1200,\"caption\":\"Els Pets\"},{\"@type\":\"BreadcrumbList\",\"@id\":\"https:\\\/\\\/www.cruillabarcelona.cat\\\/en\\\/artists\\\/els-pets\\\/#breadcrumb\",\"itemListElement\":[{\"@type\":\"ListItem\",\"position\":1,\"name\":\"Home\",\"item\":\"https:\\\/\\\/www.cruillabarcelona.cat\\\/en\\\/\"},{\"@type\":\"ListItem\",\"position\":2,\"name\":\"Els Pets\"}]},{\"@type\":\"WebSite\",\"@id\":\"https:\\\/\\\/www.cruillabarcelona.cat\\\/en\\\/#website\",\"url\":\"https:\\\/\\\/www.cruillabarcelona.cat\\\/en\\\/\",\"name\":\"Festival Cru\u00eflla\",\"description\":\"\",\"publisher\":{\"@id\":\"https:\\\/\\\/www.cruillabarcelona.cat\\\/en\\\/#organization\"},\"potentialAction\":[{\"@type\":\"SearchAction\",\"target\":{\"@type\":\"EntryPoint\",\"urlTemplate\":\"https:\\\/\\\/www.cruillabarcelona.cat\\\/en\\\/?s={search_term_string}\"},\"query-input\":{\"@type\":\"PropertyValueSpecification\",\"valueRequired\":true,\"valueName\":\"search_term_string\"}}],\"inLanguage\":\"en-US\"},{\"@type\":\"Organization\",\"@id\":\"https:\\\/\\\/www.cruillabarcelona.cat\\\/en\\\/#organization\",\"name\":\"Festival Cru\u00eflla\",\"url\":\"https:\\\/\\\/www.cruillabarcelona.cat\\\/en\\\/\",\"logo\":{\"@type\":\"ImageObject\",\"inLanguage\":\"en-US\",\"@id\":\"https:\\\/\\\/www.cruillabarcelona.cat\\\/en\\\/#\\\/schema\\\/logo\\\/image\\\/\",\"url\":\"https:\\\/\\\/www.cruillabarcelona.cat\\\/wp-content\\\/uploads\\\/2025\\\/12\\\/cruill-logo-negativo.png\",\"contentUrl\":\"https:\\\/\\\/www.cruillabarcelona.cat\\\/wp-content\\\/uploads\\\/2025\\\/12\\\/cruill-logo-negativo.png\",\"width\":400,\"height\":101,\"caption\":\"Festival Cru\u00eflla\"},\"image\":{\"@id\":\"https:\\\/\\\/www.cruillabarcelona.cat\\\/en\\\/#\\\/schema\\\/logo\\\/image\\\/\"}}]}<\/script>\n<!-- \/ Yoast SEO plugin. -->","yoast_head_json":{"title":"Els Pets - Festival Cru\u00eflla","robots":{"index":"index","follow":"follow","max-snippet":"max-snippet:-1","max-image-preview":"max-image-preview:large","max-video-preview":"max-video-preview:-1"},"canonical":"https:\/\/www.cruillabarcelona.cat\/en\/artists\/els-pets\/","og_locale":"en_US","og_type":"article","og_title":"Els Pets - Festival Cru\u00eflla","og_description":"The superheroes of Catalan pop You wanted it. We wanted it. You wanted it: At last, Els Pets will perform in Cru\u00eflla! Plus, they&#8217;ll do it [&hellip;]","og_url":"https:\/\/www.cruillabarcelona.cat\/en\/artists\/els-pets\/","og_site_name":"Festival Cru\u00eflla","article_modified_time":"2019-05-13T11:55:23+00:00","og_image":[{"width":1200,"height":1200,"url":"https:\/\/www.cruillabarcelona.cat\/wp-content\/uploads\/2019\/03\/25_Els_Pets_Foto_Neta.jpg","type":"image\/jpeg"}],"twitter_card":"summary_large_image","twitter_misc":{"Est. reading time":"1 minute"},"schema":{"@context":"https:\/\/schema.org","@graph":[{"@type":"WebPage","@id":"https:\/\/www.cruillabarcelona.cat\/en\/artists\/els-pets\/","url":"https:\/\/www.cruillabarcelona.cat\/en\/artists\/els-pets\/","name":"Els Pets - Festival Cru\u00eflla","isPartOf":{"@id":"https:\/\/www.cruillabarcelona.cat\/en\/#website"},"primaryImageOfPage":{"@id":"https:\/\/www.cruillabarcelona.cat\/en\/artists\/els-pets\/#primaryimage"},"image":{"@id":"https:\/\/www.cruillabarcelona.cat\/en\/artists\/els-pets\/#primaryimage"},"thumbnailUrl":"https:\/\/www.cruillabarcelona.cat\/wp-content\/uploads\/2019\/03\/25_Els_Pets_Foto_Neta.jpg","datePublished":"2019-03-07T12:18:56+00:00","dateModified":"2019-05-13T11:55:23+00:00","breadcrumb":{"@id":"https:\/\/www.cruillabarcelona.cat\/en\/artists\/els-pets\/#breadcrumb"},"inLanguage":"en-US","potentialAction":[{"@type":"ReadAction","target":["https:\/\/www.cruillabarcelona.cat\/en\/artists\/els-pets\/"]}]},{"@type":"ImageObject","inLanguage":"en-US","@id":"https:\/\/www.cruillabarcelona.cat\/en\/artists\/els-pets\/#primaryimage","url":"https:\/\/www.cruillabarcelona.cat\/wp-content\/uploads\/2019\/03\/25_Els_Pets_Foto_Neta.jpg","contentUrl":"https:\/\/www.cruillabarcelona.cat\/wp-content\/uploads\/2019\/03\/25_Els_Pets_Foto_Neta.jpg","width":1200,"height":1200,"caption":"Els Pets"},{"@type":"BreadcrumbList","@id":"https:\/\/www.cruillabarcelona.cat\/en\/artists\/els-pets\/#breadcrumb","itemListElement":[{"@type":"ListItem","position":1,"name":"Home","item":"https:\/\/www.cruillabarcelona.cat\/en\/"},{"@type":"ListItem","position":2,"name":"Els Pets"}]},{"@type":"WebSite","@id":"https:\/\/www.cruillabarcelona.cat\/en\/#website","url":"https:\/\/www.cruillabarcelona.cat\/en\/","name":"Festival Cru\u00eflla","description":"","publisher":{"@id":"https:\/\/www.cruillabarcelona.cat\/en\/#organization"},"potentialAction":[{"@type":"SearchAction","target":{"@type":"EntryPoint","urlTemplate":"https:\/\/www.cruillabarcelona.cat\/en\/?s={search_term_string}"},"query-input":{"@type":"PropertyValueSpecification","valueRequired":true,"valueName":"search_term_string"}}],"inLanguage":"en-US"},{"@type":"Organization","@id":"https:\/\/www.cruillabarcelona.cat\/en\/#organization","name":"Festival Cru\u00eflla","url":"https:\/\/www.cruillabarcelona.cat\/en\/","logo":{"@type":"ImageObject","inLanguage":"en-US","@id":"https:\/\/www.cruillabarcelona.cat\/en\/#\/schema\/logo\/image\/","url":"https:\/\/www.cruillabarcelona.cat\/wp-content\/uploads\/2025\/12\/cruill-logo-negativo.png","contentUrl":"https:\/\/www.cruillabarcelona.cat\/wp-content\/uploads\/2025\/12\/cruill-logo-negativo.png","width":400,"height":101,"caption":"Festival Cru\u00eflla"},"image":{"@id":"https:\/\/www.cruillabarcelona.cat\/en\/#\/schema\/logo\/image\/"}}]}},"_links":{"self":[{"href":"https:\/\/www.cruillabarcelona.cat\/en\/wp-json\/wp\/v2\/artists\/22080","targetHints":{"allow":["GET"]}}],"collection":[{"href":"https:\/\/www.cruillabarcelona.cat\/en\/wp-json\/wp\/v2\/artists"}],"about":[{"href":"https:\/\/www.cruillabarcelona.cat\/en\/wp-json\/wp\/v2\/types\/artists"}],"acf:term":[{"embeddable":true,"taxonomy":"artists_location","href":"https:\/\/www.cruillabarcelona.cat\/en\/wp-json\/wp\/v2\/artists_location\/17"},{"embeddable":true,"taxonomy":"artists_edition","href":"https:\/\/www.cruillabarcelona.cat\/en\/wp-json\/wp\/v2\/artists_edition\/729"}],"wp:featuredmedia":[{"embeddable":true,"href":"https:\/\/www.cruillabarcelona.cat\/en\/wp-json\/wp\/v2\/media\/22092"}],"wp:attachment":[{"href":"https:\/\/www.cruillabarcelona.cat\/en\/wp-json\/wp\/v2\/media?parent=22080"}],"wp:term":[{"taxonomy":"artists_edition","embeddable":true,"href":"https:\/\/www.cruillabarcelona.cat\/en\/wp-json\/wp\/v2\/artists_edition?post=22080"}],"curies":[{"name":"wp","href":"https:\/\/api.w.org\/{rel}","templated":true}]}}

<h2>The superheroes of Catalan pop</h2>
<p>You wanted it. We wanted it. You wanted it: At last, <strong>Els Pets</strong> will perform in Cruïlla! Plus, they&#8217;ll do it in a particularly sweet time of their career, just some months after releasing <strong><em>Som</em>, one of their best albums</strong> (the best one, according to some authorized voices).</p>
<p><strong>The <em>Som</em> tour has a reduced number of stops</strong> and every show is a unique event, with new anthems and with those hits that turned them into <strong>legends of Catalan music history</strong>, capable of overcoming themselves one step at a time.</p>
<p>With your <strong>Friday</strong> ticket you&#8217;ll see Els Pets and many other artists, such as <a href="https://www.cruillabarcelona.cat/en/artists/foals/" target="_blank" rel="noopener noreferrer">Foals</a>, <a href="https://www.cruillabarcelona.cat/en/artists/zaz/" target="_blank" rel="noopener noreferrer">ZAZ</a> or <a href="https://www.cruillabarcelona.cat/en/artists/garbage/" target="_blank" rel="noopener noreferrer">Garbage</a>.</p>
<hr />
<p style="text-align: center;"><em>Buy here your Friday ticket or, if you&#8217;d rather live the whole experience, get the full festival pass.</em></p>
<p style="text-align: center;"><a class="efsbutton button " target="_blank">TICKETS</a></p>
<hr />
<p><em>Som </em>is a delicate album produced by Joan Pons (El petit de Cal Eril), in which Lluís Gavaldà, Joan Reig and Falin Cáceres keep exploring the art of creating <strong>perfect pop songs</strong>. Also, they show a <strong>political compromise</strong> (<em>L&#8217;exèrcit que vindrà</em>) and they prove able of creating <strong>moving autobiographies</strong> (<em>Corvus</em>).</p>
<p>So let&#8217;s stand up and welcome this band just like they deserve it: with a <strong>big smile, eager to sing along. </strong></p>
<!-- auto-added video if acf/single-artist-video not used  --> <iframe style="width: 100%;max-width: 100%;height: auto;aspect-ratio: 16 / 9;" src="https://www.youtube-nocookie.com/embed/gf5rR_LaU8A" frameborder="0" allow="accelerometer; autoplay; encrypted-media; gyroscope; picture-in-picture" allowfullscreen></iframe>

<p style="text-align: center;">Friday, July 5 at Festival Cruïlla</p>

<!-- This site is optimized with the Yoast SEO plugin v27.5 - https://yoast.com/product/yoast-seo-wordpress/ -->
<title>Els Pets - Festival Cruïlla</title>
<meta name="robots" content="index, follow, max-snippet:-1, max-image-preview:large, max-video-preview:-1" />
<link rel="canonical" href="https://www.cruillabarcelona.cat/en/artists/els-pets/" />
<meta property="og:locale" content="en_US" />
<meta property="og:type" content="article" />
<meta property="og:title" content="Els Pets - Festival Cruïlla" />
<meta property="og:description" content="The superheroes of Catalan pop You wanted it. We wanted it. You wanted it: At last, Els Pets will perform in Cruïlla! Plus, they&#8217;ll do it [&hellip;]" />
<meta property="og:url" content="https://www.cruillabarcelona.cat/en/artists/els-pets/" />
<meta property="og:site_name" content="Festival Cruïlla" />
<meta property="article:modified_time" content="2019-05-13T11:55:23+00:00" />
<meta property="og:image" content="https://www.cruillabarcelona.cat/wp-content/uploads/2019/03/25_Els_Pets_Foto_Neta.jpg" />
	<meta property="og:image:width" content="1200" />
	<meta property="og:image:height" content="1200" />
	<meta property="og:image:type" content="image/jpeg" />
<meta name="twitter:card" content="summary_large_image" />
<meta name="twitter:label1" content="Est. reading time" />
	<meta name="twitter:data1" content="1 minute" />
<script type="application/ld+json" class="yoast-schema-graph">{"@context":"https:\/\/schema.org","@graph":[{"@type":"WebPage","@id":"https:\/\/www.cruillabarcelona.cat\/en\/artists\/els-pets\/","url":"https:\/\/www.cruillabarcelona.cat\/en\/artists\/els-pets\/","name":"Els Pets - Festival Cruïlla","isPartOf":{"@id":"https:\/\/www.cruillabarcelona.cat\/en\/#website"},"primaryImageOfPage":{"@id":"https:\/\/www.cruillabarcelona.cat\/en\/artists\/els-pets\/#primaryimage"},"image":{"@id":"https:\/\/www.cruillabarcelona.cat\/en\/artists\/els-pets\/#primaryimage"},"thumbnailUrl":"https:\/\/www.cruillabarcelona.cat\/wp-content\/uploads\/2019\/03\/25_Els_Pets_Foto_Neta.jpg","datePublished":"2019-03-07T12:18:56+00:00","dateModified":"2019-05-13T11:55:23+00:00","breadcrumb":{"@id":"https:\/\/www.cruillabarcelona.cat\/en\/artists\/els-pets\/#breadcrumb"},"inLanguage":"en-US","potentialAction":[{"@type":"ReadAction","target":["https:\/\/www.cruillabarcelona.cat\/en\/artists\/els-pets\/"]}]},{"@type":"ImageObject","inLanguage":"en-US","@id":"https:\/\/www.cruillabarcelona.cat\/en\/artists\/els-pets\/#primaryimage","url":"https:\/\/www.cruillabarcelona.cat\/wp-content\/uploads\/2019\/03\/25_Els_Pets_Foto_Neta.jpg","contentUrl":"https:\/\/www.cruillabarcelona.cat\/wp-content\/uploads\/2019\/03\/25_Els_Pets_Foto_Neta.jpg","width":1200,"height":1200,"caption":"Els Pets"},{"@type":"BreadcrumbList","@id":"https:\/\/www.cruillabarcelona.cat\/en\/artists\/els-pets\/#breadcrumb","itemListElement":[{"@type":"ListItem","position":1,"name":"Home","item":"https:\/\/www.cruillabarcelona.cat\/en\/"},{"@type":"ListItem","position":2,"name":"Els Pets"}]},{"@type":"WebSite","@id":"https:\/\/www.cruillabarcelona.cat\/en\/#website","url":"https:\/\/www.cruillabarcelona.cat\/en\/","name":"Festival Cruïlla","description":"","publisher":{"@id":"https:\/\/www.cruillabarcelona.cat\/en\/#organization"},"potentialAction":[{"@type":"SearchAction","target":{"@type":"EntryPoint","urlTemplate":"https:\/\/www.cruillabarcelona.cat\/en\/?s={search_term_string}"},"query-input":{"@type":"PropertyValueSpecification","valueRequired":true,"valueName":"search_term_string"}}],"inLanguage":"en-US"},{"@type":"Organization","@id":"https:\/\/www.cruillabarcelona.cat\/en\/#organization","name":"Festival Cruïlla","url":"https:\/\/www.cruillabarcelona.cat\/en\/","logo":{"@type":"ImageObject","inLanguage":"en-US","@id":"https:\/\/www.cruillabarcelona.cat\/en\/#\/schema\/logo\/image\/","url":"https:\/\/www.cruillabarcelona.cat\/wp-content\/uploads\/2025\/12\/cruill-logo-negativo.png","contentUrl":"https:\/\/www.cruillabarcelona.cat\/wp-content\/uploads\/2025\/12\/cruill-logo-negativo.png","width":400,"height":101,"caption":"Festival Cruïlla"},"image":{"@id":"https:\/\/www.cruillabarcelona.cat\/en\/#\/schema\/logo\/image\/"}}]}</script>
<!-- / Yoast SEO plugin. -->

Els Pets - Festival Cruïlla

The superheroes of Catalan pop You wanted it. We wanted it. You wanted it: At last, Els Pets will perform in Cruïlla! Plus, they&#8217;ll do it [&hellip;]

Festival Cruïlla
