{"id":28161,"date":"2019-11-27T13:02:32","date_gmt":"2019-11-27T11:02:32","guid":{"rendered":"https:\/\/www.cruillabarcelona.cat\/?post_type=artists&#038;p=28161"},"modified":"2022-05-06T14:03:03","modified_gmt":"2022-05-06T12:03:03","slug":"seeed","status":"publish","type":"artists","link":"https:\/\/www.cruillabarcelona.cat\/en\/artists\/seeed\/","title":{"rendered":"Seeed"},"content":{"rendered":"<h2>Seeed: the reggae of the future is now<\/h2>\n<p>We welcome back <strong>Seeed, the German giant of reggae and dancehall<\/strong> that during the last decade has spread its tentacles throughout central Europe. A band that fills stadiums not only thanks to their collection of hits, but also because <strong>their performances are overwhelming<\/strong>, <strong>audiovisual shows<\/strong> thought for thousands of people.<\/p>\n<p>The strength of their live shows is based on several reasons. On one hand, the talent of their two captains, singers <strong>Peter Fox<\/strong> and <strong>Frank Dell\u00e9<\/strong>. But, above all, the <strong>9 musicians that play with them<\/strong>: bass, keyboards, guitars, percussion, a DJ and a <strong>powerful section of winds<\/strong>.<\/p>\n<p><strong>Seeed<\/strong> started in <strong>Berl\u00edn<\/strong> in <strong>1998<\/strong>, as part of the dancehall scene that burst into the city. As years went by, the fans realised the band could go further and explore new places based on <strong>reggae<\/strong> and <strong>hip hop<\/strong>.<\/p>\n<p>We had them at Cru\u00eflla 2016 and they will be back at <strong>Cru\u00eflla 2021<\/strong>\u00a0with a new album, <em>Bam Bam<\/em>. <strong>Seeed<\/strong> was born in <strong>Berlin<\/strong> in <strong>1998<\/strong>, as a part of the dancehall scene that was arising in the city. Over the years their fans have found that the band could go beyond that and explore new places starting from <strong>reggae<\/strong> and <strong>hip hop<\/strong>.<\/p>\n<p>&nbsp;<\/p>\n<hr \/>\n<p style=\"text-align: center;\"><strong>Get your tickets now!<\/strong><\/p>\n<p style=\"text-align: center;\"><a class=\"efsbutton button \" target=\"_blank\">TICKETS<\/a><\/p>\n<p>&nbsp;<\/p>\n<!-- auto-added video if acf\/single-artist-video not used  --> <iframe style=\"width: 100%;max-width: 100%;height: auto;aspect-ratio: 16 \/ 9;\" src=\"https:\/\/www.youtube-nocookie.com\/embed\/OxAP6ieuDgI\" frameborder=\"0\" allow=\"accelerometer; autoplay; encrypted-media; gyroscope; picture-in-picture\" allowfullscreen><\/iframe>","protected":false},"featured_media":28206,"template":"","meta":{"_acf_changed":false},"artists_edition":[834],"class_list":["post-28161","artists","type-artists","status-publish","has-post-thumbnail","hentry","artists_location-estrella","artists_edition-834"],"acf":{"_thumbnail_id":28206,"youtube_player":"OxAP6ieuDgI","artist_edition":[834],"artist_date":"20220709","artist_time":"02:15","artist_time_2":"","artist_location":[20],"artist_ticket_url":"https:\/\/www.cruillabarcelona.cat\/en\/tickets","artist_ticket_status":"","artist_extra_date__show":false,"artist_extra_date_2":null,"artist_time_of_date2":"","artist_extra_date_3":null,"artist_time_of_date3":"","artist_extra_date_4":null,"artist_time_of_date4":"","artist_extra_date_5":null,"artist_time_of_date5":"","artist_date__show_month":true,"artist_sidebar_active":true,"show_in_agenda":false,"artist_sidebar__banner_img":"","artist_sidebar__banner_link":"","artist_hero_content":"Festival Cru\u00eflla 2020","artist_style":false,"artist_nationality":false,"artist_audience_age":false},"yoast_head":"<!-- This site is optimized with the Yoast SEO plugin v27.5 - https:\/\/yoast.com\/product\/yoast-seo-wordpress\/ -->\n<title>Seeed in concert at Festival Cru\u00eflla, July 9th, 2022 in Barcelona<\/title>\n<meta name=\"description\" content=\"Get now your tickets for Seeed concert at Festival Cru\u00eflla 2022, live on July 9th, 2022 at Parc del F\u00f2rum in Barcelona.\" \/>\n<meta name=\"robots\" content=\"index, follow, max-snippet:-1, max-image-preview:large, max-video-preview:-1\" \/>\n<link rel=\"canonical\" href=\"https:\/\/www.cruillabarcelona.cat\/en\/artists\/seeed\/\" \/>\n<meta property=\"og:locale\" content=\"en_US\" \/>\n<meta property=\"og:type\" content=\"article\" \/>\n<meta property=\"og:title\" content=\"Seeed in concert at Festival Cru\u00eflla, July 9th, 2022 in Barcelona\" \/>\n<meta property=\"og:description\" content=\"Get now your tickets for Seeed concert at Festival Cru\u00eflla 2022, live on July 9th, 2022 at Parc del F\u00f2rum in Barcelona.\" \/>\n<meta property=\"og:url\" content=\"https:\/\/www.cruillabarcelona.cat\/en\/artists\/seeed\/\" \/>\n<meta property=\"og:site_name\" content=\"Festival Cru\u00eflla\" \/>\n<meta property=\"article:modified_time\" content=\"2022-05-06T12:03:03+00:00\" \/>\n<meta property=\"og:image\" content=\"https:\/\/www.cruillabarcelona.cat\/wp-content\/uploads\/2019\/11\/SEEED.jpg\" \/>\n\t<meta property=\"og:image:width\" content=\"1200\" \/>\n\t<meta property=\"og:image:height\" content=\"1200\" \/>\n\t<meta property=\"og:image:type\" content=\"image\/jpeg\" \/>\n<meta name=\"twitter:card\" content=\"summary_large_image\" \/>\n<meta name=\"twitter:label1\" content=\"Est. reading time\" \/>\n\t<meta name=\"twitter:data1\" content=\"1 minute\" \/>\n<script type=\"application\/ld+json\" class=\"yoast-schema-graph\">{\"@context\":\"https:\\\/\\\/schema.org\",\"@graph\":[{\"@type\":\"WebPage\",\"@id\":\"https:\\\/\\\/www.cruillabarcelona.cat\\\/en\\\/artists\\\/seeed\\\/\",\"url\":\"https:\\\/\\\/www.cruillabarcelona.cat\\\/en\\\/artists\\\/seeed\\\/\",\"name\":\"Seeed in concert at Festival Cru\u00eflla, July 9th, 2022 in Barcelona\",\"isPartOf\":{\"@id\":\"https:\\\/\\\/www.cruillabarcelona.cat\\\/en\\\/#website\"},\"primaryImageOfPage\":{\"@id\":\"https:\\\/\\\/www.cruillabarcelona.cat\\\/en\\\/artists\\\/seeed\\\/#primaryimage\"},\"image\":{\"@id\":\"https:\\\/\\\/www.cruillabarcelona.cat\\\/en\\\/artists\\\/seeed\\\/#primaryimage\"},\"thumbnailUrl\":\"https:\\\/\\\/www.cruillabarcelona.cat\\\/wp-content\\\/uploads\\\/2019\\\/11\\\/SEEED.jpg\",\"datePublished\":\"2019-11-27T11:02:32+00:00\",\"dateModified\":\"2022-05-06T12:03:03+00:00\",\"description\":\"Get now your tickets for Seeed concert at Festival Cru\u00eflla 2022, live on July 9th, 2022 at Parc del F\u00f2rum in Barcelona.\",\"breadcrumb\":{\"@id\":\"https:\\\/\\\/www.cruillabarcelona.cat\\\/en\\\/artists\\\/seeed\\\/#breadcrumb\"},\"inLanguage\":\"en-US\",\"potentialAction\":[{\"@type\":\"ReadAction\",\"target\":[\"https:\\\/\\\/www.cruillabarcelona.cat\\\/en\\\/artists\\\/seeed\\\/\"]}]},{\"@type\":\"ImageObject\",\"inLanguage\":\"en-US\",\"@id\":\"https:\\\/\\\/www.cruillabarcelona.cat\\\/en\\\/artists\\\/seeed\\\/#primaryimage\",\"url\":\"https:\\\/\\\/www.cruillabarcelona.cat\\\/wp-content\\\/uploads\\\/2019\\\/11\\\/SEEED.jpg\",\"contentUrl\":\"https:\\\/\\\/www.cruillabarcelona.cat\\\/wp-content\\\/uploads\\\/2019\\\/11\\\/SEEED.jpg\",\"width\":1200,\"height\":1200,\"caption\":\"Seeed\"},{\"@type\":\"BreadcrumbList\",\"@id\":\"https:\\\/\\\/www.cruillabarcelona.cat\\\/en\\\/artists\\\/seeed\\\/#breadcrumb\",\"itemListElement\":[{\"@type\":\"ListItem\",\"position\":1,\"name\":\"Home\",\"item\":\"https:\\\/\\\/www.cruillabarcelona.cat\\\/en\\\/\"},{\"@type\":\"ListItem\",\"position\":2,\"name\":\"Seeed\"}]},{\"@type\":\"WebSite\",\"@id\":\"https:\\\/\\\/www.cruillabarcelona.cat\\\/en\\\/#website\",\"url\":\"https:\\\/\\\/www.cruillabarcelona.cat\\\/en\\\/\",\"name\":\"Festival Cru\u00eflla\",\"description\":\"\",\"publisher\":{\"@id\":\"https:\\\/\\\/www.cruillabarcelona.cat\\\/en\\\/#organization\"},\"potentialAction\":[{\"@type\":\"SearchAction\",\"target\":{\"@type\":\"EntryPoint\",\"urlTemplate\":\"https:\\\/\\\/www.cruillabarcelona.cat\\\/en\\\/?s={search_term_string}\"},\"query-input\":{\"@type\":\"PropertyValueSpecification\",\"valueRequired\":true,\"valueName\":\"search_term_string\"}}],\"inLanguage\":\"en-US\"},{\"@type\":\"Organization\",\"@id\":\"https:\\\/\\\/www.cruillabarcelona.cat\\\/en\\\/#organization\",\"name\":\"Festival Cru\u00eflla\",\"url\":\"https:\\\/\\\/www.cruillabarcelona.cat\\\/en\\\/\",\"logo\":{\"@type\":\"ImageObject\",\"inLanguage\":\"en-US\",\"@id\":\"https:\\\/\\\/www.cruillabarcelona.cat\\\/en\\\/#\\\/schema\\\/logo\\\/image\\\/\",\"url\":\"https:\\\/\\\/www.cruillabarcelona.cat\\\/wp-content\\\/uploads\\\/2025\\\/12\\\/cruill-logo-negativo.png\",\"contentUrl\":\"https:\\\/\\\/www.cruillabarcelona.cat\\\/wp-content\\\/uploads\\\/2025\\\/12\\\/cruill-logo-negativo.png\",\"width\":400,\"height\":101,\"caption\":\"Festival Cru\u00eflla\"},\"image\":{\"@id\":\"https:\\\/\\\/www.cruillabarcelona.cat\\\/en\\\/#\\\/schema\\\/logo\\\/image\\\/\"}}]}<\/script>\n<!-- \/ Yoast SEO plugin. -->","yoast_head_json":{"title":"Seeed in concert at Festival Cru\u00eflla, July 9th, 2022 in Barcelona","description":"Get now your tickets for Seeed concert at Festival Cru\u00eflla 2022, live on July 9th, 2022 at Parc del F\u00f2rum in Barcelona.","robots":{"index":"index","follow":"follow","max-snippet":"max-snippet:-1","max-image-preview":"max-image-preview:large","max-video-preview":"max-video-preview:-1"},"canonical":"https:\/\/www.cruillabarcelona.cat\/en\/artists\/seeed\/","og_locale":"en_US","og_type":"article","og_title":"Seeed in concert at Festival Cru\u00eflla, July 9th, 2022 in Barcelona","og_description":"Get now your tickets for Seeed concert at Festival Cru\u00eflla 2022, live on July 9th, 2022 at Parc del F\u00f2rum in Barcelona.","og_url":"https:\/\/www.cruillabarcelona.cat\/en\/artists\/seeed\/","og_site_name":"Festival Cru\u00eflla","article_modified_time":"2022-05-06T12:03:03+00:00","og_image":[{"width":1200,"height":1200,"url":"https:\/\/www.cruillabarcelona.cat\/wp-content\/uploads\/2019\/11\/SEEED.jpg","type":"image\/jpeg"}],"twitter_card":"summary_large_image","twitter_misc":{"Est. reading time":"1 minute"},"schema":{"@context":"https:\/\/schema.org","@graph":[{"@type":"WebPage","@id":"https:\/\/www.cruillabarcelona.cat\/en\/artists\/seeed\/","url":"https:\/\/www.cruillabarcelona.cat\/en\/artists\/seeed\/","name":"Seeed in concert at Festival Cru\u00eflla, July 9th, 2022 in Barcelona","isPartOf":{"@id":"https:\/\/www.cruillabarcelona.cat\/en\/#website"},"primaryImageOfPage":{"@id":"https:\/\/www.cruillabarcelona.cat\/en\/artists\/seeed\/#primaryimage"},"image":{"@id":"https:\/\/www.cruillabarcelona.cat\/en\/artists\/seeed\/#primaryimage"},"thumbnailUrl":"https:\/\/www.cruillabarcelona.cat\/wp-content\/uploads\/2019\/11\/SEEED.jpg","datePublished":"2019-11-27T11:02:32+00:00","dateModified":"2022-05-06T12:03:03+00:00","description":"Get now your tickets for Seeed concert at Festival Cru\u00eflla 2022, live on July 9th, 2022 at Parc del F\u00f2rum in Barcelona.","breadcrumb":{"@id":"https:\/\/www.cruillabarcelona.cat\/en\/artists\/seeed\/#breadcrumb"},"inLanguage":"en-US","potentialAction":[{"@type":"ReadAction","target":["https:\/\/www.cruillabarcelona.cat\/en\/artists\/seeed\/"]}]},{"@type":"ImageObject","inLanguage":"en-US","@id":"https:\/\/www.cruillabarcelona.cat\/en\/artists\/seeed\/#primaryimage","url":"https:\/\/www.cruillabarcelona.cat\/wp-content\/uploads\/2019\/11\/SEEED.jpg","contentUrl":"https:\/\/www.cruillabarcelona.cat\/wp-content\/uploads\/2019\/11\/SEEED.jpg","width":1200,"height":1200,"caption":"Seeed"},{"@type":"BreadcrumbList","@id":"https:\/\/www.cruillabarcelona.cat\/en\/artists\/seeed\/#breadcrumb","itemListElement":[{"@type":"ListItem","position":1,"name":"Home","item":"https:\/\/www.cruillabarcelona.cat\/en\/"},{"@type":"ListItem","position":2,"name":"Seeed"}]},{"@type":"WebSite","@id":"https:\/\/www.cruillabarcelona.cat\/en\/#website","url":"https:\/\/www.cruillabarcelona.cat\/en\/","name":"Festival Cru\u00eflla","description":"","publisher":{"@id":"https:\/\/www.cruillabarcelona.cat\/en\/#organization"},"potentialAction":[{"@type":"SearchAction","target":{"@type":"EntryPoint","urlTemplate":"https:\/\/www.cruillabarcelona.cat\/en\/?s={search_term_string}"},"query-input":{"@type":"PropertyValueSpecification","valueRequired":true,"valueName":"search_term_string"}}],"inLanguage":"en-US"},{"@type":"Organization","@id":"https:\/\/www.cruillabarcelona.cat\/en\/#organization","name":"Festival Cru\u00eflla","url":"https:\/\/www.cruillabarcelona.cat\/en\/","logo":{"@type":"ImageObject","inLanguage":"en-US","@id":"https:\/\/www.cruillabarcelona.cat\/en\/#\/schema\/logo\/image\/","url":"https:\/\/www.cruillabarcelona.cat\/wp-content\/uploads\/2025\/12\/cruill-logo-negativo.png","contentUrl":"https:\/\/www.cruillabarcelona.cat\/wp-content\/uploads\/2025\/12\/cruill-logo-negativo.png","width":400,"height":101,"caption":"Festival Cru\u00eflla"},"image":{"@id":"https:\/\/www.cruillabarcelona.cat\/en\/#\/schema\/logo\/image\/"}}]}},"_links":{"self":[{"href":"https:\/\/www.cruillabarcelona.cat\/en\/wp-json\/wp\/v2\/artists\/28161","targetHints":{"allow":["GET"]}}],"collection":[{"href":"https:\/\/www.cruillabarcelona.cat\/en\/wp-json\/wp\/v2\/artists"}],"about":[{"href":"https:\/\/www.cruillabarcelona.cat\/en\/wp-json\/wp\/v2\/types\/artists"}],"acf:term":[{"embeddable":true,"taxonomy":"artists_location","href":"https:\/\/www.cruillabarcelona.cat\/en\/wp-json\/wp\/v2\/artists_location\/20"},{"embeddable":true,"taxonomy":"artists_edition","href":"https:\/\/www.cruillabarcelona.cat\/en\/wp-json\/wp\/v2\/artists_edition\/834"}],"wp:featuredmedia":[{"embeddable":true,"href":"https:\/\/www.cruillabarcelona.cat\/en\/wp-json\/wp\/v2\/media\/28206"}],"wp:attachment":[{"href":"https:\/\/www.cruillabarcelona.cat\/en\/wp-json\/wp\/v2\/media?parent=28161"}],"wp:term":[{"taxonomy":"artists_edition","embeddable":true,"href":"https:\/\/www.cruillabarcelona.cat\/en\/wp-json\/wp\/v2\/artists_edition?post=28161"}],"curies":[{"name":"wp","href":"https:\/\/api.w.org\/{rel}","templated":true}]}}

<h2>Seeed: the reggae of the future is now</h2>
<p>We welcome back <strong>Seeed, the German giant of reggae and dancehall</strong> that during the last decade has spread its tentacles throughout central Europe. A band that fills stadiums not only thanks to their collection of hits, but also because <strong>their performances are overwhelming</strong>, <strong>audiovisual shows</strong> thought for thousands of people.</p>
<p>The strength of their live shows is based on several reasons. On one hand, the talent of their two captains, singers <strong>Peter Fox</strong> and <strong>Frank Dellé</strong>. But, above all, the <strong>9 musicians that play with them</strong>: bass, keyboards, guitars, percussion, a DJ and a <strong>powerful section of winds</strong>.</p>
<p><strong>Seeed</strong> started in <strong>Berlín</strong> in <strong>1998</strong>, as part of the dancehall scene that burst into the city. As years went by, the fans realised the band could go further and explore new places based on <strong>reggae</strong> and <strong>hip hop</strong>.</p>
<p>We had them at Cruïlla 2016 and they will be back at <strong>Cruïlla 2021</strong> with a new album, <em>Bam Bam</em>. <strong>Seeed</strong> was born in <strong>Berlin</strong> in <strong>1998</strong>, as a part of the dancehall scene that was arising in the city. Over the years their fans have found that the band could go beyond that and explore new places starting from <strong>reggae</strong> and <strong>hip hop</strong>.</p>
<p>&nbsp;</p>
<hr />
<p style="text-align: center;"><strong>Get your tickets now!</strong></p>
<p style="text-align: center;"><a class="efsbutton button " target="_blank">TICKETS</a></p>
<p>&nbsp;</p>
<!-- auto-added video if acf/single-artist-video not used  --> <iframe style="width: 100%;max-width: 100%;height: auto;aspect-ratio: 16 / 9;" src="https://www.youtube-nocookie.com/embed/OxAP6ieuDgI" frameborder="0" allow="accelerometer; autoplay; encrypted-media; gyroscope; picture-in-picture" allowfullscreen></iframe>

Festival Cruïlla 2020

<!-- This site is optimized with the Yoast SEO plugin v27.5 - https://yoast.com/product/yoast-seo-wordpress/ -->
<title>Seeed in concert at Festival Cruïlla, July 9th, 2022 in Barcelona</title>
<meta name="description" content="Get now your tickets for Seeed concert at Festival Cruïlla 2022, live on July 9th, 2022 at Parc del Fòrum in Barcelona." />
<meta name="robots" content="index, follow, max-snippet:-1, max-image-preview:large, max-video-preview:-1" />
<link rel="canonical" href="https://www.cruillabarcelona.cat/en/artists/seeed/" />
<meta property="og:locale" content="en_US" />
<meta property="og:type" content="article" />
<meta property="og:title" content="Seeed in concert at Festival Cruïlla, July 9th, 2022 in Barcelona" />
<meta property="og:description" content="Get now your tickets for Seeed concert at Festival Cruïlla 2022, live on July 9th, 2022 at Parc del Fòrum in Barcelona." />
<meta property="og:url" content="https://www.cruillabarcelona.cat/en/artists/seeed/" />
<meta property="og:site_name" content="Festival Cruïlla" />
<meta property="article:modified_time" content="2022-05-06T12:03:03+00:00" />
<meta property="og:image" content="https://www.cruillabarcelona.cat/wp-content/uploads/2019/11/SEEED.jpg" />
	<meta property="og:image:width" content="1200" />
	<meta property="og:image:height" content="1200" />
	<meta property="og:image:type" content="image/jpeg" />
<meta name="twitter:card" content="summary_large_image" />
<meta name="twitter:label1" content="Est. reading time" />
	<meta name="twitter:data1" content="1 minute" />
<script type="application/ld+json" class="yoast-schema-graph">{"@context":"https:\/\/schema.org","@graph":[{"@type":"WebPage","@id":"https:\/\/www.cruillabarcelona.cat\/en\/artists\/seeed\/","url":"https:\/\/www.cruillabarcelona.cat\/en\/artists\/seeed\/","name":"Seeed in concert at Festival Cruïlla, July 9th, 2022 in Barcelona","isPartOf":{"@id":"https:\/\/www.cruillabarcelona.cat\/en\/#website"},"primaryImageOfPage":{"@id":"https:\/\/www.cruillabarcelona.cat\/en\/artists\/seeed\/#primaryimage"},"image":{"@id":"https:\/\/www.cruillabarcelona.cat\/en\/artists\/seeed\/#primaryimage"},"thumbnailUrl":"https:\/\/www.cruillabarcelona.cat\/wp-content\/uploads\/2019\/11\/SEEED.jpg","datePublished":"2019-11-27T11:02:32+00:00","dateModified":"2022-05-06T12:03:03+00:00","description":"Get now your tickets for Seeed concert at Festival Cruïlla 2022, live on July 9th, 2022 at Parc del Fòrum in Barcelona.","breadcrumb":{"@id":"https:\/\/www.cruillabarcelona.cat\/en\/artists\/seeed\/#breadcrumb"},"inLanguage":"en-US","potentialAction":[{"@type":"ReadAction","target":["https:\/\/www.cruillabarcelona.cat\/en\/artists\/seeed\/"]}]},{"@type":"ImageObject","inLanguage":"en-US","@id":"https:\/\/www.cruillabarcelona.cat\/en\/artists\/seeed\/#primaryimage","url":"https:\/\/www.cruillabarcelona.cat\/wp-content\/uploads\/2019\/11\/SEEED.jpg","contentUrl":"https:\/\/www.cruillabarcelona.cat\/wp-content\/uploads\/2019\/11\/SEEED.jpg","width":1200,"height":1200,"caption":"Seeed"},{"@type":"BreadcrumbList","@id":"https:\/\/www.cruillabarcelona.cat\/en\/artists\/seeed\/#breadcrumb","itemListElement":[{"@type":"ListItem","position":1,"name":"Home","item":"https:\/\/www.cruillabarcelona.cat\/en\/"},{"@type":"ListItem","position":2,"name":"Seeed"}]},{"@type":"WebSite","@id":"https:\/\/www.cruillabarcelona.cat\/en\/#website","url":"https:\/\/www.cruillabarcelona.cat\/en\/","name":"Festival Cruïlla","description":"","publisher":{"@id":"https:\/\/www.cruillabarcelona.cat\/en\/#organization"},"potentialAction":[{"@type":"SearchAction","target":{"@type":"EntryPoint","urlTemplate":"https:\/\/www.cruillabarcelona.cat\/en\/?s={search_term_string}"},"query-input":{"@type":"PropertyValueSpecification","valueRequired":true,"valueName":"search_term_string"}}],"inLanguage":"en-US"},{"@type":"Organization","@id":"https:\/\/www.cruillabarcelona.cat\/en\/#organization","name":"Festival Cruïlla","url":"https:\/\/www.cruillabarcelona.cat\/en\/","logo":{"@type":"ImageObject","inLanguage":"en-US","@id":"https:\/\/www.cruillabarcelona.cat\/en\/#\/schema\/logo\/image\/","url":"https:\/\/www.cruillabarcelona.cat\/wp-content\/uploads\/2025\/12\/cruill-logo-negativo.png","contentUrl":"https:\/\/www.cruillabarcelona.cat\/wp-content\/uploads\/2025\/12\/cruill-logo-negativo.png","width":400,"height":101,"caption":"Festival Cruïlla"},"image":{"@id":"https:\/\/www.cruillabarcelona.cat\/en\/#\/schema\/logo\/image\/"}}]}</script>
<!-- / Yoast SEO plugin. -->

Seeed in concert at Festival Cruïlla, July 9th, 2022 in Barcelona

Get now your tickets for Seeed concert at Festival Cruïlla 2022, live on July 9th, 2022 at Parc del Fòrum in Barcelona.

Festival Cruïlla
