{"id":35885,"date":"2021-03-11T12:54:20","date_gmt":"2021-03-11T10:54:20","guid":{"rendered":"https:\/\/www.cruillabarcelona.cat\/?post_type=artists&#038;p=35885"},"modified":"2021-06-15T12:28:22","modified_gmt":"2021-06-15T10:28:22","slug":"natos-y-waor-2021","status":"publish","type":"artists","link":"https:\/\/www.cruillabarcelona.cat\/en\/artists\/natos-y-waor-2021\/","title":{"rendered":"Natos y Waor"},"content":{"rendered":"<h2 style=\"text-align: center;\">\u00a1Nueva fecha: 8 de julio en el Festival Cru\u00eflla!<\/h2>\n<p style=\"text-align: center;\">Como medida preventiva, el concierto de Natos y Waor previsto para el 9 de abril en el Sant Jordi Club finalmente se celebrar\u00e1 el <strong>jueves<\/strong> <strong>8<\/strong> <strong>de julio de 2021<\/strong>\u00a0en el <strong>Festival Cru\u00eflla<\/strong>. Si ya ten\u00edas tu entrada, puedes utilizarla como una entrada del jueves en el Cru\u00eflla 2021.<\/p>\n<h2>Los reyes del rap espa\u00f1ol siguen imparables<\/h2>\n<p>Letras crudas, descaradas y sin pelos en la lengua: <strong>Natos y Waor<\/strong> son EL d\u00fao de rap espa\u00f1ol de los \u00faltimos a\u00f1os. <strong>Abanderados de la transformaci\u00f3n de la industria musical<\/strong>, han marcado sus propias normas sin olvidar sus principios, y han acabado rompiendo todas las listas sin ninguna multinacional detr\u00e1s.<\/p>\n<p>Las rimas de Natos y Waor nacieron en el barrio madrile\u00f1o de Aluche y <strong>han acabado llenando estadios<\/strong>. En el Festival Cru\u00eflla comprobamos su capacidad de convocatoria, en un concierto donde miles de personas corearon sus canciones.<\/p>\n<p>\u00a1El pr\u00f3ximo <strong>8 de julio de 2021<\/strong>, Natos y Waor vuelven al Cru\u00eflla!\u00a0Consigue tu entrada ahora, porque van a volar.<\/p>\n<hr \/>\n<h5 style=\"text-align: center;\">Compra aqu\u00ed tu entrada para el jueves 8 de julio en el Cru\u00eflla<em><br \/>\n<\/em><\/h5>\n<p style=\"text-align: center;\"><a class=\"efsbutton button \" target=\"_blank\">ENTRADAS<\/a><\/p>\n<hr \/>\n<p>Natos y Waor han conseguido recorrer el camino <strong>desde el underground hacia el mainstream<\/strong> manteniendo la misma actitud que siempre les ha caracterizado.<\/p>\n<p>Los n\u00fameros los avalan. Su n\u00famero de seguidores en redes sociales es sorprendente y crece d\u00eda a d\u00eda, igual que las <strong>reproducciones de sus videoclips<\/strong>. Algunos superan ya las 5 millones de visualizaciones, y entre todos suman m\u00e1s de 80 millones.<\/p>\n<p>Con su \u00faltimo \u00e1lbum dieron <strong>100 conciertos por toda Espa\u00f1a<\/strong>, en los que vendieron m\u00e1s de 50.000 entradas.<\/p>\n<!-- auto-added video if acf\/single-artist-video not used  --> <iframe style=\"width: 100%;max-width: 100%;height: auto;aspect-ratio: 16 \/ 9;\" src=\"https:\/\/www.youtube-nocookie.com\/embed\/BmGCxHX4lg\" frameborder=\"0\" allow=\"accelerometer; autoplay; encrypted-media; gyroscope; picture-in-picture\" allowfullscreen><\/iframe>","protected":false},"featured_media":35973,"template":"","meta":{"_acf_changed":false},"artists_edition":[794],"class_list":["post-35885","artists","type-artists","status-publish","has-post-thumbnail","hentry","artists_location-cruilla-enamora","artists_edition-794"],"acf":{"_thumbnail_id":35973,"youtube_player":"BmGCxHX4lg","artist_edition":[794],"artist_date":"20210708","artist_time":"21:45","artist_time_2":"","artist_location":[590],"artist_ticket_url":"https:\/\/www.cruillabarcelona.cat\/en\/tickets\/","artist_ticket_status":"","artist_extra_date__show":false,"artist_extra_date_2":null,"artist_time_of_date2":"","artist_extra_date_3":null,"artist_time_of_date3":"","artist_extra_date_4":null,"artist_time_of_date4":"","artist_extra_date_5":null,"artist_time_of_date5":"","artist_date__show_month":true,"artist_sidebar_active":false,"show_in_agenda":false,"artist_sidebar__banner_img":null,"artist_sidebar__banner_link":"","artist_hero_content":"Cru\u00eflla 2021","artist_style":false,"artist_nationality":false,"artist_audience_age":false},"yoast_head":"<!-- This site is optimized with the Yoast SEO plugin v27.5 - https:\/\/yoast.com\/product\/yoast-seo-wordpress\/ -->\n<title>Natos y Waor - Festival Cru\u00eflla<\/title>\n<meta name=\"robots\" content=\"index, follow, max-snippet:-1, max-image-preview:large, max-video-preview:-1\" \/>\n<link rel=\"canonical\" href=\"https:\/\/www.cruillabarcelona.cat\/en\/artists\/natos-y-waor-2021\/\" \/>\n<meta property=\"og:locale\" content=\"en_US\" \/>\n<meta property=\"og:type\" content=\"article\" \/>\n<meta property=\"og:title\" content=\"Natos y Waor - Festival Cru\u00eflla\" \/>\n<meta property=\"og:description\" content=\"\u00a1Nueva fecha: 8 de julio en el Festival Cru\u00eflla! Como medida preventiva, el concierto de Natos y Waor previsto para el 9 de abril en el [&hellip;]\" \/>\n<meta property=\"og:url\" content=\"https:\/\/www.cruillabarcelona.cat\/en\/artists\/natos-y-waor-2021\/\" \/>\n<meta property=\"og:site_name\" content=\"Festival Cru\u00eflla\" \/>\n<meta property=\"article:modified_time\" content=\"2021-06-15T10:28:22+00:00\" \/>\n<meta property=\"og:image\" content=\"https:\/\/www.cruillabarcelona.cat\/wp-content\/uploads\/2021\/03\/NatosyWaor_Web.jpg\" \/>\n\t<meta property=\"og:image:width\" content=\"800\" \/>\n\t<meta property=\"og:image:height\" content=\"800\" \/>\n\t<meta property=\"og:image:type\" content=\"image\/jpeg\" \/>\n<meta name=\"twitter:card\" content=\"summary_large_image\" \/>\n<meta name=\"twitter:label1\" content=\"Est. reading time\" \/>\n\t<meta name=\"twitter:data1\" content=\"2 minutes\" \/>\n<script type=\"application\/ld+json\" class=\"yoast-schema-graph\">{\"@context\":\"https:\\\/\\\/schema.org\",\"@graph\":[{\"@type\":\"WebPage\",\"@id\":\"https:\\\/\\\/www.cruillabarcelona.cat\\\/en\\\/artists\\\/natos-y-waor-2021\\\/\",\"url\":\"https:\\\/\\\/www.cruillabarcelona.cat\\\/en\\\/artists\\\/natos-y-waor-2021\\\/\",\"name\":\"Natos y Waor - Festival Cru\u00eflla\",\"isPartOf\":{\"@id\":\"https:\\\/\\\/www.cruillabarcelona.cat\\\/en\\\/#website\"},\"primaryImageOfPage\":{\"@id\":\"https:\\\/\\\/www.cruillabarcelona.cat\\\/en\\\/artists\\\/natos-y-waor-2021\\\/#primaryimage\"},\"image\":{\"@id\":\"https:\\\/\\\/www.cruillabarcelona.cat\\\/en\\\/artists\\\/natos-y-waor-2021\\\/#primaryimage\"},\"thumbnailUrl\":\"https:\\\/\\\/www.cruillabarcelona.cat\\\/wp-content\\\/uploads\\\/2021\\\/03\\\/NatosyWaor_Web.jpg\",\"datePublished\":\"2021-03-11T10:54:20+00:00\",\"dateModified\":\"2021-06-15T10:28:22+00:00\",\"breadcrumb\":{\"@id\":\"https:\\\/\\\/www.cruillabarcelona.cat\\\/en\\\/artists\\\/natos-y-waor-2021\\\/#breadcrumb\"},\"inLanguage\":\"en-US\",\"potentialAction\":[{\"@type\":\"ReadAction\",\"target\":[\"https:\\\/\\\/www.cruillabarcelona.cat\\\/en\\\/artists\\\/natos-y-waor-2021\\\/\"]}]},{\"@type\":\"ImageObject\",\"inLanguage\":\"en-US\",\"@id\":\"https:\\\/\\\/www.cruillabarcelona.cat\\\/en\\\/artists\\\/natos-y-waor-2021\\\/#primaryimage\",\"url\":\"https:\\\/\\\/www.cruillabarcelona.cat\\\/wp-content\\\/uploads\\\/2021\\\/03\\\/NatosyWaor_Web.jpg\",\"contentUrl\":\"https:\\\/\\\/www.cruillabarcelona.cat\\\/wp-content\\\/uploads\\\/2021\\\/03\\\/NatosyWaor_Web.jpg\",\"width\":800,\"height\":800},{\"@type\":\"BreadcrumbList\",\"@id\":\"https:\\\/\\\/www.cruillabarcelona.cat\\\/en\\\/artists\\\/natos-y-waor-2021\\\/#breadcrumb\",\"itemListElement\":[{\"@type\":\"ListItem\",\"position\":1,\"name\":\"Home\",\"item\":\"https:\\\/\\\/www.cruillabarcelona.cat\\\/en\\\/\"},{\"@type\":\"ListItem\",\"position\":2,\"name\":\"Natos y Waor\"}]},{\"@type\":\"WebSite\",\"@id\":\"https:\\\/\\\/www.cruillabarcelona.cat\\\/en\\\/#website\",\"url\":\"https:\\\/\\\/www.cruillabarcelona.cat\\\/en\\\/\",\"name\":\"Festival Cru\u00eflla\",\"description\":\"\",\"publisher\":{\"@id\":\"https:\\\/\\\/www.cruillabarcelona.cat\\\/en\\\/#organization\"},\"potentialAction\":[{\"@type\":\"SearchAction\",\"target\":{\"@type\":\"EntryPoint\",\"urlTemplate\":\"https:\\\/\\\/www.cruillabarcelona.cat\\\/en\\\/?s={search_term_string}\"},\"query-input\":{\"@type\":\"PropertyValueSpecification\",\"valueRequired\":true,\"valueName\":\"search_term_string\"}}],\"inLanguage\":\"en-US\"},{\"@type\":\"Organization\",\"@id\":\"https:\\\/\\\/www.cruillabarcelona.cat\\\/en\\\/#organization\",\"name\":\"Festival Cru\u00eflla\",\"url\":\"https:\\\/\\\/www.cruillabarcelona.cat\\\/en\\\/\",\"logo\":{\"@type\":\"ImageObject\",\"inLanguage\":\"en-US\",\"@id\":\"https:\\\/\\\/www.cruillabarcelona.cat\\\/en\\\/#\\\/schema\\\/logo\\\/image\\\/\",\"url\":\"https:\\\/\\\/www.cruillabarcelona.cat\\\/wp-content\\\/uploads\\\/2025\\\/12\\\/cruill-logo-negativo.png\",\"contentUrl\":\"https:\\\/\\\/www.cruillabarcelona.cat\\\/wp-content\\\/uploads\\\/2025\\\/12\\\/cruill-logo-negativo.png\",\"width\":400,\"height\":101,\"caption\":\"Festival Cru\u00eflla\"},\"image\":{\"@id\":\"https:\\\/\\\/www.cruillabarcelona.cat\\\/en\\\/#\\\/schema\\\/logo\\\/image\\\/\"}}]}<\/script>\n<!-- \/ Yoast SEO plugin. -->","yoast_head_json":{"title":"Natos y Waor - Festival Cru\u00eflla","robots":{"index":"index","follow":"follow","max-snippet":"max-snippet:-1","max-image-preview":"max-image-preview:large","max-video-preview":"max-video-preview:-1"},"canonical":"https:\/\/www.cruillabarcelona.cat\/en\/artists\/natos-y-waor-2021\/","og_locale":"en_US","og_type":"article","og_title":"Natos y Waor - Festival Cru\u00eflla","og_description":"\u00a1Nueva fecha: 8 de julio en el Festival Cru\u00eflla! Como medida preventiva, el concierto de Natos y Waor previsto para el 9 de abril en el [&hellip;]","og_url":"https:\/\/www.cruillabarcelona.cat\/en\/artists\/natos-y-waor-2021\/","og_site_name":"Festival Cru\u00eflla","article_modified_time":"2021-06-15T10:28:22+00:00","og_image":[{"width":800,"height":800,"url":"https:\/\/www.cruillabarcelona.cat\/wp-content\/uploads\/2021\/03\/NatosyWaor_Web.jpg","type":"image\/jpeg"}],"twitter_card":"summary_large_image","twitter_misc":{"Est. reading time":"2 minutes"},"schema":{"@context":"https:\/\/schema.org","@graph":[{"@type":"WebPage","@id":"https:\/\/www.cruillabarcelona.cat\/en\/artists\/natos-y-waor-2021\/","url":"https:\/\/www.cruillabarcelona.cat\/en\/artists\/natos-y-waor-2021\/","name":"Natos y Waor - Festival Cru\u00eflla","isPartOf":{"@id":"https:\/\/www.cruillabarcelona.cat\/en\/#website"},"primaryImageOfPage":{"@id":"https:\/\/www.cruillabarcelona.cat\/en\/artists\/natos-y-waor-2021\/#primaryimage"},"image":{"@id":"https:\/\/www.cruillabarcelona.cat\/en\/artists\/natos-y-waor-2021\/#primaryimage"},"thumbnailUrl":"https:\/\/www.cruillabarcelona.cat\/wp-content\/uploads\/2021\/03\/NatosyWaor_Web.jpg","datePublished":"2021-03-11T10:54:20+00:00","dateModified":"2021-06-15T10:28:22+00:00","breadcrumb":{"@id":"https:\/\/www.cruillabarcelona.cat\/en\/artists\/natos-y-waor-2021\/#breadcrumb"},"inLanguage":"en-US","potentialAction":[{"@type":"ReadAction","target":["https:\/\/www.cruillabarcelona.cat\/en\/artists\/natos-y-waor-2021\/"]}]},{"@type":"ImageObject","inLanguage":"en-US","@id":"https:\/\/www.cruillabarcelona.cat\/en\/artists\/natos-y-waor-2021\/#primaryimage","url":"https:\/\/www.cruillabarcelona.cat\/wp-content\/uploads\/2021\/03\/NatosyWaor_Web.jpg","contentUrl":"https:\/\/www.cruillabarcelona.cat\/wp-content\/uploads\/2021\/03\/NatosyWaor_Web.jpg","width":800,"height":800},{"@type":"BreadcrumbList","@id":"https:\/\/www.cruillabarcelona.cat\/en\/artists\/natos-y-waor-2021\/#breadcrumb","itemListElement":[{"@type":"ListItem","position":1,"name":"Home","item":"https:\/\/www.cruillabarcelona.cat\/en\/"},{"@type":"ListItem","position":2,"name":"Natos y Waor"}]},{"@type":"WebSite","@id":"https:\/\/www.cruillabarcelona.cat\/en\/#website","url":"https:\/\/www.cruillabarcelona.cat\/en\/","name":"Festival Cru\u00eflla","description":"","publisher":{"@id":"https:\/\/www.cruillabarcelona.cat\/en\/#organization"},"potentialAction":[{"@type":"SearchAction","target":{"@type":"EntryPoint","urlTemplate":"https:\/\/www.cruillabarcelona.cat\/en\/?s={search_term_string}"},"query-input":{"@type":"PropertyValueSpecification","valueRequired":true,"valueName":"search_term_string"}}],"inLanguage":"en-US"},{"@type":"Organization","@id":"https:\/\/www.cruillabarcelona.cat\/en\/#organization","name":"Festival Cru\u00eflla","url":"https:\/\/www.cruillabarcelona.cat\/en\/","logo":{"@type":"ImageObject","inLanguage":"en-US","@id":"https:\/\/www.cruillabarcelona.cat\/en\/#\/schema\/logo\/image\/","url":"https:\/\/www.cruillabarcelona.cat\/wp-content\/uploads\/2025\/12\/cruill-logo-negativo.png","contentUrl":"https:\/\/www.cruillabarcelona.cat\/wp-content\/uploads\/2025\/12\/cruill-logo-negativo.png","width":400,"height":101,"caption":"Festival Cru\u00eflla"},"image":{"@id":"https:\/\/www.cruillabarcelona.cat\/en\/#\/schema\/logo\/image\/"}}]}},"_links":{"self":[{"href":"https:\/\/www.cruillabarcelona.cat\/en\/wp-json\/wp\/v2\/artists\/35885","targetHints":{"allow":["GET"]}}],"collection":[{"href":"https:\/\/www.cruillabarcelona.cat\/en\/wp-json\/wp\/v2\/artists"}],"about":[{"href":"https:\/\/www.cruillabarcelona.cat\/en\/wp-json\/wp\/v2\/types\/artists"}],"acf:term":[{"embeddable":true,"taxonomy":"artists_location","href":"https:\/\/www.cruillabarcelona.cat\/en\/wp-json\/wp\/v2\/artists_location\/590"},{"embeddable":true,"taxonomy":"artists_edition","href":"https:\/\/www.cruillabarcelona.cat\/en\/wp-json\/wp\/v2\/artists_edition\/794"}],"wp:featuredmedia":[{"embeddable":true,"href":"https:\/\/www.cruillabarcelona.cat\/en\/wp-json\/wp\/v2\/media\/35973"}],"wp:attachment":[{"href":"https:\/\/www.cruillabarcelona.cat\/en\/wp-json\/wp\/v2\/media?parent=35885"}],"wp:term":[{"taxonomy":"artists_edition","embeddable":true,"href":"https:\/\/www.cruillabarcelona.cat\/en\/wp-json\/wp\/v2\/artists_edition?post=35885"}],"curies":[{"name":"wp","href":"https:\/\/api.w.org\/{rel}","templated":true}]}}

<h2 style="text-align: center;">¡Nueva fecha: 8 de julio en el Festival Cruïlla!</h2>
<p style="text-align: center;">Como medida preventiva, el concierto de Natos y Waor previsto para el 9 de abril en el Sant Jordi Club finalmente se celebrará el <strong>jueves</strong> <strong>8</strong> <strong>de julio de 2021</strong> en el <strong>Festival Cruïlla</strong>. Si ya tenías tu entrada, puedes utilizarla como una entrada del jueves en el Cruïlla 2021.</p>
<h2>Los reyes del rap español siguen imparables</h2>
<p>Letras crudas, descaradas y sin pelos en la lengua: <strong>Natos y Waor</strong> son EL dúo de rap español de los últimos años. <strong>Abanderados de la transformación de la industria musical</strong>, han marcado sus propias normas sin olvidar sus principios, y han acabado rompiendo todas las listas sin ninguna multinacional detrás.</p>
<p>Las rimas de Natos y Waor nacieron en el barrio madrileño de Aluche y <strong>han acabado llenando estadios</strong>. En el Festival Cruïlla comprobamos su capacidad de convocatoria, en un concierto donde miles de personas corearon sus canciones.</p>
<p>¡El próximo <strong>8 de julio de 2021</strong>, Natos y Waor vuelven al Cruïlla! Consigue tu entrada ahora, porque van a volar.</p>
<hr />
<h5 style="text-align: center;">Compra aquí tu entrada para el jueves 8 de julio en el Cruïlla<em><br />
</em></h5>
<p style="text-align: center;"><a class="efsbutton button " target="_blank">ENTRADAS</a></p>
<hr />
<p>Natos y Waor han conseguido recorrer el camino <strong>desde el underground hacia el mainstream</strong> manteniendo la misma actitud que siempre les ha caracterizado.</p>
<p>Los números los avalan. Su número de seguidores en redes sociales es sorprendente y crece día a día, igual que las <strong>reproducciones de sus videoclips</strong>. Algunos superan ya las 5 millones de visualizaciones, y entre todos suman más de 80 millones.</p>
<p>Con su último álbum dieron <strong>100 conciertos por toda España</strong>, en los que vendieron más de 50.000 entradas.</p>
<!-- auto-added video if acf/single-artist-video not used  --> <iframe style="width: 100%;max-width: 100%;height: auto;aspect-ratio: 16 / 9;" src="https://www.youtube-nocookie.com/embed/BmGCxHX4lg" frameborder="0" allow="accelerometer; autoplay; encrypted-media; gyroscope; picture-in-picture" allowfullscreen></iframe>

Cruïlla 2021

<!-- This site is optimized with the Yoast SEO plugin v27.5 - https://yoast.com/product/yoast-seo-wordpress/ -->
<title>Natos y Waor - Festival Cruïlla</title>
<meta name="robots" content="index, follow, max-snippet:-1, max-image-preview:large, max-video-preview:-1" />
<link rel="canonical" href="https://www.cruillabarcelona.cat/en/artists/natos-y-waor-2021/" />
<meta property="og:locale" content="en_US" />
<meta property="og:type" content="article" />
<meta property="og:title" content="Natos y Waor - Festival Cruïlla" />
<meta property="og:description" content="¡Nueva fecha: 8 de julio en el Festival Cruïlla! Como medida preventiva, el concierto de Natos y Waor previsto para el 9 de abril en el [&hellip;]" />
<meta property="og:url" content="https://www.cruillabarcelona.cat/en/artists/natos-y-waor-2021/" />
<meta property="og:site_name" content="Festival Cruïlla" />
<meta property="article:modified_time" content="2021-06-15T10:28:22+00:00" />
<meta property="og:image" content="https://www.cruillabarcelona.cat/wp-content/uploads/2021/03/NatosyWaor_Web.jpg" />
	<meta property="og:image:width" content="800" />
	<meta property="og:image:height" content="800" />
	<meta property="og:image:type" content="image/jpeg" />
<meta name="twitter:card" content="summary_large_image" />
<meta name="twitter:label1" content="Est. reading time" />
	<meta name="twitter:data1" content="2 minutes" />
<script type="application/ld+json" class="yoast-schema-graph">{"@context":"https:\/\/schema.org","@graph":[{"@type":"WebPage","@id":"https:\/\/www.cruillabarcelona.cat\/en\/artists\/natos-y-waor-2021\/","url":"https:\/\/www.cruillabarcelona.cat\/en\/artists\/natos-y-waor-2021\/","name":"Natos y Waor - Festival Cruïlla","isPartOf":{"@id":"https:\/\/www.cruillabarcelona.cat\/en\/#website"},"primaryImageOfPage":{"@id":"https:\/\/www.cruillabarcelona.cat\/en\/artists\/natos-y-waor-2021\/#primaryimage"},"image":{"@id":"https:\/\/www.cruillabarcelona.cat\/en\/artists\/natos-y-waor-2021\/#primaryimage"},"thumbnailUrl":"https:\/\/www.cruillabarcelona.cat\/wp-content\/uploads\/2021\/03\/NatosyWaor_Web.jpg","datePublished":"2021-03-11T10:54:20+00:00","dateModified":"2021-06-15T10:28:22+00:00","breadcrumb":{"@id":"https:\/\/www.cruillabarcelona.cat\/en\/artists\/natos-y-waor-2021\/#breadcrumb"},"inLanguage":"en-US","potentialAction":[{"@type":"ReadAction","target":["https:\/\/www.cruillabarcelona.cat\/en\/artists\/natos-y-waor-2021\/"]}]},{"@type":"ImageObject","inLanguage":"en-US","@id":"https:\/\/www.cruillabarcelona.cat\/en\/artists\/natos-y-waor-2021\/#primaryimage","url":"https:\/\/www.cruillabarcelona.cat\/wp-content\/uploads\/2021\/03\/NatosyWaor_Web.jpg","contentUrl":"https:\/\/www.cruillabarcelona.cat\/wp-content\/uploads\/2021\/03\/NatosyWaor_Web.jpg","width":800,"height":800},{"@type":"BreadcrumbList","@id":"https:\/\/www.cruillabarcelona.cat\/en\/artists\/natos-y-waor-2021\/#breadcrumb","itemListElement":[{"@type":"ListItem","position":1,"name":"Home","item":"https:\/\/www.cruillabarcelona.cat\/en\/"},{"@type":"ListItem","position":2,"name":"Natos y Waor"}]},{"@type":"WebSite","@id":"https:\/\/www.cruillabarcelona.cat\/en\/#website","url":"https:\/\/www.cruillabarcelona.cat\/en\/","name":"Festival Cruïlla","description":"","publisher":{"@id":"https:\/\/www.cruillabarcelona.cat\/en\/#organization"},"potentialAction":[{"@type":"SearchAction","target":{"@type":"EntryPoint","urlTemplate":"https:\/\/www.cruillabarcelona.cat\/en\/?s={search_term_string}"},"query-input":{"@type":"PropertyValueSpecification","valueRequired":true,"valueName":"search_term_string"}}],"inLanguage":"en-US"},{"@type":"Organization","@id":"https:\/\/www.cruillabarcelona.cat\/en\/#organization","name":"Festival Cruïlla","url":"https:\/\/www.cruillabarcelona.cat\/en\/","logo":{"@type":"ImageObject","inLanguage":"en-US","@id":"https:\/\/www.cruillabarcelona.cat\/en\/#\/schema\/logo\/image\/","url":"https:\/\/www.cruillabarcelona.cat\/wp-content\/uploads\/2025\/12\/cruill-logo-negativo.png","contentUrl":"https:\/\/www.cruillabarcelona.cat\/wp-content\/uploads\/2025\/12\/cruill-logo-negativo.png","width":400,"height":101,"caption":"Festival Cruïlla"},"image":{"@id":"https:\/\/www.cruillabarcelona.cat\/en\/#\/schema\/logo\/image\/"}}]}</script>
<!-- / Yoast SEO plugin. -->

Natos y Waor - Festival Cruïlla

¡Nueva fecha: 8 de julio en el Festival Cruïlla! Como medida preventiva, el concierto de Natos y Waor previsto para el 9 de abril en el [&hellip;]

Festival Cruïlla
