{"id":39781,"date":"2021-11-24T12:58:04","date_gmt":"2021-11-24T10:58:04","guid":{"rendered":"https:\/\/www.cruillabarcelona.cat\/?post_type=artists&#038;p=39781"},"modified":"2022-02-17T13:51:19","modified_gmt":"2022-02-17T11:51:19","slug":"habla-de-mi-en-presente","status":"publish","type":"artists","link":"https:\/\/www.cruillabarcelona.cat\/en\/artists\/habla-de-mi-en-presente\/","title":{"rendered":"Habla de m\u00ed en presente"},"content":{"rendered":"<h2 style=\"text-align: left;\">Habla de m\u00ed en presente at Cru\u00eflla Primavera 2022<\/h2>\n<p>Influenced by the techno scene in Berlin, the city where the group was born, the 6 musicians who make up <strong>Habla de m\u00ed presente<\/strong> named their lifestyle, perhaps even more than their music, <strong>technorumba<\/strong>. Between tradition and modernity, techno and rumba, their main ambition is to delight souls and make bodies dance. The originality of their music, their stage presence and the sincerity of their compositions have guaranteed them continued success.<\/p>\n<p>After moving from Berlin to Barcelona, 2022 will be the starting point for the band thanks to <strong>the release of their first album<\/strong>, which we will be able to enjoy on <strong>23 April<\/strong> at <strong>Sala Wolf<\/strong>, as part of <strong>Cru\u00eflla<\/strong> <strong>Primavera<\/strong>. And we are sure that it will leave no one indifferent.<\/p>\n<p>&nbsp;<\/p>\n<p>&nbsp;<\/p>\n<hr \/>\n<p style=\"text-align: center;\"><strong>Get your tickets now!<\/strong><\/p>\n<p style=\"text-align: center;\"><a class=\"efsbutton button \" target=\"_blank\">TICKETS<\/a><\/p>\n<p>&nbsp;<\/p>\n<hr \/>\n<p>&nbsp;<\/p>\n<!-- auto-added video if acf\/single-artist-video not used  --> <iframe style=\"width: 100%;max-width: 100%;height: auto;aspect-ratio: 16 \/ 9;\" src=\"https:\/\/www.youtube-nocookie.com\/embed\/ztam0LXWBjs\" frameborder=\"0\" allow=\"accelerometer; autoplay; encrypted-media; gyroscope; picture-in-picture\" allowfullscreen><\/iframe>","protected":false},"featured_media":40454,"template":"","meta":{"_acf_changed":false},"artists_edition":[842],"class_list":["post-39781","artists","type-artists","status-publish","has-post-thumbnail","hentry","artists_location-wolf","artists_edition-cruilla-de-primavera-2022"],"acf":{"_thumbnail_id":40454,"youtube_player":"ztam0LXWBjs","artist_edition":[842],"artist_date":"20220423","artist_time":"21:00","artist_time_2":"20:00","artist_location":[843],"artist_ticket_url":"https:\/\/www.festicket.com\/eventgenius\/cruilla-primavera\/shop\/30371\/","artist_ticket_status":"","artist_extra_date__show":false,"artist_extra_date_2":null,"artist_time_of_date2":"","artist_extra_date_3":null,"artist_time_of_date3":"","artist_extra_date_4":null,"artist_time_of_date4":"","artist_extra_date_5":null,"artist_time_of_date5":"","artist_date__show_month":true,"artist_sidebar_active":false,"show_in_agenda":true,"artist_sidebar__banner_img":null,"artist_sidebar__banner_link":"","artist_hero_content":"Cru\u00eflla Primavera 2022","artist_style":false,"artist_nationality":false,"artist_audience_age":false},"yoast_head":"<!-- This site is optimized with the Yoast SEO plugin v27.5 - https:\/\/yoast.com\/product\/yoast-seo-wordpress\/ -->\n<title>Habla de m\u00ed en presente concert in Barcelona, April 23th 2022 at Wolf<\/title>\n<meta name=\"description\" content=\"Buy your tickets for the Habla de m\u00ed en presente concert in Barcelona, on April 23th at Sala Wolf. Cru\u00eflla Primavera 2022\" \/>\n<meta name=\"robots\" content=\"index, follow, max-snippet:-1, max-image-preview:large, max-video-preview:-1\" \/>\n<link rel=\"canonical\" href=\"https:\/\/www.cruillabarcelona.cat\/en\/artists\/habla-de-mi-en-presente\/\" \/>\n<meta property=\"og:locale\" content=\"en_US\" \/>\n<meta property=\"og:type\" content=\"article\" \/>\n<meta property=\"og:title\" content=\"Habla de m\u00ed en presente concert in Barcelona, April 23th 2022 at Wolf\" \/>\n<meta property=\"og:description\" content=\"Buy your tickets for the Habla de m\u00ed en presente concert in Barcelona, on April 23th at Sala Wolf. Cru\u00eflla Primavera 2022\" \/>\n<meta property=\"og:url\" content=\"https:\/\/www.cruillabarcelona.cat\/en\/artists\/habla-de-mi-en-presente\/\" \/>\n<meta property=\"og:site_name\" content=\"Festival Cru\u00eflla\" \/>\n<meta property=\"article:modified_time\" content=\"2022-02-17T11:51:19+00:00\" \/>\n<meta property=\"og:image\" content=\"https:\/\/www.cruillabarcelona.cat\/wp-content\/uploads\/2021\/11\/Habla-de-mi.jpg\" \/>\n\t<meta property=\"og:image:width\" content=\"834\" \/>\n\t<meta property=\"og:image:height\" content=\"673\" \/>\n\t<meta property=\"og:image:type\" content=\"image\/jpeg\" \/>\n<meta name=\"twitter:card\" content=\"summary_large_image\" \/>\n<meta name=\"twitter:label1\" content=\"Est. reading time\" \/>\n\t<meta name=\"twitter:data1\" content=\"1 minute\" \/>\n<script type=\"application\/ld+json\" class=\"yoast-schema-graph\">{\"@context\":\"https:\\\/\\\/schema.org\",\"@graph\":[{\"@type\":\"WebPage\",\"@id\":\"https:\\\/\\\/www.cruillabarcelona.cat\\\/en\\\/artists\\\/habla-de-mi-en-presente\\\/\",\"url\":\"https:\\\/\\\/www.cruillabarcelona.cat\\\/en\\\/artists\\\/habla-de-mi-en-presente\\\/\",\"name\":\"Habla de m\u00ed en presente concert in Barcelona, April 23th 2022 at Wolf\",\"isPartOf\":{\"@id\":\"https:\\\/\\\/www.cruillabarcelona.cat\\\/en\\\/#website\"},\"primaryImageOfPage\":{\"@id\":\"https:\\\/\\\/www.cruillabarcelona.cat\\\/en\\\/artists\\\/habla-de-mi-en-presente\\\/#primaryimage\"},\"image\":{\"@id\":\"https:\\\/\\\/www.cruillabarcelona.cat\\\/en\\\/artists\\\/habla-de-mi-en-presente\\\/#primaryimage\"},\"thumbnailUrl\":\"https:\\\/\\\/www.cruillabarcelona.cat\\\/wp-content\\\/uploads\\\/2021\\\/11\\\/Habla-de-mi.jpg\",\"datePublished\":\"2021-11-24T10:58:04+00:00\",\"dateModified\":\"2022-02-17T11:51:19+00:00\",\"description\":\"Buy your tickets for the Habla de m\u00ed en presente concert in Barcelona, on April 23th at Sala Wolf. Cru\u00eflla Primavera 2022\",\"breadcrumb\":{\"@id\":\"https:\\\/\\\/www.cruillabarcelona.cat\\\/en\\\/artists\\\/habla-de-mi-en-presente\\\/#breadcrumb\"},\"inLanguage\":\"en-US\",\"potentialAction\":[{\"@type\":\"ReadAction\",\"target\":[\"https:\\\/\\\/www.cruillabarcelona.cat\\\/en\\\/artists\\\/habla-de-mi-en-presente\\\/\"]}]},{\"@type\":\"ImageObject\",\"inLanguage\":\"en-US\",\"@id\":\"https:\\\/\\\/www.cruillabarcelona.cat\\\/en\\\/artists\\\/habla-de-mi-en-presente\\\/#primaryimage\",\"url\":\"https:\\\/\\\/www.cruillabarcelona.cat\\\/wp-content\\\/uploads\\\/2021\\\/11\\\/Habla-de-mi.jpg\",\"contentUrl\":\"https:\\\/\\\/www.cruillabarcelona.cat\\\/wp-content\\\/uploads\\\/2021\\\/11\\\/Habla-de-mi.jpg\",\"width\":834,\"height\":673,\"caption\":\"Habla de mi\"},{\"@type\":\"BreadcrumbList\",\"@id\":\"https:\\\/\\\/www.cruillabarcelona.cat\\\/en\\\/artists\\\/habla-de-mi-en-presente\\\/#breadcrumb\",\"itemListElement\":[{\"@type\":\"ListItem\",\"position\":1,\"name\":\"Home\",\"item\":\"https:\\\/\\\/www.cruillabarcelona.cat\\\/en\\\/\"},{\"@type\":\"ListItem\",\"position\":2,\"name\":\"Habla de m\u00ed en presente\"}]},{\"@type\":\"WebSite\",\"@id\":\"https:\\\/\\\/www.cruillabarcelona.cat\\\/en\\\/#website\",\"url\":\"https:\\\/\\\/www.cruillabarcelona.cat\\\/en\\\/\",\"name\":\"Festival Cru\u00eflla\",\"description\":\"\",\"publisher\":{\"@id\":\"https:\\\/\\\/www.cruillabarcelona.cat\\\/en\\\/#organization\"},\"potentialAction\":[{\"@type\":\"SearchAction\",\"target\":{\"@type\":\"EntryPoint\",\"urlTemplate\":\"https:\\\/\\\/www.cruillabarcelona.cat\\\/en\\\/?s={search_term_string}\"},\"query-input\":{\"@type\":\"PropertyValueSpecification\",\"valueRequired\":true,\"valueName\":\"search_term_string\"}}],\"inLanguage\":\"en-US\"},{\"@type\":\"Organization\",\"@id\":\"https:\\\/\\\/www.cruillabarcelona.cat\\\/en\\\/#organization\",\"name\":\"Festival Cru\u00eflla\",\"url\":\"https:\\\/\\\/www.cruillabarcelona.cat\\\/en\\\/\",\"logo\":{\"@type\":\"ImageObject\",\"inLanguage\":\"en-US\",\"@id\":\"https:\\\/\\\/www.cruillabarcelona.cat\\\/en\\\/#\\\/schema\\\/logo\\\/image\\\/\",\"url\":\"https:\\\/\\\/www.cruillabarcelona.cat\\\/wp-content\\\/uploads\\\/2025\\\/12\\\/cruill-logo-negativo.png\",\"contentUrl\":\"https:\\\/\\\/www.cruillabarcelona.cat\\\/wp-content\\\/uploads\\\/2025\\\/12\\\/cruill-logo-negativo.png\",\"width\":400,\"height\":101,\"caption\":\"Festival Cru\u00eflla\"},\"image\":{\"@id\":\"https:\\\/\\\/www.cruillabarcelona.cat\\\/en\\\/#\\\/schema\\\/logo\\\/image\\\/\"}}]}<\/script>\n<!-- \/ Yoast SEO plugin. -->","yoast_head_json":{"title":"Habla de m\u00ed en presente concert in Barcelona, April 23th 2022 at Wolf","description":"Buy your tickets for the Habla de m\u00ed en presente concert in Barcelona, on April 23th at Sala Wolf. Cru\u00eflla Primavera 2022","robots":{"index":"index","follow":"follow","max-snippet":"max-snippet:-1","max-image-preview":"max-image-preview:large","max-video-preview":"max-video-preview:-1"},"canonical":"https:\/\/www.cruillabarcelona.cat\/en\/artists\/habla-de-mi-en-presente\/","og_locale":"en_US","og_type":"article","og_title":"Habla de m\u00ed en presente concert in Barcelona, April 23th 2022 at Wolf","og_description":"Buy your tickets for the Habla de m\u00ed en presente concert in Barcelona, on April 23th at Sala Wolf. Cru\u00eflla Primavera 2022","og_url":"https:\/\/www.cruillabarcelona.cat\/en\/artists\/habla-de-mi-en-presente\/","og_site_name":"Festival Cru\u00eflla","article_modified_time":"2022-02-17T11:51:19+00:00","og_image":[{"width":834,"height":673,"url":"https:\/\/www.cruillabarcelona.cat\/wp-content\/uploads\/2021\/11\/Habla-de-mi.jpg","type":"image\/jpeg"}],"twitter_card":"summary_large_image","twitter_misc":{"Est. reading time":"1 minute"},"schema":{"@context":"https:\/\/schema.org","@graph":[{"@type":"WebPage","@id":"https:\/\/www.cruillabarcelona.cat\/en\/artists\/habla-de-mi-en-presente\/","url":"https:\/\/www.cruillabarcelona.cat\/en\/artists\/habla-de-mi-en-presente\/","name":"Habla de m\u00ed en presente concert in Barcelona, April 23th 2022 at Wolf","isPartOf":{"@id":"https:\/\/www.cruillabarcelona.cat\/en\/#website"},"primaryImageOfPage":{"@id":"https:\/\/www.cruillabarcelona.cat\/en\/artists\/habla-de-mi-en-presente\/#primaryimage"},"image":{"@id":"https:\/\/www.cruillabarcelona.cat\/en\/artists\/habla-de-mi-en-presente\/#primaryimage"},"thumbnailUrl":"https:\/\/www.cruillabarcelona.cat\/wp-content\/uploads\/2021\/11\/Habla-de-mi.jpg","datePublished":"2021-11-24T10:58:04+00:00","dateModified":"2022-02-17T11:51:19+00:00","description":"Buy your tickets for the Habla de m\u00ed en presente concert in Barcelona, on April 23th at Sala Wolf. Cru\u00eflla Primavera 2022","breadcrumb":{"@id":"https:\/\/www.cruillabarcelona.cat\/en\/artists\/habla-de-mi-en-presente\/#breadcrumb"},"inLanguage":"en-US","potentialAction":[{"@type":"ReadAction","target":["https:\/\/www.cruillabarcelona.cat\/en\/artists\/habla-de-mi-en-presente\/"]}]},{"@type":"ImageObject","inLanguage":"en-US","@id":"https:\/\/www.cruillabarcelona.cat\/en\/artists\/habla-de-mi-en-presente\/#primaryimage","url":"https:\/\/www.cruillabarcelona.cat\/wp-content\/uploads\/2021\/11\/Habla-de-mi.jpg","contentUrl":"https:\/\/www.cruillabarcelona.cat\/wp-content\/uploads\/2021\/11\/Habla-de-mi.jpg","width":834,"height":673,"caption":"Habla de mi"},{"@type":"BreadcrumbList","@id":"https:\/\/www.cruillabarcelona.cat\/en\/artists\/habla-de-mi-en-presente\/#breadcrumb","itemListElement":[{"@type":"ListItem","position":1,"name":"Home","item":"https:\/\/www.cruillabarcelona.cat\/en\/"},{"@type":"ListItem","position":2,"name":"Habla de m\u00ed en presente"}]},{"@type":"WebSite","@id":"https:\/\/www.cruillabarcelona.cat\/en\/#website","url":"https:\/\/www.cruillabarcelona.cat\/en\/","name":"Festival Cru\u00eflla","description":"","publisher":{"@id":"https:\/\/www.cruillabarcelona.cat\/en\/#organization"},"potentialAction":[{"@type":"SearchAction","target":{"@type":"EntryPoint","urlTemplate":"https:\/\/www.cruillabarcelona.cat\/en\/?s={search_term_string}"},"query-input":{"@type":"PropertyValueSpecification","valueRequired":true,"valueName":"search_term_string"}}],"inLanguage":"en-US"},{"@type":"Organization","@id":"https:\/\/www.cruillabarcelona.cat\/en\/#organization","name":"Festival Cru\u00eflla","url":"https:\/\/www.cruillabarcelona.cat\/en\/","logo":{"@type":"ImageObject","inLanguage":"en-US","@id":"https:\/\/www.cruillabarcelona.cat\/en\/#\/schema\/logo\/image\/","url":"https:\/\/www.cruillabarcelona.cat\/wp-content\/uploads\/2025\/12\/cruill-logo-negativo.png","contentUrl":"https:\/\/www.cruillabarcelona.cat\/wp-content\/uploads\/2025\/12\/cruill-logo-negativo.png","width":400,"height":101,"caption":"Festival Cru\u00eflla"},"image":{"@id":"https:\/\/www.cruillabarcelona.cat\/en\/#\/schema\/logo\/image\/"}}]}},"_links":{"self":[{"href":"https:\/\/www.cruillabarcelona.cat\/en\/wp-json\/wp\/v2\/artists\/39781","targetHints":{"allow":["GET"]}}],"collection":[{"href":"https:\/\/www.cruillabarcelona.cat\/en\/wp-json\/wp\/v2\/artists"}],"about":[{"href":"https:\/\/www.cruillabarcelona.cat\/en\/wp-json\/wp\/v2\/types\/artists"}],"acf:term":[{"embeddable":true,"taxonomy":"artists_location","href":"https:\/\/www.cruillabarcelona.cat\/en\/wp-json\/wp\/v2\/artists_location\/843"},{"embeddable":true,"taxonomy":"artists_edition","href":"https:\/\/www.cruillabarcelona.cat\/en\/wp-json\/wp\/v2\/artists_edition\/842"}],"wp:featuredmedia":[{"embeddable":true,"href":"https:\/\/www.cruillabarcelona.cat\/en\/wp-json\/wp\/v2\/media\/40454"}],"wp:attachment":[{"href":"https:\/\/www.cruillabarcelona.cat\/en\/wp-json\/wp\/v2\/media?parent=39781"}],"wp:term":[{"taxonomy":"artists_edition","embeddable":true,"href":"https:\/\/www.cruillabarcelona.cat\/en\/wp-json\/wp\/v2\/artists_edition?post=39781"}],"curies":[{"name":"wp","href":"https:\/\/api.w.org\/{rel}","templated":true}]}}

Habla de mí en presente

<h2 style="text-align: left;">Habla de mí en presente at Cruïlla Primavera 2022</h2>
<p>Influenced by the techno scene in Berlin, the city where the group was born, the 6 musicians who make up <strong>Habla de mí presente</strong> named their lifestyle, perhaps even more than their music, <strong>technorumba</strong>. Between tradition and modernity, techno and rumba, their main ambition is to delight souls and make bodies dance. The originality of their music, their stage presence and the sincerity of their compositions have guaranteed them continued success.</p>
<p>After moving from Berlin to Barcelona, 2022 will be the starting point for the band thanks to <strong>the release of their first album</strong>, which we will be able to enjoy on <strong>23 April</strong> at <strong>Sala Wolf</strong>, as part of <strong>Cruïlla</strong> <strong>Primavera</strong>. And we are sure that it will leave no one indifferent.</p>
<p>&nbsp;</p>
<p>&nbsp;</p>
<hr />
<p style="text-align: center;"><strong>Get your tickets now!</strong></p>
<p style="text-align: center;"><a class="efsbutton button " target="_blank">TICKETS</a></p>
<p>&nbsp;</p>
<hr />
<p>&nbsp;</p>
<!-- auto-added video if acf/single-artist-video not used  --> <iframe style="width: 100%;max-width: 100%;height: auto;aspect-ratio: 16 / 9;" src="https://www.youtube-nocookie.com/embed/ztam0LXWBjs" frameborder="0" allow="accelerometer; autoplay; encrypted-media; gyroscope; picture-in-picture" allowfullscreen></iframe>

Cruïlla Primavera 2022

<!-- This site is optimized with the Yoast SEO plugin v27.5 - https://yoast.com/product/yoast-seo-wordpress/ -->
<title>Habla de mí en presente concert in Barcelona, April 23th 2022 at Wolf</title>
<meta name="description" content="Buy your tickets for the Habla de mí en presente concert in Barcelona, on April 23th at Sala Wolf. Cruïlla Primavera 2022" />
<meta name="robots" content="index, follow, max-snippet:-1, max-image-preview:large, max-video-preview:-1" />
<link rel="canonical" href="https://www.cruillabarcelona.cat/en/artists/habla-de-mi-en-presente/" />
<meta property="og:locale" content="en_US" />
<meta property="og:type" content="article" />
<meta property="og:title" content="Habla de mí en presente concert in Barcelona, April 23th 2022 at Wolf" />
<meta property="og:description" content="Buy your tickets for the Habla de mí en presente concert in Barcelona, on April 23th at Sala Wolf. Cruïlla Primavera 2022" />
<meta property="og:url" content="https://www.cruillabarcelona.cat/en/artists/habla-de-mi-en-presente/" />
<meta property="og:site_name" content="Festival Cruïlla" />
<meta property="article:modified_time" content="2022-02-17T11:51:19+00:00" />
<meta property="og:image" content="https://www.cruillabarcelona.cat/wp-content/uploads/2021/11/Habla-de-mi.jpg" />
	<meta property="og:image:width" content="834" />
	<meta property="og:image:height" content="673" />
	<meta property="og:image:type" content="image/jpeg" />
<meta name="twitter:card" content="summary_large_image" />
<meta name="twitter:label1" content="Est. reading time" />
	<meta name="twitter:data1" content="1 minute" />
<script type="application/ld+json" class="yoast-schema-graph">{"@context":"https:\/\/schema.org","@graph":[{"@type":"WebPage","@id":"https:\/\/www.cruillabarcelona.cat\/en\/artists\/habla-de-mi-en-presente\/","url":"https:\/\/www.cruillabarcelona.cat\/en\/artists\/habla-de-mi-en-presente\/","name":"Habla de mí en presente concert in Barcelona, April 23th 2022 at Wolf","isPartOf":{"@id":"https:\/\/www.cruillabarcelona.cat\/en\/#website"},"primaryImageOfPage":{"@id":"https:\/\/www.cruillabarcelona.cat\/en\/artists\/habla-de-mi-en-presente\/#primaryimage"},"image":{"@id":"https:\/\/www.cruillabarcelona.cat\/en\/artists\/habla-de-mi-en-presente\/#primaryimage"},"thumbnailUrl":"https:\/\/www.cruillabarcelona.cat\/wp-content\/uploads\/2021\/11\/Habla-de-mi.jpg","datePublished":"2021-11-24T10:58:04+00:00","dateModified":"2022-02-17T11:51:19+00:00","description":"Buy your tickets for the Habla de mí en presente concert in Barcelona, on April 23th at Sala Wolf. Cruïlla Primavera 2022","breadcrumb":{"@id":"https:\/\/www.cruillabarcelona.cat\/en\/artists\/habla-de-mi-en-presente\/#breadcrumb"},"inLanguage":"en-US","potentialAction":[{"@type":"ReadAction","target":["https:\/\/www.cruillabarcelona.cat\/en\/artists\/habla-de-mi-en-presente\/"]}]},{"@type":"ImageObject","inLanguage":"en-US","@id":"https:\/\/www.cruillabarcelona.cat\/en\/artists\/habla-de-mi-en-presente\/#primaryimage","url":"https:\/\/www.cruillabarcelona.cat\/wp-content\/uploads\/2021\/11\/Habla-de-mi.jpg","contentUrl":"https:\/\/www.cruillabarcelona.cat\/wp-content\/uploads\/2021\/11\/Habla-de-mi.jpg","width":834,"height":673,"caption":"Habla de mi"},{"@type":"BreadcrumbList","@id":"https:\/\/www.cruillabarcelona.cat\/en\/artists\/habla-de-mi-en-presente\/#breadcrumb","itemListElement":[{"@type":"ListItem","position":1,"name":"Home","item":"https:\/\/www.cruillabarcelona.cat\/en\/"},{"@type":"ListItem","position":2,"name":"Habla de mí en presente"}]},{"@type":"WebSite","@id":"https:\/\/www.cruillabarcelona.cat\/en\/#website","url":"https:\/\/www.cruillabarcelona.cat\/en\/","name":"Festival Cruïlla","description":"","publisher":{"@id":"https:\/\/www.cruillabarcelona.cat\/en\/#organization"},"potentialAction":[{"@type":"SearchAction","target":{"@type":"EntryPoint","urlTemplate":"https:\/\/www.cruillabarcelona.cat\/en\/?s={search_term_string}"},"query-input":{"@type":"PropertyValueSpecification","valueRequired":true,"valueName":"search_term_string"}}],"inLanguage":"en-US"},{"@type":"Organization","@id":"https:\/\/www.cruillabarcelona.cat\/en\/#organization","name":"Festival Cruïlla","url":"https:\/\/www.cruillabarcelona.cat\/en\/","logo":{"@type":"ImageObject","inLanguage":"en-US","@id":"https:\/\/www.cruillabarcelona.cat\/en\/#\/schema\/logo\/image\/","url":"https:\/\/www.cruillabarcelona.cat\/wp-content\/uploads\/2025\/12\/cruill-logo-negativo.png","contentUrl":"https:\/\/www.cruillabarcelona.cat\/wp-content\/uploads\/2025\/12\/cruill-logo-negativo.png","width":400,"height":101,"caption":"Festival Cruïlla"},"image":{"@id":"https:\/\/www.cruillabarcelona.cat\/en\/#\/schema\/logo\/image\/"}}]}</script>
<!-- / Yoast SEO plugin. -->

Habla de mí en presente concert in Barcelona, April 23th 2022 at Wolf

Buy your tickets for the Habla de mí en presente concert in Barcelona, on April 23th at Sala Wolf. Cruïlla Primavera 2022

Festival Cruïlla
