{"id":39923,"date":"2021-11-18T13:11:57","date_gmt":"2021-11-18T11:11:57","guid":{"rendered":"https:\/\/www.cruillabarcelona.cat\/?post_type=artists&#038;p=39923"},"modified":"2022-05-06T13:59:36","modified_gmt":"2022-05-06T11:59:36","slug":"rozalen","status":"publish","type":"artists","link":"https:\/\/www.cruillabarcelona.cat\/en\/artists\/rozalen\/","title":{"rendered":"Rozal\u00e9n"},"content":{"rendered":"<h2>Rozal\u00e9n at Cru\u00eflla 2022<\/h2>\n<p><strong>Rozal\u00e9n<\/strong> is one of the leading <strong>voices<\/strong> of the new singer-songwriter scene, and one of those artists whose <strong>talent<\/strong> is demonstrated in the first few seconds of a song. Her latest album, <em><strong>El \u00e1rbol y el bosque<\/strong><\/em>, has become one of the most popular of her career and took her straight to <strong>number one<\/strong> in the Spanish charts.<\/p>\n<p>Critics have recognised her talent and dedication, with two <strong>Latin Grammy<\/strong> nominations and a <strong>Platinum Record<\/strong> for <em>Cuando el r\u00edo suena<\/em>. <strong>Rozal\u00e9n<\/strong> is also a great <strong>activist<\/strong> for the rights of minorities and disadvantaged communities. For example, she is committed to an <strong>inclusive show<\/strong> and is always accompanied on stage by Beatriz Romero, a sign language interpreter.<\/p>\n<p>The great <strong>Rozal\u00e9n<\/strong> will take over <strong>Cru\u00eflla 2022<\/strong> Festival on <strong>Saturday 9th July<\/strong>. A concert to get emotional, where we will see first-hand all the <strong>power of her voice.<\/strong><\/p>\n<hr \/>\n<p style=\"text-align: center;\"><strong>Get your tickets now!<\/strong><\/p>\n<p style=\"text-align: center;\"><a class=\"efsbutton button \" target=\"_blank\">TICKETS<\/a><\/p>\n<!-- auto-added video if acf\/single-artist-video not used  --> <iframe style=\"width: 100%;max-width: 100%;height: auto;aspect-ratio: 16 \/ 9;\" src=\"https:\/\/www.youtube-nocookie.com\/embed\/D6ImKSWZb4A\" frameborder=\"0\" allow=\"accelerometer; autoplay; encrypted-media; gyroscope; picture-in-picture\" allowfullscreen><\/iframe>","protected":false},"featured_media":39925,"template":"","meta":{"_acf_changed":false},"artists_edition":[834],"class_list":["post-39923","artists","type-artists","status-publish","has-post-thumbnail","hentry","artists_location-cruilla-enamora","artists_edition-834"],"acf":{"_thumbnail_id":39925,"youtube_player":"D6ImKSWZb4A","artist_edition":[834],"artist_date":"20220709","artist_time":"21:30","artist_time_2":"","artist_location":[590],"artist_ticket_url":"https:\/\/www.cruillabarcelona.cat\/en\/tickets\/","artist_ticket_status":"","artist_extra_date__show":false,"artist_extra_date_2":null,"artist_time_of_date2":"","artist_extra_date_3":null,"artist_time_of_date3":"","artist_extra_date_4":null,"artist_time_of_date4":"","artist_extra_date_5":null,"artist_time_of_date5":"","artist_date__show_month":true,"artist_sidebar_active":false,"show_in_agenda":false,"artist_sidebar__banner_img":null,"artist_sidebar__banner_link":"","artist_hero_content":"Festival Cru\u00eflla 2022","artist_style":false,"artist_nationality":false,"artist_audience_age":false},"yoast_head":"<!-- This site is optimized with the Yoast SEO plugin v27.5 - https:\/\/yoast.com\/product\/yoast-seo-wordpress\/ -->\n<title>Rozal\u00e9n concert in Barcelona, July 9 at Cru\u00eflla Festival<\/title>\n<meta name=\"description\" content=\"Buy tickets for the Rozal\u00e9n concert in Barcelona, on July 9th, 2022 at Cru\u00eflla Festival 2022. Rozal\u00e9n live at Parc del F\u00f2rum, Barcelona\" \/>\n<meta name=\"robots\" content=\"index, follow, max-snippet:-1, max-image-preview:large, max-video-preview:-1\" \/>\n<link rel=\"canonical\" href=\"https:\/\/www.cruillabarcelona.cat\/en\/artists\/rozalen\/\" \/>\n<meta property=\"og:locale\" content=\"en_US\" \/>\n<meta property=\"og:type\" content=\"article\" \/>\n<meta property=\"og:title\" content=\"Rozal\u00e9n concert in Barcelona, July 9 at Cru\u00eflla Festival\" \/>\n<meta property=\"og:description\" content=\"Buy tickets for the Rozal\u00e9n concert in Barcelona, on July 9th, 2022 at Cru\u00eflla Festival 2022. Rozal\u00e9n live at Parc del F\u00f2rum, Barcelona\" \/>\n<meta property=\"og:url\" content=\"https:\/\/www.cruillabarcelona.cat\/en\/artists\/rozalen\/\" \/>\n<meta property=\"og:site_name\" content=\"Festival Cru\u00eflla\" \/>\n<meta property=\"article:modified_time\" content=\"2022-05-06T11:59:36+00:00\" \/>\n<meta property=\"og:image\" content=\"https:\/\/www.cruillabarcelona.cat\/wp-content\/uploads\/2021\/11\/RozalenPromo23219-1.jpg\" \/>\n\t<meta property=\"og:image:width\" content=\"600\" \/>\n\t<meta property=\"og:image:height\" content=\"600\" \/>\n\t<meta property=\"og:image:type\" content=\"image\/jpeg\" \/>\n<meta name=\"twitter:card\" content=\"summary_large_image\" \/>\n<meta name=\"twitter:label1\" content=\"Est. reading time\" \/>\n\t<meta name=\"twitter:data1\" content=\"1 minute\" \/>\n<script type=\"application\/ld+json\" class=\"yoast-schema-graph\">{\"@context\":\"https:\\\/\\\/schema.org\",\"@graph\":[{\"@type\":\"WebPage\",\"@id\":\"https:\\\/\\\/www.cruillabarcelona.cat\\\/en\\\/artists\\\/rozalen\\\/\",\"url\":\"https:\\\/\\\/www.cruillabarcelona.cat\\\/en\\\/artists\\\/rozalen\\\/\",\"name\":\"Rozal\u00e9n concert in Barcelona, July 9 at Cru\u00eflla Festival\",\"isPartOf\":{\"@id\":\"https:\\\/\\\/www.cruillabarcelona.cat\\\/en\\\/#website\"},\"primaryImageOfPage\":{\"@id\":\"https:\\\/\\\/www.cruillabarcelona.cat\\\/en\\\/artists\\\/rozalen\\\/#primaryimage\"},\"image\":{\"@id\":\"https:\\\/\\\/www.cruillabarcelona.cat\\\/en\\\/artists\\\/rozalen\\\/#primaryimage\"},\"thumbnailUrl\":\"https:\\\/\\\/www.cruillabarcelona.cat\\\/wp-content\\\/uploads\\\/2021\\\/11\\\/RozalenPromo23219-1.jpg\",\"datePublished\":\"2021-11-18T11:11:57+00:00\",\"dateModified\":\"2022-05-06T11:59:36+00:00\",\"description\":\"Buy tickets for the Rozal\u00e9n concert in Barcelona, on July 9th, 2022 at Cru\u00eflla Festival 2022. Rozal\u00e9n live at Parc del F\u00f2rum, Barcelona\",\"breadcrumb\":{\"@id\":\"https:\\\/\\\/www.cruillabarcelona.cat\\\/en\\\/artists\\\/rozalen\\\/#breadcrumb\"},\"inLanguage\":\"en-US\",\"potentialAction\":[{\"@type\":\"ReadAction\",\"target\":[\"https:\\\/\\\/www.cruillabarcelona.cat\\\/en\\\/artists\\\/rozalen\\\/\"]}]},{\"@type\":\"ImageObject\",\"inLanguage\":\"en-US\",\"@id\":\"https:\\\/\\\/www.cruillabarcelona.cat\\\/en\\\/artists\\\/rozalen\\\/#primaryimage\",\"url\":\"https:\\\/\\\/www.cruillabarcelona.cat\\\/wp-content\\\/uploads\\\/2021\\\/11\\\/RozalenPromo23219-1.jpg\",\"contentUrl\":\"https:\\\/\\\/www.cruillabarcelona.cat\\\/wp-content\\\/uploads\\\/2021\\\/11\\\/RozalenPromo23219-1.jpg\",\"width\":600,\"height\":600,\"caption\":\"Rozalen Estiu 2022\"},{\"@type\":\"BreadcrumbList\",\"@id\":\"https:\\\/\\\/www.cruillabarcelona.cat\\\/en\\\/artists\\\/rozalen\\\/#breadcrumb\",\"itemListElement\":[{\"@type\":\"ListItem\",\"position\":1,\"name\":\"Home\",\"item\":\"https:\\\/\\\/www.cruillabarcelona.cat\\\/en\\\/\"},{\"@type\":\"ListItem\",\"position\":2,\"name\":\"Rozal\u00e9n\"}]},{\"@type\":\"WebSite\",\"@id\":\"https:\\\/\\\/www.cruillabarcelona.cat\\\/en\\\/#website\",\"url\":\"https:\\\/\\\/www.cruillabarcelona.cat\\\/en\\\/\",\"name\":\"Festival Cru\u00eflla\",\"description\":\"\",\"publisher\":{\"@id\":\"https:\\\/\\\/www.cruillabarcelona.cat\\\/en\\\/#organization\"},\"potentialAction\":[{\"@type\":\"SearchAction\",\"target\":{\"@type\":\"EntryPoint\",\"urlTemplate\":\"https:\\\/\\\/www.cruillabarcelona.cat\\\/en\\\/?s={search_term_string}\"},\"query-input\":{\"@type\":\"PropertyValueSpecification\",\"valueRequired\":true,\"valueName\":\"search_term_string\"}}],\"inLanguage\":\"en-US\"},{\"@type\":\"Organization\",\"@id\":\"https:\\\/\\\/www.cruillabarcelona.cat\\\/en\\\/#organization\",\"name\":\"Festival Cru\u00eflla\",\"url\":\"https:\\\/\\\/www.cruillabarcelona.cat\\\/en\\\/\",\"logo\":{\"@type\":\"ImageObject\",\"inLanguage\":\"en-US\",\"@id\":\"https:\\\/\\\/www.cruillabarcelona.cat\\\/en\\\/#\\\/schema\\\/logo\\\/image\\\/\",\"url\":\"https:\\\/\\\/www.cruillabarcelona.cat\\\/wp-content\\\/uploads\\\/2025\\\/12\\\/cruill-logo-negativo.png\",\"contentUrl\":\"https:\\\/\\\/www.cruillabarcelona.cat\\\/wp-content\\\/uploads\\\/2025\\\/12\\\/cruill-logo-negativo.png\",\"width\":400,\"height\":101,\"caption\":\"Festival Cru\u00eflla\"},\"image\":{\"@id\":\"https:\\\/\\\/www.cruillabarcelona.cat\\\/en\\\/#\\\/schema\\\/logo\\\/image\\\/\"}}]}<\/script>\n<!-- \/ Yoast SEO plugin. -->","yoast_head_json":{"title":"Rozal\u00e9n concert in Barcelona, July 9 at Cru\u00eflla Festival","description":"Buy tickets for the Rozal\u00e9n concert in Barcelona, on July 9th, 2022 at Cru\u00eflla Festival 2022. Rozal\u00e9n live at Parc del F\u00f2rum, Barcelona","robots":{"index":"index","follow":"follow","max-snippet":"max-snippet:-1","max-image-preview":"max-image-preview:large","max-video-preview":"max-video-preview:-1"},"canonical":"https:\/\/www.cruillabarcelona.cat\/en\/artists\/rozalen\/","og_locale":"en_US","og_type":"article","og_title":"Rozal\u00e9n concert in Barcelona, July 9 at Cru\u00eflla Festival","og_description":"Buy tickets for the Rozal\u00e9n concert in Barcelona, on July 9th, 2022 at Cru\u00eflla Festival 2022. Rozal\u00e9n live at Parc del F\u00f2rum, Barcelona","og_url":"https:\/\/www.cruillabarcelona.cat\/en\/artists\/rozalen\/","og_site_name":"Festival Cru\u00eflla","article_modified_time":"2022-05-06T11:59:36+00:00","og_image":[{"width":600,"height":600,"url":"https:\/\/www.cruillabarcelona.cat\/wp-content\/uploads\/2021\/11\/RozalenPromo23219-1.jpg","type":"image\/jpeg"}],"twitter_card":"summary_large_image","twitter_misc":{"Est. reading time":"1 minute"},"schema":{"@context":"https:\/\/schema.org","@graph":[{"@type":"WebPage","@id":"https:\/\/www.cruillabarcelona.cat\/en\/artists\/rozalen\/","url":"https:\/\/www.cruillabarcelona.cat\/en\/artists\/rozalen\/","name":"Rozal\u00e9n concert in Barcelona, July 9 at Cru\u00eflla Festival","isPartOf":{"@id":"https:\/\/www.cruillabarcelona.cat\/en\/#website"},"primaryImageOfPage":{"@id":"https:\/\/www.cruillabarcelona.cat\/en\/artists\/rozalen\/#primaryimage"},"image":{"@id":"https:\/\/www.cruillabarcelona.cat\/en\/artists\/rozalen\/#primaryimage"},"thumbnailUrl":"https:\/\/www.cruillabarcelona.cat\/wp-content\/uploads\/2021\/11\/RozalenPromo23219-1.jpg","datePublished":"2021-11-18T11:11:57+00:00","dateModified":"2022-05-06T11:59:36+00:00","description":"Buy tickets for the Rozal\u00e9n concert in Barcelona, on July 9th, 2022 at Cru\u00eflla Festival 2022. Rozal\u00e9n live at Parc del F\u00f2rum, Barcelona","breadcrumb":{"@id":"https:\/\/www.cruillabarcelona.cat\/en\/artists\/rozalen\/#breadcrumb"},"inLanguage":"en-US","potentialAction":[{"@type":"ReadAction","target":["https:\/\/www.cruillabarcelona.cat\/en\/artists\/rozalen\/"]}]},{"@type":"ImageObject","inLanguage":"en-US","@id":"https:\/\/www.cruillabarcelona.cat\/en\/artists\/rozalen\/#primaryimage","url":"https:\/\/www.cruillabarcelona.cat\/wp-content\/uploads\/2021\/11\/RozalenPromo23219-1.jpg","contentUrl":"https:\/\/www.cruillabarcelona.cat\/wp-content\/uploads\/2021\/11\/RozalenPromo23219-1.jpg","width":600,"height":600,"caption":"Rozalen Estiu 2022"},{"@type":"BreadcrumbList","@id":"https:\/\/www.cruillabarcelona.cat\/en\/artists\/rozalen\/#breadcrumb","itemListElement":[{"@type":"ListItem","position":1,"name":"Home","item":"https:\/\/www.cruillabarcelona.cat\/en\/"},{"@type":"ListItem","position":2,"name":"Rozal\u00e9n"}]},{"@type":"WebSite","@id":"https:\/\/www.cruillabarcelona.cat\/en\/#website","url":"https:\/\/www.cruillabarcelona.cat\/en\/","name":"Festival Cru\u00eflla","description":"","publisher":{"@id":"https:\/\/www.cruillabarcelona.cat\/en\/#organization"},"potentialAction":[{"@type":"SearchAction","target":{"@type":"EntryPoint","urlTemplate":"https:\/\/www.cruillabarcelona.cat\/en\/?s={search_term_string}"},"query-input":{"@type":"PropertyValueSpecification","valueRequired":true,"valueName":"search_term_string"}}],"inLanguage":"en-US"},{"@type":"Organization","@id":"https:\/\/www.cruillabarcelona.cat\/en\/#organization","name":"Festival Cru\u00eflla","url":"https:\/\/www.cruillabarcelona.cat\/en\/","logo":{"@type":"ImageObject","inLanguage":"en-US","@id":"https:\/\/www.cruillabarcelona.cat\/en\/#\/schema\/logo\/image\/","url":"https:\/\/www.cruillabarcelona.cat\/wp-content\/uploads\/2025\/12\/cruill-logo-negativo.png","contentUrl":"https:\/\/www.cruillabarcelona.cat\/wp-content\/uploads\/2025\/12\/cruill-logo-negativo.png","width":400,"height":101,"caption":"Festival Cru\u00eflla"},"image":{"@id":"https:\/\/www.cruillabarcelona.cat\/en\/#\/schema\/logo\/image\/"}}]}},"_links":{"self":[{"href":"https:\/\/www.cruillabarcelona.cat\/en\/wp-json\/wp\/v2\/artists\/39923","targetHints":{"allow":["GET"]}}],"collection":[{"href":"https:\/\/www.cruillabarcelona.cat\/en\/wp-json\/wp\/v2\/artists"}],"about":[{"href":"https:\/\/www.cruillabarcelona.cat\/en\/wp-json\/wp\/v2\/types\/artists"}],"acf:term":[{"embeddable":true,"taxonomy":"artists_location","href":"https:\/\/www.cruillabarcelona.cat\/en\/wp-json\/wp\/v2\/artists_location\/590"},{"embeddable":true,"taxonomy":"artists_edition","href":"https:\/\/www.cruillabarcelona.cat\/en\/wp-json\/wp\/v2\/artists_edition\/834"}],"wp:featuredmedia":[{"embeddable":true,"href":"https:\/\/www.cruillabarcelona.cat\/en\/wp-json\/wp\/v2\/media\/39925"}],"wp:attachment":[{"href":"https:\/\/www.cruillabarcelona.cat\/en\/wp-json\/wp\/v2\/media?parent=39923"}],"wp:term":[{"taxonomy":"artists_edition","embeddable":true,"href":"https:\/\/www.cruillabarcelona.cat\/en\/wp-json\/wp\/v2\/artists_edition?post=39923"}],"curies":[{"name":"wp","href":"https:\/\/api.w.org\/{rel}","templated":true}]}}

Rozalén

<h2>Rozalén at Cruïlla 2022</h2>
<p><strong>Rozalén</strong> is one of the leading <strong>voices</strong> of the new singer-songwriter scene, and one of those artists whose <strong>talent</strong> is demonstrated in the first few seconds of a song. Her latest album, <em><strong>El árbol y el bosque</strong></em>, has become one of the most popular of her career and took her straight to <strong>number one</strong> in the Spanish charts.</p>
<p>Critics have recognised her talent and dedication, with two <strong>Latin Grammy</strong> nominations and a <strong>Platinum Record</strong> for <em>Cuando el río suena</em>. <strong>Rozalén</strong> is also a great <strong>activist</strong> for the rights of minorities and disadvantaged communities. For example, she is committed to an <strong>inclusive show</strong> and is always accompanied on stage by Beatriz Romero, a sign language interpreter.</p>
<p>The great <strong>Rozalén</strong> will take over <strong>Cruïlla 2022</strong> Festival on <strong>Saturday 9th July</strong>. A concert to get emotional, where we will see first-hand all the <strong>power of her voice.</strong></p>
<hr />
<p style="text-align: center;"><strong>Get your tickets now!</strong></p>
<p style="text-align: center;"><a class="efsbutton button " target="_blank">TICKETS</a></p>
<!-- auto-added video if acf/single-artist-video not used  --> <iframe style="width: 100%;max-width: 100%;height: auto;aspect-ratio: 16 / 9;" src="https://www.youtube-nocookie.com/embed/D6ImKSWZb4A" frameborder="0" allow="accelerometer; autoplay; encrypted-media; gyroscope; picture-in-picture" allowfullscreen></iframe>

Festival Cruïlla 2022

<!-- This site is optimized with the Yoast SEO plugin v27.5 - https://yoast.com/product/yoast-seo-wordpress/ -->
<title>Rozalén concert in Barcelona, July 9 at Cruïlla Festival</title>
<meta name="description" content="Buy tickets for the Rozalén concert in Barcelona, on July 9th, 2022 at Cruïlla Festival 2022. Rozalén live at Parc del Fòrum, Barcelona" />
<meta name="robots" content="index, follow, max-snippet:-1, max-image-preview:large, max-video-preview:-1" />
<link rel="canonical" href="https://www.cruillabarcelona.cat/en/artists/rozalen/" />
<meta property="og:locale" content="en_US" />
<meta property="og:type" content="article" />
<meta property="og:title" content="Rozalén concert in Barcelona, July 9 at Cruïlla Festival" />
<meta property="og:description" content="Buy tickets for the Rozalén concert in Barcelona, on July 9th, 2022 at Cruïlla Festival 2022. Rozalén live at Parc del Fòrum, Barcelona" />
<meta property="og:url" content="https://www.cruillabarcelona.cat/en/artists/rozalen/" />
<meta property="og:site_name" content="Festival Cruïlla" />
<meta property="article:modified_time" content="2022-05-06T11:59:36+00:00" />
<meta property="og:image" content="https://www.cruillabarcelona.cat/wp-content/uploads/2021/11/RozalenPromo23219-1.jpg" />
	<meta property="og:image:width" content="600" />
	<meta property="og:image:height" content="600" />
	<meta property="og:image:type" content="image/jpeg" />
<meta name="twitter:card" content="summary_large_image" />
<meta name="twitter:label1" content="Est. reading time" />
	<meta name="twitter:data1" content="1 minute" />
<script type="application/ld+json" class="yoast-schema-graph">{"@context":"https:\/\/schema.org","@graph":[{"@type":"WebPage","@id":"https:\/\/www.cruillabarcelona.cat\/en\/artists\/rozalen\/","url":"https:\/\/www.cruillabarcelona.cat\/en\/artists\/rozalen\/","name":"Rozalén concert in Barcelona, July 9 at Cruïlla Festival","isPartOf":{"@id":"https:\/\/www.cruillabarcelona.cat\/en\/#website"},"primaryImageOfPage":{"@id":"https:\/\/www.cruillabarcelona.cat\/en\/artists\/rozalen\/#primaryimage"},"image":{"@id":"https:\/\/www.cruillabarcelona.cat\/en\/artists\/rozalen\/#primaryimage"},"thumbnailUrl":"https:\/\/www.cruillabarcelona.cat\/wp-content\/uploads\/2021\/11\/RozalenPromo23219-1.jpg","datePublished":"2021-11-18T11:11:57+00:00","dateModified":"2022-05-06T11:59:36+00:00","description":"Buy tickets for the Rozalén concert in Barcelona, on July 9th, 2022 at Cruïlla Festival 2022. Rozalén live at Parc del Fòrum, Barcelona","breadcrumb":{"@id":"https:\/\/www.cruillabarcelona.cat\/en\/artists\/rozalen\/#breadcrumb"},"inLanguage":"en-US","potentialAction":[{"@type":"ReadAction","target":["https:\/\/www.cruillabarcelona.cat\/en\/artists\/rozalen\/"]}]},{"@type":"ImageObject","inLanguage":"en-US","@id":"https:\/\/www.cruillabarcelona.cat\/en\/artists\/rozalen\/#primaryimage","url":"https:\/\/www.cruillabarcelona.cat\/wp-content\/uploads\/2021\/11\/RozalenPromo23219-1.jpg","contentUrl":"https:\/\/www.cruillabarcelona.cat\/wp-content\/uploads\/2021\/11\/RozalenPromo23219-1.jpg","width":600,"height":600,"caption":"Rozalen Estiu 2022"},{"@type":"BreadcrumbList","@id":"https:\/\/www.cruillabarcelona.cat\/en\/artists\/rozalen\/#breadcrumb","itemListElement":[{"@type":"ListItem","position":1,"name":"Home","item":"https:\/\/www.cruillabarcelona.cat\/en\/"},{"@type":"ListItem","position":2,"name":"Rozalén"}]},{"@type":"WebSite","@id":"https:\/\/www.cruillabarcelona.cat\/en\/#website","url":"https:\/\/www.cruillabarcelona.cat\/en\/","name":"Festival Cruïlla","description":"","publisher":{"@id":"https:\/\/www.cruillabarcelona.cat\/en\/#organization"},"potentialAction":[{"@type":"SearchAction","target":{"@type":"EntryPoint","urlTemplate":"https:\/\/www.cruillabarcelona.cat\/en\/?s={search_term_string}"},"query-input":{"@type":"PropertyValueSpecification","valueRequired":true,"valueName":"search_term_string"}}],"inLanguage":"en-US"},{"@type":"Organization","@id":"https:\/\/www.cruillabarcelona.cat\/en\/#organization","name":"Festival Cruïlla","url":"https:\/\/www.cruillabarcelona.cat\/en\/","logo":{"@type":"ImageObject","inLanguage":"en-US","@id":"https:\/\/www.cruillabarcelona.cat\/en\/#\/schema\/logo\/image\/","url":"https:\/\/www.cruillabarcelona.cat\/wp-content\/uploads\/2025\/12\/cruill-logo-negativo.png","contentUrl":"https:\/\/www.cruillabarcelona.cat\/wp-content\/uploads\/2025\/12\/cruill-logo-negativo.png","width":400,"height":101,"caption":"Festival Cruïlla"},"image":{"@id":"https:\/\/www.cruillabarcelona.cat\/en\/#\/schema\/logo\/image\/"}}]}</script>
<!-- / Yoast SEO plugin. -->

Rozalén concert in Barcelona, July 9 at Cruïlla Festival

Buy tickets for the Rozalén concert in Barcelona, on July 9th, 2022 at Cruïlla Festival 2022. Rozalén live at Parc del Fòrum, Barcelona

Festival Cruïlla
