{"id":42273,"date":"2022-03-30T12:01:51","date_gmt":"2022-03-30T10:01:51","guid":{"rendered":"https:\/\/www.cruillabarcelona.cat\/?post_type=artists&#038;p=42273"},"modified":"2022-05-06T17:12:53","modified_gmt":"2022-05-06T15:12:53","slug":"arumbo","status":"publish","type":"artists","link":"https:\/\/www.cruillabarcelona.cat\/en\/artists\/arumbo\/","title":{"rendered":"Arumbo"},"content":{"rendered":"<h2>All roads lead to Cru\u00eflla: Arumbo at Cru\u00eflla Festival 2022<\/h2>\n<p><strong>Nomadism<\/strong> is the system of life by which some humans move temporarily or permanently from the place where they live. Originally, nomads <strong>acquired the knowledge<\/strong> of the land before leaving it due to the change of season and applied it to the new location. Thousands of years later, but with the same philosophy, <strong>Marta Meix<\/strong> and <strong>Jonas Mertens<\/strong> created the <strong>Arumbo<\/strong> project.<\/p>\n<p>Like the ancient nomads, <strong>Arumbo<\/strong> gathers the best of each style and musical stage of the duo. <strong>From reggae to medicinal music,<\/strong> from <strong>rumba to jazz.<\/strong> The result is a <strong>danceable music<\/strong> that floods the stages with positivity. Just listen to anthems like <em>Deja Que Te Cuente, La Riqueza<\/em> or <em>Soleando<\/em>. Come and see for yourself on <strong>7 July<\/strong>, the day <strong>Arumbo&#8217;s<\/strong> nomadic caravan stops at <strong>Cru\u00eflla Festival.<\/strong><\/p>\n<hr \/>\n<p style=\"text-align: center;\"><strong>Get your tickets now!<\/strong><\/p>\n<p style=\"text-align: center;\"><a class=\"efsbutton button \" target=\"_blank\">TICKETS<\/a><\/p>\n<!-- auto-added video if acf\/single-artist-video not used  --> <iframe style=\"width: 100%;max-width: 100%;height: auto;aspect-ratio: 16 \/ 9;\" src=\"https:\/\/www.youtube-nocookie.com\/embed\/KhBQONNKG0k\" frameborder=\"0\" allow=\"accelerometer; autoplay; encrypted-media; gyroscope; picture-in-picture\" allowfullscreen><\/iframe>","protected":false},"featured_media":42298,"template":"","meta":{"_acf_changed":false},"artists_edition":[834],"class_list":["post-42273","artists","type-artists","status-publish","has-post-thumbnail","hentry","artists_edition-834"],"acf":{"_thumbnail_id":42298,"youtube_player":"KhBQONNKG0k","artist_edition":[834],"artist_date":"20220707","artist_time":"18:30","artist_time_2":"","artist_location":false,"artist_ticket_url":"https:\/\/www.cruillabarcelona.cat\/en\/tickets\/","artist_ticket_status":"","artist_extra_date__show":false,"artist_extra_date_2":null,"artist_time_of_date2":"","artist_extra_date_3":null,"artist_time_of_date3":"","artist_extra_date_4":null,"artist_time_of_date4":"","artist_extra_date_5":null,"artist_time_of_date5":"","artist_date__show_month":true,"artist_sidebar_active":true,"show_in_agenda":false,"artist_sidebar__banner_img":"","artist_sidebar__banner_link":"","artist_hero_content":"Festival Cru\u00eflla 2022","artist_style":false,"artist_nationality":false,"artist_audience_age":false},"yoast_head":"<!-- This site is optimized with the Yoast SEO plugin v27.5 - https:\/\/yoast.com\/product\/yoast-seo-wordpress\/ -->\n<title>Arumbo concert in Barcelona, July 7 at Cru\u00eflla Festival<\/title>\n<meta name=\"description\" content=\"Buy tickets for the Arumbo concert in Barcelona, on July 7 at Cru\u00eflla Festival 2022. Arumbo live at Parc del F\u00f2rum, Barcelona\" \/>\n<meta name=\"robots\" content=\"index, follow, max-snippet:-1, max-image-preview:large, max-video-preview:-1\" \/>\n<link rel=\"canonical\" href=\"https:\/\/www.cruillabarcelona.cat\/en\/artists\/arumbo\/\" \/>\n<meta property=\"og:locale\" content=\"en_US\" \/>\n<meta property=\"og:type\" content=\"article\" \/>\n<meta property=\"og:title\" content=\"Arumbo concert in Barcelona, July 7 at Cru\u00eflla Festival\" \/>\n<meta property=\"og:description\" content=\"Buy tickets for the Arumbo concert in Barcelona, on July 7 at Cru\u00eflla Festival 2022. Arumbo live at Parc del F\u00f2rum, Barcelona\" \/>\n<meta property=\"og:url\" content=\"https:\/\/www.cruillabarcelona.cat\/en\/artists\/arumbo\/\" \/>\n<meta property=\"og:site_name\" content=\"Festival Cru\u00eflla\" \/>\n<meta property=\"article:modified_time\" content=\"2022-05-06T15:12:53+00:00\" \/>\n<meta property=\"og:image\" content=\"https:\/\/www.cruillabarcelona.cat\/wp-content\/uploads\/2022\/03\/ARUMBO.jpg\" \/>\n\t<meta property=\"og:image:width\" content=\"2048\" \/>\n\t<meta property=\"og:image:height\" content=\"2048\" \/>\n\t<meta property=\"og:image:type\" content=\"image\/jpeg\" \/>\n<meta name=\"twitter:card\" content=\"summary_large_image\" \/>\n<meta name=\"twitter:label1\" content=\"Est. reading time\" \/>\n\t<meta name=\"twitter:data1\" content=\"1 minute\" \/>\n<script type=\"application\/ld+json\" class=\"yoast-schema-graph\">{\"@context\":\"https:\\\/\\\/schema.org\",\"@graph\":[{\"@type\":\"WebPage\",\"@id\":\"https:\\\/\\\/www.cruillabarcelona.cat\\\/en\\\/artists\\\/arumbo\\\/\",\"url\":\"https:\\\/\\\/www.cruillabarcelona.cat\\\/en\\\/artists\\\/arumbo\\\/\",\"name\":\"Arumbo concert in Barcelona, July 7 at Cru\u00eflla Festival\",\"isPartOf\":{\"@id\":\"https:\\\/\\\/www.cruillabarcelona.cat\\\/en\\\/#website\"},\"primaryImageOfPage\":{\"@id\":\"https:\\\/\\\/www.cruillabarcelona.cat\\\/en\\\/artists\\\/arumbo\\\/#primaryimage\"},\"image\":{\"@id\":\"https:\\\/\\\/www.cruillabarcelona.cat\\\/en\\\/artists\\\/arumbo\\\/#primaryimage\"},\"thumbnailUrl\":\"https:\\\/\\\/www.cruillabarcelona.cat\\\/wp-content\\\/uploads\\\/2022\\\/03\\\/ARUMBO.jpg\",\"datePublished\":\"2022-03-30T10:01:51+00:00\",\"dateModified\":\"2022-05-06T15:12:53+00:00\",\"description\":\"Buy tickets for the Arumbo concert in Barcelona, on July 7 at Cru\u00eflla Festival 2022. Arumbo live at Parc del F\u00f2rum, Barcelona\",\"breadcrumb\":{\"@id\":\"https:\\\/\\\/www.cruillabarcelona.cat\\\/en\\\/artists\\\/arumbo\\\/#breadcrumb\"},\"inLanguage\":\"en-US\",\"potentialAction\":[{\"@type\":\"ReadAction\",\"target\":[\"https:\\\/\\\/www.cruillabarcelona.cat\\\/en\\\/artists\\\/arumbo\\\/\"]}]},{\"@type\":\"ImageObject\",\"inLanguage\":\"en-US\",\"@id\":\"https:\\\/\\\/www.cruillabarcelona.cat\\\/en\\\/artists\\\/arumbo\\\/#primaryimage\",\"url\":\"https:\\\/\\\/www.cruillabarcelona.cat\\\/wp-content\\\/uploads\\\/2022\\\/03\\\/ARUMBO.jpg\",\"contentUrl\":\"https:\\\/\\\/www.cruillabarcelona.cat\\\/wp-content\\\/uploads\\\/2022\\\/03\\\/ARUMBO.jpg\",\"width\":2048,\"height\":2048},{\"@type\":\"BreadcrumbList\",\"@id\":\"https:\\\/\\\/www.cruillabarcelona.cat\\\/en\\\/artists\\\/arumbo\\\/#breadcrumb\",\"itemListElement\":[{\"@type\":\"ListItem\",\"position\":1,\"name\":\"Home\",\"item\":\"https:\\\/\\\/www.cruillabarcelona.cat\\\/en\\\/\"},{\"@type\":\"ListItem\",\"position\":2,\"name\":\"Arumbo\"}]},{\"@type\":\"WebSite\",\"@id\":\"https:\\\/\\\/www.cruillabarcelona.cat\\\/en\\\/#website\",\"url\":\"https:\\\/\\\/www.cruillabarcelona.cat\\\/en\\\/\",\"name\":\"Festival Cru\u00eflla\",\"description\":\"\",\"publisher\":{\"@id\":\"https:\\\/\\\/www.cruillabarcelona.cat\\\/en\\\/#organization\"},\"potentialAction\":[{\"@type\":\"SearchAction\",\"target\":{\"@type\":\"EntryPoint\",\"urlTemplate\":\"https:\\\/\\\/www.cruillabarcelona.cat\\\/en\\\/?s={search_term_string}\"},\"query-input\":{\"@type\":\"PropertyValueSpecification\",\"valueRequired\":true,\"valueName\":\"search_term_string\"}}],\"inLanguage\":\"en-US\"},{\"@type\":\"Organization\",\"@id\":\"https:\\\/\\\/www.cruillabarcelona.cat\\\/en\\\/#organization\",\"name\":\"Festival Cru\u00eflla\",\"url\":\"https:\\\/\\\/www.cruillabarcelona.cat\\\/en\\\/\",\"logo\":{\"@type\":\"ImageObject\",\"inLanguage\":\"en-US\",\"@id\":\"https:\\\/\\\/www.cruillabarcelona.cat\\\/en\\\/#\\\/schema\\\/logo\\\/image\\\/\",\"url\":\"https:\\\/\\\/www.cruillabarcelona.cat\\\/wp-content\\\/uploads\\\/2025\\\/12\\\/cruill-logo-negativo.png\",\"contentUrl\":\"https:\\\/\\\/www.cruillabarcelona.cat\\\/wp-content\\\/uploads\\\/2025\\\/12\\\/cruill-logo-negativo.png\",\"width\":400,\"height\":101,\"caption\":\"Festival Cru\u00eflla\"},\"image\":{\"@id\":\"https:\\\/\\\/www.cruillabarcelona.cat\\\/en\\\/#\\\/schema\\\/logo\\\/image\\\/\"}}]}<\/script>\n<!-- \/ Yoast SEO plugin. -->","yoast_head_json":{"title":"Arumbo concert in Barcelona, July 7 at Cru\u00eflla Festival","description":"Buy tickets for the Arumbo concert in Barcelona, on July 7 at Cru\u00eflla Festival 2022. Arumbo live at Parc del F\u00f2rum, Barcelona","robots":{"index":"index","follow":"follow","max-snippet":"max-snippet:-1","max-image-preview":"max-image-preview:large","max-video-preview":"max-video-preview:-1"},"canonical":"https:\/\/www.cruillabarcelona.cat\/en\/artists\/arumbo\/","og_locale":"en_US","og_type":"article","og_title":"Arumbo concert in Barcelona, July 7 at Cru\u00eflla Festival","og_description":"Buy tickets for the Arumbo concert in Barcelona, on July 7 at Cru\u00eflla Festival 2022. Arumbo live at Parc del F\u00f2rum, Barcelona","og_url":"https:\/\/www.cruillabarcelona.cat\/en\/artists\/arumbo\/","og_site_name":"Festival Cru\u00eflla","article_modified_time":"2022-05-06T15:12:53+00:00","og_image":[{"width":2048,"height":2048,"url":"https:\/\/www.cruillabarcelona.cat\/wp-content\/uploads\/2022\/03\/ARUMBO.jpg","type":"image\/jpeg"}],"twitter_card":"summary_large_image","twitter_misc":{"Est. reading time":"1 minute"},"schema":{"@context":"https:\/\/schema.org","@graph":[{"@type":"WebPage","@id":"https:\/\/www.cruillabarcelona.cat\/en\/artists\/arumbo\/","url":"https:\/\/www.cruillabarcelona.cat\/en\/artists\/arumbo\/","name":"Arumbo concert in Barcelona, July 7 at Cru\u00eflla Festival","isPartOf":{"@id":"https:\/\/www.cruillabarcelona.cat\/en\/#website"},"primaryImageOfPage":{"@id":"https:\/\/www.cruillabarcelona.cat\/en\/artists\/arumbo\/#primaryimage"},"image":{"@id":"https:\/\/www.cruillabarcelona.cat\/en\/artists\/arumbo\/#primaryimage"},"thumbnailUrl":"https:\/\/www.cruillabarcelona.cat\/wp-content\/uploads\/2022\/03\/ARUMBO.jpg","datePublished":"2022-03-30T10:01:51+00:00","dateModified":"2022-05-06T15:12:53+00:00","description":"Buy tickets for the Arumbo concert in Barcelona, on July 7 at Cru\u00eflla Festival 2022. Arumbo live at Parc del F\u00f2rum, Barcelona","breadcrumb":{"@id":"https:\/\/www.cruillabarcelona.cat\/en\/artists\/arumbo\/#breadcrumb"},"inLanguage":"en-US","potentialAction":[{"@type":"ReadAction","target":["https:\/\/www.cruillabarcelona.cat\/en\/artists\/arumbo\/"]}]},{"@type":"ImageObject","inLanguage":"en-US","@id":"https:\/\/www.cruillabarcelona.cat\/en\/artists\/arumbo\/#primaryimage","url":"https:\/\/www.cruillabarcelona.cat\/wp-content\/uploads\/2022\/03\/ARUMBO.jpg","contentUrl":"https:\/\/www.cruillabarcelona.cat\/wp-content\/uploads\/2022\/03\/ARUMBO.jpg","width":2048,"height":2048},{"@type":"BreadcrumbList","@id":"https:\/\/www.cruillabarcelona.cat\/en\/artists\/arumbo\/#breadcrumb","itemListElement":[{"@type":"ListItem","position":1,"name":"Home","item":"https:\/\/www.cruillabarcelona.cat\/en\/"},{"@type":"ListItem","position":2,"name":"Arumbo"}]},{"@type":"WebSite","@id":"https:\/\/www.cruillabarcelona.cat\/en\/#website","url":"https:\/\/www.cruillabarcelona.cat\/en\/","name":"Festival Cru\u00eflla","description":"","publisher":{"@id":"https:\/\/www.cruillabarcelona.cat\/en\/#organization"},"potentialAction":[{"@type":"SearchAction","target":{"@type":"EntryPoint","urlTemplate":"https:\/\/www.cruillabarcelona.cat\/en\/?s={search_term_string}"},"query-input":{"@type":"PropertyValueSpecification","valueRequired":true,"valueName":"search_term_string"}}],"inLanguage":"en-US"},{"@type":"Organization","@id":"https:\/\/www.cruillabarcelona.cat\/en\/#organization","name":"Festival Cru\u00eflla","url":"https:\/\/www.cruillabarcelona.cat\/en\/","logo":{"@type":"ImageObject","inLanguage":"en-US","@id":"https:\/\/www.cruillabarcelona.cat\/en\/#\/schema\/logo\/image\/","url":"https:\/\/www.cruillabarcelona.cat\/wp-content\/uploads\/2025\/12\/cruill-logo-negativo.png","contentUrl":"https:\/\/www.cruillabarcelona.cat\/wp-content\/uploads\/2025\/12\/cruill-logo-negativo.png","width":400,"height":101,"caption":"Festival Cru\u00eflla"},"image":{"@id":"https:\/\/www.cruillabarcelona.cat\/en\/#\/schema\/logo\/image\/"}}]}},"_links":{"self":[{"href":"https:\/\/www.cruillabarcelona.cat\/en\/wp-json\/wp\/v2\/artists\/42273","targetHints":{"allow":["GET"]}}],"collection":[{"href":"https:\/\/www.cruillabarcelona.cat\/en\/wp-json\/wp\/v2\/artists"}],"about":[{"href":"https:\/\/www.cruillabarcelona.cat\/en\/wp-json\/wp\/v2\/types\/artists"}],"acf:term":[{"embeddable":true,"taxonomy":"artists_edition","href":"https:\/\/www.cruillabarcelona.cat\/en\/wp-json\/wp\/v2\/artists_edition\/834"}],"wp:featuredmedia":[{"embeddable":true,"href":"https:\/\/www.cruillabarcelona.cat\/en\/wp-json\/wp\/v2\/media\/42298"}],"wp:attachment":[{"href":"https:\/\/www.cruillabarcelona.cat\/en\/wp-json\/wp\/v2\/media?parent=42273"}],"wp:term":[{"taxonomy":"artists_edition","embeddable":true,"href":"https:\/\/www.cruillabarcelona.cat\/en\/wp-json\/wp\/v2\/artists_edition?post=42273"}],"curies":[{"name":"wp","href":"https:\/\/api.w.org\/{rel}","templated":true}]}}

<h2>All roads lead to Cruïlla: Arumbo at Cruïlla Festival 2022</h2>
<p><strong>Nomadism</strong> is the system of life by which some humans move temporarily or permanently from the place where they live. Originally, nomads <strong>acquired the knowledge</strong> of the land before leaving it due to the change of season and applied it to the new location. Thousands of years later, but with the same philosophy, <strong>Marta Meix</strong> and <strong>Jonas Mertens</strong> created the <strong>Arumbo</strong> project.</p>
<p>Like the ancient nomads, <strong>Arumbo</strong> gathers the best of each style and musical stage of the duo. <strong>From reggae to medicinal music,</strong> from <strong>rumba to jazz.</strong> The result is a <strong>danceable music</strong> that floods the stages with positivity. Just listen to anthems like <em>Deja Que Te Cuente, La Riqueza</em> or <em>Soleando</em>. Come and see for yourself on <strong>7 July</strong>, the day <strong>Arumbo&#8217;s</strong> nomadic caravan stops at <strong>Cruïlla Festival.</strong></p>
<hr />
<p style="text-align: center;"><strong>Get your tickets now!</strong></p>
<p style="text-align: center;"><a class="efsbutton button " target="_blank">TICKETS</a></p>
<!-- auto-added video if acf/single-artist-video not used  --> <iframe style="width: 100%;max-width: 100%;height: auto;aspect-ratio: 16 / 9;" src="https://www.youtube-nocookie.com/embed/KhBQONNKG0k" frameborder="0" allow="accelerometer; autoplay; encrypted-media; gyroscope; picture-in-picture" allowfullscreen></iframe>

Festival Cruïlla 2022

<!-- This site is optimized with the Yoast SEO plugin v27.5 - https://yoast.com/product/yoast-seo-wordpress/ -->
<title>Arumbo concert in Barcelona, July 7 at Cruïlla Festival</title>
<meta name="description" content="Buy tickets for the Arumbo concert in Barcelona, on July 7 at Cruïlla Festival 2022. Arumbo live at Parc del Fòrum, Barcelona" />
<meta name="robots" content="index, follow, max-snippet:-1, max-image-preview:large, max-video-preview:-1" />
<link rel="canonical" href="https://www.cruillabarcelona.cat/en/artists/arumbo/" />
<meta property="og:locale" content="en_US" />
<meta property="og:type" content="article" />
<meta property="og:title" content="Arumbo concert in Barcelona, July 7 at Cruïlla Festival" />
<meta property="og:description" content="Buy tickets for the Arumbo concert in Barcelona, on July 7 at Cruïlla Festival 2022. Arumbo live at Parc del Fòrum, Barcelona" />
<meta property="og:url" content="https://www.cruillabarcelona.cat/en/artists/arumbo/" />
<meta property="og:site_name" content="Festival Cruïlla" />
<meta property="article:modified_time" content="2022-05-06T15:12:53+00:00" />
<meta property="og:image" content="https://www.cruillabarcelona.cat/wp-content/uploads/2022/03/ARUMBO.jpg" />
	<meta property="og:image:width" content="2048" />
	<meta property="og:image:height" content="2048" />
	<meta property="og:image:type" content="image/jpeg" />
<meta name="twitter:card" content="summary_large_image" />
<meta name="twitter:label1" content="Est. reading time" />
	<meta name="twitter:data1" content="1 minute" />
<script type="application/ld+json" class="yoast-schema-graph">{"@context":"https:\/\/schema.org","@graph":[{"@type":"WebPage","@id":"https:\/\/www.cruillabarcelona.cat\/en\/artists\/arumbo\/","url":"https:\/\/www.cruillabarcelona.cat\/en\/artists\/arumbo\/","name":"Arumbo concert in Barcelona, July 7 at Cruïlla Festival","isPartOf":{"@id":"https:\/\/www.cruillabarcelona.cat\/en\/#website"},"primaryImageOfPage":{"@id":"https:\/\/www.cruillabarcelona.cat\/en\/artists\/arumbo\/#primaryimage"},"image":{"@id":"https:\/\/www.cruillabarcelona.cat\/en\/artists\/arumbo\/#primaryimage"},"thumbnailUrl":"https:\/\/www.cruillabarcelona.cat\/wp-content\/uploads\/2022\/03\/ARUMBO.jpg","datePublished":"2022-03-30T10:01:51+00:00","dateModified":"2022-05-06T15:12:53+00:00","description":"Buy tickets for the Arumbo concert in Barcelona, on July 7 at Cruïlla Festival 2022. Arumbo live at Parc del Fòrum, Barcelona","breadcrumb":{"@id":"https:\/\/www.cruillabarcelona.cat\/en\/artists\/arumbo\/#breadcrumb"},"inLanguage":"en-US","potentialAction":[{"@type":"ReadAction","target":["https:\/\/www.cruillabarcelona.cat\/en\/artists\/arumbo\/"]}]},{"@type":"ImageObject","inLanguage":"en-US","@id":"https:\/\/www.cruillabarcelona.cat\/en\/artists\/arumbo\/#primaryimage","url":"https:\/\/www.cruillabarcelona.cat\/wp-content\/uploads\/2022\/03\/ARUMBO.jpg","contentUrl":"https:\/\/www.cruillabarcelona.cat\/wp-content\/uploads\/2022\/03\/ARUMBO.jpg","width":2048,"height":2048},{"@type":"BreadcrumbList","@id":"https:\/\/www.cruillabarcelona.cat\/en\/artists\/arumbo\/#breadcrumb","itemListElement":[{"@type":"ListItem","position":1,"name":"Home","item":"https:\/\/www.cruillabarcelona.cat\/en\/"},{"@type":"ListItem","position":2,"name":"Arumbo"}]},{"@type":"WebSite","@id":"https:\/\/www.cruillabarcelona.cat\/en\/#website","url":"https:\/\/www.cruillabarcelona.cat\/en\/","name":"Festival Cruïlla","description":"","publisher":{"@id":"https:\/\/www.cruillabarcelona.cat\/en\/#organization"},"potentialAction":[{"@type":"SearchAction","target":{"@type":"EntryPoint","urlTemplate":"https:\/\/www.cruillabarcelona.cat\/en\/?s={search_term_string}"},"query-input":{"@type":"PropertyValueSpecification","valueRequired":true,"valueName":"search_term_string"}}],"inLanguage":"en-US"},{"@type":"Organization","@id":"https:\/\/www.cruillabarcelona.cat\/en\/#organization","name":"Festival Cruïlla","url":"https:\/\/www.cruillabarcelona.cat\/en\/","logo":{"@type":"ImageObject","inLanguage":"en-US","@id":"https:\/\/www.cruillabarcelona.cat\/en\/#\/schema\/logo\/image\/","url":"https:\/\/www.cruillabarcelona.cat\/wp-content\/uploads\/2025\/12\/cruill-logo-negativo.png","contentUrl":"https:\/\/www.cruillabarcelona.cat\/wp-content\/uploads\/2025\/12\/cruill-logo-negativo.png","width":400,"height":101,"caption":"Festival Cruïlla"},"image":{"@id":"https:\/\/www.cruillabarcelona.cat\/en\/#\/schema\/logo\/image\/"}}]}</script>
<!-- / Yoast SEO plugin. -->

Arumbo concert in Barcelona, July 7 at Cruïlla Festival

Buy tickets for the Arumbo concert in Barcelona, on July 7 at Cruïlla Festival 2022. Arumbo live at Parc del Fòrum, Barcelona

Festival Cruïlla
