{"id":46248,"date":"2022-12-14T13:05:58","date_gmt":"2022-12-14T11:05:58","guid":{"rendered":"https:\/\/www.cruillabarcelona.cat\/?post_type=artists&#038;p=46248"},"modified":"2023-05-23T16:18:30","modified_gmt":"2023-05-23T14:18:30","slug":"franz-ferdinand","status":"publish","type":"artists","link":"https:\/\/www.cruillabarcelona.cat\/en\/artists\/franz-ferdinand\/","title":{"rendered":"Franz Ferdinand"},"content":{"rendered":"<h2>Franz Ferdinand in concert at the Cru\u00eflla 2023 Festival!<\/h2>\n<h3>Lucky, oh, so lucky<\/h3>\n<p>If the poor Archduke of Austria, Franz Ferdinand, never suspected that his assassination would provoke the First World War, <strong>how could he suspect this?<\/strong> In the 21st century, the name <strong>Franz Ferdinand<\/strong> resonates in a much less dismal way: it is <strong>synonymous with partying, endorphins, dancing!<\/strong><\/p>\n<p>The good <strong>Franz Ferdinand<\/strong>, the one that doesn&#8217;t provoke wars, but quite the opposite, <strong>is coming back to Barcelona!<\/strong> Alex Kapranos&#8217; band arrives next <strong>Friday 7th July <\/strong>at the<strong> Cru\u00eflla 2023 Festival.<\/strong> <em>We&#8217;re lucky, oh, so lucky!<\/em><\/p>\n<hr \/>\n<p style=\"text-align: center;\"><em>Get your Cru\u00eflla 2023 day ticket or full pass ticket:<\/em><\/p>\n<p style=\"text-align: center;\"><a class=\"efsbutton button \" target=\"_blank\">TICKETS<\/a><\/p>\n<hr \/>\n<p><em>Take Me Out, This Fire, The Dark of the Matin\u00e9e<\/em>&#8230; <strong>Franz Ferdinand<\/strong> only needed one <strong>debut album<\/strong> to become the <strong>party machine<\/strong> it&#8217;s today.<\/p>\n<p>And then <em>Do You Want To, No You Girls<\/em>&#8230; and a long etcetera until <strong><em>Hits To The Head<\/em><\/strong>, the <strong>hits compilation<\/strong> they released in 2022 and which will revolutionise <strong>Friday night at Cru\u00eflla 2023.<\/strong><\/p>\n<!-- auto-added video if acf\/single-artist-video not used  --> <iframe style=\"width: 100%;max-width: 100%;height: auto;aspect-ratio: 16 \/ 9;\" src=\"https:\/\/www.youtube-nocookie.com\/embed\/QcFWjCYwBW4\" frameborder=\"0\" allow=\"accelerometer; autoplay; encrypted-media; gyroscope; picture-in-picture\" allowfullscreen><\/iframe>","protected":false},"featured_media":46505,"template":"","meta":{"_acf_changed":false},"artists_edition":[877],"class_list":["post-46248","artists","type-artists","status-publish","has-post-thumbnail","hentry","artists_edition-877"],"acf":{"_thumbnail_id":46505,"youtube_player":"QcFWjCYwBW4","artist_edition":[877],"artist_date":"20230707","artist_time":"00:45","artist_time_2":"","artist_location":false,"artist_ticket_url":"https:\/\/www.cruillabarcelona.cat\/en\/tickets\/","artist_ticket_status":"","artist_extra_date__show":false,"artist_extra_date_2":null,"artist_time_of_date2":"","artist_extra_date_3":null,"artist_time_of_date3":"","artist_extra_date_4":null,"artist_time_of_date4":"","artist_extra_date_5":null,"artist_time_of_date5":"","artist_date__show_month":true,"artist_sidebar_active":true,"show_in_agenda":false,"artist_sidebar__banner_img":"","artist_sidebar__banner_link":"https:\/\/www.cruillabarcelona.cat\/tickets\/","artist_hero_content":"Festival Cru\u00eflla 2023","artist_style":false,"artist_nationality":false,"artist_audience_age":false},"yoast_head":"<!-- This site is optimized with the Yoast SEO plugin v27.5 - https:\/\/yoast.com\/product\/yoast-seo-wordpress\/ -->\n<title>Franz Ferdinand live at Cru\u00eflla Festival 2023<\/title>\n<meta name=\"description\" content=\"Get your festival tickets for Franz Ferdinand&#039;s concert at Cru\u00eflla Festival 2023, on July 7 at Parc del F\u00f2rum, Barcelona\" \/>\n<meta name=\"robots\" content=\"index, follow, max-snippet:-1, max-image-preview:large, max-video-preview:-1\" \/>\n<link rel=\"canonical\" href=\"https:\/\/www.cruillabarcelona.cat\/en\/artists\/franz-ferdinand\/\" \/>\n<meta property=\"og:locale\" content=\"en_US\" \/>\n<meta property=\"og:type\" content=\"article\" \/>\n<meta property=\"og:title\" content=\"Franz Ferdinand live at Cru\u00eflla Festival 2023\" \/>\n<meta property=\"og:description\" content=\"Get your festival tickets for Franz Ferdinand&#039;s concert at Cru\u00eflla Festival 2023, on July 7 at Parc del F\u00f2rum, Barcelona\" \/>\n<meta property=\"og:url\" content=\"https:\/\/www.cruillabarcelona.cat\/en\/artists\/franz-ferdinand\/\" \/>\n<meta property=\"og:site_name\" content=\"Festival Cru\u00eflla\" \/>\n<meta property=\"article:modified_time\" content=\"2023-05-23T14:18:30+00:00\" \/>\n<meta property=\"og:image\" content=\"https:\/\/www.cruillabarcelona.cat\/wp-content\/uploads\/2022\/12\/FRANZ-FERDINAND-1.jpg\" \/>\n\t<meta property=\"og:image:width\" content=\"1437\" \/>\n\t<meta property=\"og:image:height\" content=\"1437\" \/>\n\t<meta property=\"og:image:type\" content=\"image\/jpeg\" \/>\n<meta name=\"twitter:card\" content=\"summary_large_image\" \/>\n<meta name=\"twitter:label1\" content=\"Est. reading time\" \/>\n\t<meta name=\"twitter:data1\" content=\"1 minute\" \/>\n<script type=\"application\/ld+json\" class=\"yoast-schema-graph\">{\"@context\":\"https:\\\/\\\/schema.org\",\"@graph\":[{\"@type\":\"WebPage\",\"@id\":\"https:\\\/\\\/www.cruillabarcelona.cat\\\/en\\\/artists\\\/franz-ferdinand\\\/\",\"url\":\"https:\\\/\\\/www.cruillabarcelona.cat\\\/en\\\/artists\\\/franz-ferdinand\\\/\",\"name\":\"Franz Ferdinand live at Cru\u00eflla Festival 2023\",\"isPartOf\":{\"@id\":\"https:\\\/\\\/www.cruillabarcelona.cat\\\/en\\\/#website\"},\"primaryImageOfPage\":{\"@id\":\"https:\\\/\\\/www.cruillabarcelona.cat\\\/en\\\/artists\\\/franz-ferdinand\\\/#primaryimage\"},\"image\":{\"@id\":\"https:\\\/\\\/www.cruillabarcelona.cat\\\/en\\\/artists\\\/franz-ferdinand\\\/#primaryimage\"},\"thumbnailUrl\":\"https:\\\/\\\/www.cruillabarcelona.cat\\\/wp-content\\\/uploads\\\/2022\\\/12\\\/FRANZ-FERDINAND-1.jpg\",\"datePublished\":\"2022-12-14T11:05:58+00:00\",\"dateModified\":\"2023-05-23T14:18:30+00:00\",\"description\":\"Get your festival tickets for Franz Ferdinand's concert at Cru\u00eflla Festival 2023, on July 7 at Parc del F\u00f2rum, Barcelona\",\"breadcrumb\":{\"@id\":\"https:\\\/\\\/www.cruillabarcelona.cat\\\/en\\\/artists\\\/franz-ferdinand\\\/#breadcrumb\"},\"inLanguage\":\"en-US\",\"potentialAction\":[{\"@type\":\"ReadAction\",\"target\":[\"https:\\\/\\\/www.cruillabarcelona.cat\\\/en\\\/artists\\\/franz-ferdinand\\\/\"]}]},{\"@type\":\"ImageObject\",\"inLanguage\":\"en-US\",\"@id\":\"https:\\\/\\\/www.cruillabarcelona.cat\\\/en\\\/artists\\\/franz-ferdinand\\\/#primaryimage\",\"url\":\"https:\\\/\\\/www.cruillabarcelona.cat\\\/wp-content\\\/uploads\\\/2022\\\/12\\\/FRANZ-FERDINAND-1.jpg\",\"contentUrl\":\"https:\\\/\\\/www.cruillabarcelona.cat\\\/wp-content\\\/uploads\\\/2022\\\/12\\\/FRANZ-FERDINAND-1.jpg\",\"width\":1437,\"height\":1437},{\"@type\":\"BreadcrumbList\",\"@id\":\"https:\\\/\\\/www.cruillabarcelona.cat\\\/en\\\/artists\\\/franz-ferdinand\\\/#breadcrumb\",\"itemListElement\":[{\"@type\":\"ListItem\",\"position\":1,\"name\":\"Home\",\"item\":\"https:\\\/\\\/www.cruillabarcelona.cat\\\/en\\\/\"},{\"@type\":\"ListItem\",\"position\":2,\"name\":\"Franz Ferdinand\"}]},{\"@type\":\"WebSite\",\"@id\":\"https:\\\/\\\/www.cruillabarcelona.cat\\\/en\\\/#website\",\"url\":\"https:\\\/\\\/www.cruillabarcelona.cat\\\/en\\\/\",\"name\":\"Festival Cru\u00eflla\",\"description\":\"\",\"publisher\":{\"@id\":\"https:\\\/\\\/www.cruillabarcelona.cat\\\/en\\\/#organization\"},\"potentialAction\":[{\"@type\":\"SearchAction\",\"target\":{\"@type\":\"EntryPoint\",\"urlTemplate\":\"https:\\\/\\\/www.cruillabarcelona.cat\\\/en\\\/?s={search_term_string}\"},\"query-input\":{\"@type\":\"PropertyValueSpecification\",\"valueRequired\":true,\"valueName\":\"search_term_string\"}}],\"inLanguage\":\"en-US\"},{\"@type\":\"Organization\",\"@id\":\"https:\\\/\\\/www.cruillabarcelona.cat\\\/en\\\/#organization\",\"name\":\"Festival Cru\u00eflla\",\"url\":\"https:\\\/\\\/www.cruillabarcelona.cat\\\/en\\\/\",\"logo\":{\"@type\":\"ImageObject\",\"inLanguage\":\"en-US\",\"@id\":\"https:\\\/\\\/www.cruillabarcelona.cat\\\/en\\\/#\\\/schema\\\/logo\\\/image\\\/\",\"url\":\"https:\\\/\\\/www.cruillabarcelona.cat\\\/wp-content\\\/uploads\\\/2025\\\/12\\\/cruill-logo-negativo.png\",\"contentUrl\":\"https:\\\/\\\/www.cruillabarcelona.cat\\\/wp-content\\\/uploads\\\/2025\\\/12\\\/cruill-logo-negativo.png\",\"width\":400,\"height\":101,\"caption\":\"Festival Cru\u00eflla\"},\"image\":{\"@id\":\"https:\\\/\\\/www.cruillabarcelona.cat\\\/en\\\/#\\\/schema\\\/logo\\\/image\\\/\"}}]}<\/script>\n<!-- \/ Yoast SEO plugin. -->","yoast_head_json":{"title":"Franz Ferdinand live at Cru\u00eflla Festival 2023","description":"Get your festival tickets for Franz Ferdinand's concert at Cru\u00eflla Festival 2023, on July 7 at Parc del F\u00f2rum, Barcelona","robots":{"index":"index","follow":"follow","max-snippet":"max-snippet:-1","max-image-preview":"max-image-preview:large","max-video-preview":"max-video-preview:-1"},"canonical":"https:\/\/www.cruillabarcelona.cat\/en\/artists\/franz-ferdinand\/","og_locale":"en_US","og_type":"article","og_title":"Franz Ferdinand live at Cru\u00eflla Festival 2023","og_description":"Get your festival tickets for Franz Ferdinand's concert at Cru\u00eflla Festival 2023, on July 7 at Parc del F\u00f2rum, Barcelona","og_url":"https:\/\/www.cruillabarcelona.cat\/en\/artists\/franz-ferdinand\/","og_site_name":"Festival Cru\u00eflla","article_modified_time":"2023-05-23T14:18:30+00:00","og_image":[{"width":1437,"height":1437,"url":"https:\/\/www.cruillabarcelona.cat\/wp-content\/uploads\/2022\/12\/FRANZ-FERDINAND-1.jpg","type":"image\/jpeg"}],"twitter_card":"summary_large_image","twitter_misc":{"Est. reading time":"1 minute"},"schema":{"@context":"https:\/\/schema.org","@graph":[{"@type":"WebPage","@id":"https:\/\/www.cruillabarcelona.cat\/en\/artists\/franz-ferdinand\/","url":"https:\/\/www.cruillabarcelona.cat\/en\/artists\/franz-ferdinand\/","name":"Franz Ferdinand live at Cru\u00eflla Festival 2023","isPartOf":{"@id":"https:\/\/www.cruillabarcelona.cat\/en\/#website"},"primaryImageOfPage":{"@id":"https:\/\/www.cruillabarcelona.cat\/en\/artists\/franz-ferdinand\/#primaryimage"},"image":{"@id":"https:\/\/www.cruillabarcelona.cat\/en\/artists\/franz-ferdinand\/#primaryimage"},"thumbnailUrl":"https:\/\/www.cruillabarcelona.cat\/wp-content\/uploads\/2022\/12\/FRANZ-FERDINAND-1.jpg","datePublished":"2022-12-14T11:05:58+00:00","dateModified":"2023-05-23T14:18:30+00:00","description":"Get your festival tickets for Franz Ferdinand's concert at Cru\u00eflla Festival 2023, on July 7 at Parc del F\u00f2rum, Barcelona","breadcrumb":{"@id":"https:\/\/www.cruillabarcelona.cat\/en\/artists\/franz-ferdinand\/#breadcrumb"},"inLanguage":"en-US","potentialAction":[{"@type":"ReadAction","target":["https:\/\/www.cruillabarcelona.cat\/en\/artists\/franz-ferdinand\/"]}]},{"@type":"ImageObject","inLanguage":"en-US","@id":"https:\/\/www.cruillabarcelona.cat\/en\/artists\/franz-ferdinand\/#primaryimage","url":"https:\/\/www.cruillabarcelona.cat\/wp-content\/uploads\/2022\/12\/FRANZ-FERDINAND-1.jpg","contentUrl":"https:\/\/www.cruillabarcelona.cat\/wp-content\/uploads\/2022\/12\/FRANZ-FERDINAND-1.jpg","width":1437,"height":1437},{"@type":"BreadcrumbList","@id":"https:\/\/www.cruillabarcelona.cat\/en\/artists\/franz-ferdinand\/#breadcrumb","itemListElement":[{"@type":"ListItem","position":1,"name":"Home","item":"https:\/\/www.cruillabarcelona.cat\/en\/"},{"@type":"ListItem","position":2,"name":"Franz Ferdinand"}]},{"@type":"WebSite","@id":"https:\/\/www.cruillabarcelona.cat\/en\/#website","url":"https:\/\/www.cruillabarcelona.cat\/en\/","name":"Festival Cru\u00eflla","description":"","publisher":{"@id":"https:\/\/www.cruillabarcelona.cat\/en\/#organization"},"potentialAction":[{"@type":"SearchAction","target":{"@type":"EntryPoint","urlTemplate":"https:\/\/www.cruillabarcelona.cat\/en\/?s={search_term_string}"},"query-input":{"@type":"PropertyValueSpecification","valueRequired":true,"valueName":"search_term_string"}}],"inLanguage":"en-US"},{"@type":"Organization","@id":"https:\/\/www.cruillabarcelona.cat\/en\/#organization","name":"Festival Cru\u00eflla","url":"https:\/\/www.cruillabarcelona.cat\/en\/","logo":{"@type":"ImageObject","inLanguage":"en-US","@id":"https:\/\/www.cruillabarcelona.cat\/en\/#\/schema\/logo\/image\/","url":"https:\/\/www.cruillabarcelona.cat\/wp-content\/uploads\/2025\/12\/cruill-logo-negativo.png","contentUrl":"https:\/\/www.cruillabarcelona.cat\/wp-content\/uploads\/2025\/12\/cruill-logo-negativo.png","width":400,"height":101,"caption":"Festival Cru\u00eflla"},"image":{"@id":"https:\/\/www.cruillabarcelona.cat\/en\/#\/schema\/logo\/image\/"}}]}},"_links":{"self":[{"href":"https:\/\/www.cruillabarcelona.cat\/en\/wp-json\/wp\/v2\/artists\/46248","targetHints":{"allow":["GET"]}}],"collection":[{"href":"https:\/\/www.cruillabarcelona.cat\/en\/wp-json\/wp\/v2\/artists"}],"about":[{"href":"https:\/\/www.cruillabarcelona.cat\/en\/wp-json\/wp\/v2\/types\/artists"}],"acf:term":[{"embeddable":true,"taxonomy":"artists_edition","href":"https:\/\/www.cruillabarcelona.cat\/en\/wp-json\/wp\/v2\/artists_edition\/877"}],"wp:featuredmedia":[{"embeddable":true,"href":"https:\/\/www.cruillabarcelona.cat\/en\/wp-json\/wp\/v2\/media\/46505"}],"wp:attachment":[{"href":"https:\/\/www.cruillabarcelona.cat\/en\/wp-json\/wp\/v2\/media?parent=46248"}],"wp:term":[{"taxonomy":"artists_edition","embeddable":true,"href":"https:\/\/www.cruillabarcelona.cat\/en\/wp-json\/wp\/v2\/artists_edition?post=46248"}],"curies":[{"name":"wp","href":"https:\/\/api.w.org\/{rel}","templated":true}]}}

<h2>Franz Ferdinand in concert at the Cruïlla 2023 Festival!</h2>
<h3>Lucky, oh, so lucky</h3>
<p>If the poor Archduke of Austria, Franz Ferdinand, never suspected that his assassination would provoke the First World War, <strong>how could he suspect this?</strong> In the 21st century, the name <strong>Franz Ferdinand</strong> resonates in a much less dismal way: it is <strong>synonymous with partying, endorphins, dancing!</strong></p>
<p>The good <strong>Franz Ferdinand</strong>, the one that doesn&#8217;t provoke wars, but quite the opposite, <strong>is coming back to Barcelona!</strong> Alex Kapranos&#8217; band arrives next <strong>Friday 7th July </strong>at the<strong> Cruïlla 2023 Festival.</strong> <em>We&#8217;re lucky, oh, so lucky!</em></p>
<hr />
<p style="text-align: center;"><em>Get your Cruïlla 2023 day ticket or full pass ticket:</em></p>
<p style="text-align: center;"><a class="efsbutton button " target="_blank">TICKETS</a></p>
<hr />
<p><em>Take Me Out, This Fire, The Dark of the Matinée</em>&#8230; <strong>Franz Ferdinand</strong> only needed one <strong>debut album</strong> to become the <strong>party machine</strong> it&#8217;s today.</p>
<p>And then <em>Do You Want To, No You Girls</em>&#8230; and a long etcetera until <strong><em>Hits To The Head</em></strong>, the <strong>hits compilation</strong> they released in 2022 and which will revolutionise <strong>Friday night at Cruïlla 2023.</strong></p>
<!-- auto-added video if acf/single-artist-video not used  --> <iframe style="width: 100%;max-width: 100%;height: auto;aspect-ratio: 16 / 9;" src="https://www.youtube-nocookie.com/embed/QcFWjCYwBW4" frameborder="0" allow="accelerometer; autoplay; encrypted-media; gyroscope; picture-in-picture" allowfullscreen></iframe>

Festival Cruïlla 2023

<!-- This site is optimized with the Yoast SEO plugin v27.5 - https://yoast.com/product/yoast-seo-wordpress/ -->
<title>Franz Ferdinand live at Cruïlla Festival 2023</title>
<meta name="description" content="Get your festival tickets for Franz Ferdinand&#039;s concert at Cruïlla Festival 2023, on July 7 at Parc del Fòrum, Barcelona" />
<meta name="robots" content="index, follow, max-snippet:-1, max-image-preview:large, max-video-preview:-1" />
<link rel="canonical" href="https://www.cruillabarcelona.cat/en/artists/franz-ferdinand/" />
<meta property="og:locale" content="en_US" />
<meta property="og:type" content="article" />
<meta property="og:title" content="Franz Ferdinand live at Cruïlla Festival 2023" />
<meta property="og:description" content="Get your festival tickets for Franz Ferdinand&#039;s concert at Cruïlla Festival 2023, on July 7 at Parc del Fòrum, Barcelona" />
<meta property="og:url" content="https://www.cruillabarcelona.cat/en/artists/franz-ferdinand/" />
<meta property="og:site_name" content="Festival Cruïlla" />
<meta property="article:modified_time" content="2023-05-23T14:18:30+00:00" />
<meta property="og:image" content="https://www.cruillabarcelona.cat/wp-content/uploads/2022/12/FRANZ-FERDINAND-1.jpg" />
	<meta property="og:image:width" content="1437" />
	<meta property="og:image:height" content="1437" />
	<meta property="og:image:type" content="image/jpeg" />
<meta name="twitter:card" content="summary_large_image" />
<meta name="twitter:label1" content="Est. reading time" />
	<meta name="twitter:data1" content="1 minute" />
<script type="application/ld+json" class="yoast-schema-graph">{"@context":"https:\/\/schema.org","@graph":[{"@type":"WebPage","@id":"https:\/\/www.cruillabarcelona.cat\/en\/artists\/franz-ferdinand\/","url":"https:\/\/www.cruillabarcelona.cat\/en\/artists\/franz-ferdinand\/","name":"Franz Ferdinand live at Cruïlla Festival 2023","isPartOf":{"@id":"https:\/\/www.cruillabarcelona.cat\/en\/#website"},"primaryImageOfPage":{"@id":"https:\/\/www.cruillabarcelona.cat\/en\/artists\/franz-ferdinand\/#primaryimage"},"image":{"@id":"https:\/\/www.cruillabarcelona.cat\/en\/artists\/franz-ferdinand\/#primaryimage"},"thumbnailUrl":"https:\/\/www.cruillabarcelona.cat\/wp-content\/uploads\/2022\/12\/FRANZ-FERDINAND-1.jpg","datePublished":"2022-12-14T11:05:58+00:00","dateModified":"2023-05-23T14:18:30+00:00","description":"Get your festival tickets for Franz Ferdinand's concert at Cruïlla Festival 2023, on July 7 at Parc del Fòrum, Barcelona","breadcrumb":{"@id":"https:\/\/www.cruillabarcelona.cat\/en\/artists\/franz-ferdinand\/#breadcrumb"},"inLanguage":"en-US","potentialAction":[{"@type":"ReadAction","target":["https:\/\/www.cruillabarcelona.cat\/en\/artists\/franz-ferdinand\/"]}]},{"@type":"ImageObject","inLanguage":"en-US","@id":"https:\/\/www.cruillabarcelona.cat\/en\/artists\/franz-ferdinand\/#primaryimage","url":"https:\/\/www.cruillabarcelona.cat\/wp-content\/uploads\/2022\/12\/FRANZ-FERDINAND-1.jpg","contentUrl":"https:\/\/www.cruillabarcelona.cat\/wp-content\/uploads\/2022\/12\/FRANZ-FERDINAND-1.jpg","width":1437,"height":1437},{"@type":"BreadcrumbList","@id":"https:\/\/www.cruillabarcelona.cat\/en\/artists\/franz-ferdinand\/#breadcrumb","itemListElement":[{"@type":"ListItem","position":1,"name":"Home","item":"https:\/\/www.cruillabarcelona.cat\/en\/"},{"@type":"ListItem","position":2,"name":"Franz Ferdinand"}]},{"@type":"WebSite","@id":"https:\/\/www.cruillabarcelona.cat\/en\/#website","url":"https:\/\/www.cruillabarcelona.cat\/en\/","name":"Festival Cruïlla","description":"","publisher":{"@id":"https:\/\/www.cruillabarcelona.cat\/en\/#organization"},"potentialAction":[{"@type":"SearchAction","target":{"@type":"EntryPoint","urlTemplate":"https:\/\/www.cruillabarcelona.cat\/en\/?s={search_term_string}"},"query-input":{"@type":"PropertyValueSpecification","valueRequired":true,"valueName":"search_term_string"}}],"inLanguage":"en-US"},{"@type":"Organization","@id":"https:\/\/www.cruillabarcelona.cat\/en\/#organization","name":"Festival Cruïlla","url":"https:\/\/www.cruillabarcelona.cat\/en\/","logo":{"@type":"ImageObject","inLanguage":"en-US","@id":"https:\/\/www.cruillabarcelona.cat\/en\/#\/schema\/logo\/image\/","url":"https:\/\/www.cruillabarcelona.cat\/wp-content\/uploads\/2025\/12\/cruill-logo-negativo.png","contentUrl":"https:\/\/www.cruillabarcelona.cat\/wp-content\/uploads\/2025\/12\/cruill-logo-negativo.png","width":400,"height":101,"caption":"Festival Cruïlla"},"image":{"@id":"https:\/\/www.cruillabarcelona.cat\/en\/#\/schema\/logo\/image\/"}}]}</script>
<!-- / Yoast SEO plugin. -->

Franz Ferdinand live at Cruïlla Festival 2023

Get your festival tickets for Franz Ferdinand's concert at Cruïlla Festival 2023, on July 7 at Parc del Fòrum, Barcelona

Festival Cruïlla
