{"id":46325,"date":"2022-12-14T13:05:20","date_gmt":"2022-12-14T11:05:20","guid":{"rendered":"https:\/\/www.cruillabarcelona.cat\/?post_type=artists&#038;p=46325"},"modified":"2023-05-12T17:44:35","modified_gmt":"2023-05-12T15:44:35","slug":"triquell","status":"publish","type":"artists","link":"https:\/\/www.cruillabarcelona.cat\/en\/artists\/triquell\/","title":{"rendered":"Triquell"},"content":{"rendered":"<h2>Triquell in concert at Cru\u00eflla 2023!<\/h2>\n<h3>Music as a vital driving force<\/h3>\n<p><strong>Triquell<\/strong> is one of the best known names of a <strong>new batch of Catalan musicians<\/strong>, after a participation in the TV3 talent show <em>Euf\u00f2ria<\/em> that marked <strong>a before and after<\/strong> in the life of the 21-year-old.<\/p>\n<p>Since he was a teenager, <strong>music<\/strong> has been his <strong>passion<\/strong> and his <strong>driving force in life<\/strong>, until he became the <strong>composer, performer and producer<\/strong> he is today.<\/p>\n<p>He has recently presented his first album <strong><em>Entre fluids<\/em><\/strong>\u00a0and in the summer we will find him on stage at the <strong>Cru\u00eflla 2023 Festival,<\/strong> <strong><em>playing hits a toda hostia ignorando la gravedad! <\/em><\/strong><em>(playing hits at full throttle ignoring gravity!)<\/em><\/p>\n<p>Next <strong>Wednesday 5 July,<\/strong> come and listen live to the singer&#8217;s <strong>debut album<\/strong>, which moves between pop and urban music. &#8220;<em><strong>Nem a encendre la metxa<\/strong><\/em> (let&#8217;s light the fuse) to the rhythm of <strong>Triquell<\/strong> for an unforgettable night!<\/p>\n<hr \/>\n<p style=\"text-align: center;\"><em>Get your Cru\u00eflla 2023 day ticket or full pass ticket:<\/em><\/p>\n<p style=\"text-align: center;\"><a class=\"efsbutton button \" target=\"_blank\">TICKETS<\/a><\/p>\n<!-- auto-added video if acf\/single-artist-video not used  --> <iframe style=\"width: 100%;max-width: 100%;height: auto;aspect-ratio: 16 \/ 9;\" src=\"https:\/\/www.youtube-nocookie.com\/embed\/iEamWsn8Brk\" frameborder=\"0\" allow=\"accelerometer; autoplay; encrypted-media; gyroscope; picture-in-picture\" allowfullscreen><\/iframe>","protected":false},"featured_media":46371,"template":"","meta":{"_acf_changed":false},"artists_edition":[877],"class_list":["post-46325","artists","type-artists","status-publish","has-post-thumbnail","hentry","artists_location-escenari-vueling","artists_edition-877"],"acf":{"_thumbnail_id":46371,"youtube_player":"iEamWsn8Brk","artist_edition":[877],"artist_date":"20230705","artist_time":"17:00","artist_time_2":"","artist_location":[875],"artist_ticket_url":"https:\/\/www.cruillabarcelona.cat\/en\/tickets\/","artist_ticket_status":"","artist_extra_date__show":false,"artist_extra_date_2":null,"artist_time_of_date2":"","artist_extra_date_3":null,"artist_time_of_date3":"","artist_extra_date_4":null,"artist_time_of_date4":"","artist_extra_date_5":null,"artist_time_of_date5":"","artist_date__show_month":true,"artist_sidebar_active":true,"show_in_agenda":false,"artist_sidebar__banner_img":"","artist_sidebar__banner_link":"https:\/\/www.cruillabarcelona.cat\/tickets\/","artist_hero_content":"Festival Cru\u00eflla 2023","artist_style":false,"artist_nationality":false,"artist_audience_age":false},"yoast_head":"<!-- This site is optimized with the Yoast SEO plugin v27.5 - https:\/\/yoast.com\/product\/yoast-seo-wordpress\/ -->\n<title>Triquell live at Cru\u00eflla Festival 2023<\/title>\n<meta name=\"description\" content=\"Get your festival tickets for Triquell&#039;s concert at Cru\u00eflla Festival 2023, on July 5 at Parc del F\u00f2rum, Barcelona\" \/>\n<meta name=\"robots\" content=\"index, follow, max-snippet:-1, max-image-preview:large, max-video-preview:-1\" \/>\n<link rel=\"canonical\" href=\"https:\/\/www.cruillabarcelona.cat\/en\/artists\/triquell\/\" \/>\n<meta property=\"og:locale\" content=\"en_US\" \/>\n<meta property=\"og:type\" content=\"article\" \/>\n<meta property=\"og:title\" content=\"Triquell live at Cru\u00eflla Festival 2023\" \/>\n<meta property=\"og:description\" content=\"Get your festival tickets for Triquell&#039;s concert at Cru\u00eflla Festival 2023, on July 5 at Parc del F\u00f2rum, Barcelona\" \/>\n<meta property=\"og:url\" content=\"https:\/\/www.cruillabarcelona.cat\/en\/artists\/triquell\/\" \/>\n<meta property=\"og:site_name\" content=\"Festival Cru\u00eflla\" \/>\n<meta property=\"article:modified_time\" content=\"2023-05-12T15:44:35+00:00\" \/>\n<meta property=\"og:image\" content=\"https:\/\/www.cruillabarcelona.cat\/wp-content\/uploads\/2022\/12\/Triquell-foto-promo-1-by-Jordi-Turu-1-scaled.jpg\" \/>\n\t<meta property=\"og:image:width\" content=\"2560\" \/>\n\t<meta property=\"og:image:height\" content=\"2560\" \/>\n\t<meta property=\"og:image:type\" content=\"image\/jpeg\" \/>\n<meta name=\"twitter:card\" content=\"summary_large_image\" \/>\n<meta name=\"twitter:label1\" content=\"Est. reading time\" \/>\n\t<meta name=\"twitter:data1\" content=\"1 minute\" \/>\n<script type=\"application\/ld+json\" class=\"yoast-schema-graph\">{\"@context\":\"https:\\\/\\\/schema.org\",\"@graph\":[{\"@type\":\"WebPage\",\"@id\":\"https:\\\/\\\/www.cruillabarcelona.cat\\\/en\\\/artists\\\/triquell\\\/\",\"url\":\"https:\\\/\\\/www.cruillabarcelona.cat\\\/en\\\/artists\\\/triquell\\\/\",\"name\":\"Triquell live at Cru\u00eflla Festival 2023\",\"isPartOf\":{\"@id\":\"https:\\\/\\\/www.cruillabarcelona.cat\\\/en\\\/#website\"},\"primaryImageOfPage\":{\"@id\":\"https:\\\/\\\/www.cruillabarcelona.cat\\\/en\\\/artists\\\/triquell\\\/#primaryimage\"},\"image\":{\"@id\":\"https:\\\/\\\/www.cruillabarcelona.cat\\\/en\\\/artists\\\/triquell\\\/#primaryimage\"},\"thumbnailUrl\":\"https:\\\/\\\/www.cruillabarcelona.cat\\\/wp-content\\\/uploads\\\/2022\\\/12\\\/Triquell-foto-promo-1-by-Jordi-Turu-1-scaled.jpg\",\"datePublished\":\"2022-12-14T11:05:20+00:00\",\"dateModified\":\"2023-05-12T15:44:35+00:00\",\"description\":\"Get your festival tickets for Triquell's concert at Cru\u00eflla Festival 2023, on July 5 at Parc del F\u00f2rum, Barcelona\",\"breadcrumb\":{\"@id\":\"https:\\\/\\\/www.cruillabarcelona.cat\\\/en\\\/artists\\\/triquell\\\/#breadcrumb\"},\"inLanguage\":\"en-US\",\"potentialAction\":[{\"@type\":\"ReadAction\",\"target\":[\"https:\\\/\\\/www.cruillabarcelona.cat\\\/en\\\/artists\\\/triquell\\\/\"]}]},{\"@type\":\"ImageObject\",\"inLanguage\":\"en-US\",\"@id\":\"https:\\\/\\\/www.cruillabarcelona.cat\\\/en\\\/artists\\\/triquell\\\/#primaryimage\",\"url\":\"https:\\\/\\\/www.cruillabarcelona.cat\\\/wp-content\\\/uploads\\\/2022\\\/12\\\/Triquell-foto-promo-1-by-Jordi-Turu-1-scaled.jpg\",\"contentUrl\":\"https:\\\/\\\/www.cruillabarcelona.cat\\\/wp-content\\\/uploads\\\/2022\\\/12\\\/Triquell-foto-promo-1-by-Jordi-Turu-1-scaled.jpg\",\"width\":2560,\"height\":2560},{\"@type\":\"BreadcrumbList\",\"@id\":\"https:\\\/\\\/www.cruillabarcelona.cat\\\/en\\\/artists\\\/triquell\\\/#breadcrumb\",\"itemListElement\":[{\"@type\":\"ListItem\",\"position\":1,\"name\":\"Home\",\"item\":\"https:\\\/\\\/www.cruillabarcelona.cat\\\/en\\\/\"},{\"@type\":\"ListItem\",\"position\":2,\"name\":\"Triquell\"}]},{\"@type\":\"WebSite\",\"@id\":\"https:\\\/\\\/www.cruillabarcelona.cat\\\/en\\\/#website\",\"url\":\"https:\\\/\\\/www.cruillabarcelona.cat\\\/en\\\/\",\"name\":\"Festival Cru\u00eflla\",\"description\":\"\",\"publisher\":{\"@id\":\"https:\\\/\\\/www.cruillabarcelona.cat\\\/en\\\/#organization\"},\"potentialAction\":[{\"@type\":\"SearchAction\",\"target\":{\"@type\":\"EntryPoint\",\"urlTemplate\":\"https:\\\/\\\/www.cruillabarcelona.cat\\\/en\\\/?s={search_term_string}\"},\"query-input\":{\"@type\":\"PropertyValueSpecification\",\"valueRequired\":true,\"valueName\":\"search_term_string\"}}],\"inLanguage\":\"en-US\"},{\"@type\":\"Organization\",\"@id\":\"https:\\\/\\\/www.cruillabarcelona.cat\\\/en\\\/#organization\",\"name\":\"Festival Cru\u00eflla\",\"url\":\"https:\\\/\\\/www.cruillabarcelona.cat\\\/en\\\/\",\"logo\":{\"@type\":\"ImageObject\",\"inLanguage\":\"en-US\",\"@id\":\"https:\\\/\\\/www.cruillabarcelona.cat\\\/en\\\/#\\\/schema\\\/logo\\\/image\\\/\",\"url\":\"https:\\\/\\\/www.cruillabarcelona.cat\\\/wp-content\\\/uploads\\\/2025\\\/12\\\/cruill-logo-negativo.png\",\"contentUrl\":\"https:\\\/\\\/www.cruillabarcelona.cat\\\/wp-content\\\/uploads\\\/2025\\\/12\\\/cruill-logo-negativo.png\",\"width\":400,\"height\":101,\"caption\":\"Festival Cru\u00eflla\"},\"image\":{\"@id\":\"https:\\\/\\\/www.cruillabarcelona.cat\\\/en\\\/#\\\/schema\\\/logo\\\/image\\\/\"}}]}<\/script>\n<!-- \/ Yoast SEO plugin. -->","yoast_head_json":{"title":"Triquell live at Cru\u00eflla Festival 2023","description":"Get your festival tickets for Triquell's concert at Cru\u00eflla Festival 2023, on July 5 at Parc del F\u00f2rum, Barcelona","robots":{"index":"index","follow":"follow","max-snippet":"max-snippet:-1","max-image-preview":"max-image-preview:large","max-video-preview":"max-video-preview:-1"},"canonical":"https:\/\/www.cruillabarcelona.cat\/en\/artists\/triquell\/","og_locale":"en_US","og_type":"article","og_title":"Triquell live at Cru\u00eflla Festival 2023","og_description":"Get your festival tickets for Triquell's concert at Cru\u00eflla Festival 2023, on July 5 at Parc del F\u00f2rum, Barcelona","og_url":"https:\/\/www.cruillabarcelona.cat\/en\/artists\/triquell\/","og_site_name":"Festival Cru\u00eflla","article_modified_time":"2023-05-12T15:44:35+00:00","og_image":[{"width":2560,"height":2560,"url":"https:\/\/www.cruillabarcelona.cat\/wp-content\/uploads\/2022\/12\/Triquell-foto-promo-1-by-Jordi-Turu-1-scaled.jpg","type":"image\/jpeg"}],"twitter_card":"summary_large_image","twitter_misc":{"Est. reading time":"1 minute"},"schema":{"@context":"https:\/\/schema.org","@graph":[{"@type":"WebPage","@id":"https:\/\/www.cruillabarcelona.cat\/en\/artists\/triquell\/","url":"https:\/\/www.cruillabarcelona.cat\/en\/artists\/triquell\/","name":"Triquell live at Cru\u00eflla Festival 2023","isPartOf":{"@id":"https:\/\/www.cruillabarcelona.cat\/en\/#website"},"primaryImageOfPage":{"@id":"https:\/\/www.cruillabarcelona.cat\/en\/artists\/triquell\/#primaryimage"},"image":{"@id":"https:\/\/www.cruillabarcelona.cat\/en\/artists\/triquell\/#primaryimage"},"thumbnailUrl":"https:\/\/www.cruillabarcelona.cat\/wp-content\/uploads\/2022\/12\/Triquell-foto-promo-1-by-Jordi-Turu-1-scaled.jpg","datePublished":"2022-12-14T11:05:20+00:00","dateModified":"2023-05-12T15:44:35+00:00","description":"Get your festival tickets for Triquell's concert at Cru\u00eflla Festival 2023, on July 5 at Parc del F\u00f2rum, Barcelona","breadcrumb":{"@id":"https:\/\/www.cruillabarcelona.cat\/en\/artists\/triquell\/#breadcrumb"},"inLanguage":"en-US","potentialAction":[{"@type":"ReadAction","target":["https:\/\/www.cruillabarcelona.cat\/en\/artists\/triquell\/"]}]},{"@type":"ImageObject","inLanguage":"en-US","@id":"https:\/\/www.cruillabarcelona.cat\/en\/artists\/triquell\/#primaryimage","url":"https:\/\/www.cruillabarcelona.cat\/wp-content\/uploads\/2022\/12\/Triquell-foto-promo-1-by-Jordi-Turu-1-scaled.jpg","contentUrl":"https:\/\/www.cruillabarcelona.cat\/wp-content\/uploads\/2022\/12\/Triquell-foto-promo-1-by-Jordi-Turu-1-scaled.jpg","width":2560,"height":2560},{"@type":"BreadcrumbList","@id":"https:\/\/www.cruillabarcelona.cat\/en\/artists\/triquell\/#breadcrumb","itemListElement":[{"@type":"ListItem","position":1,"name":"Home","item":"https:\/\/www.cruillabarcelona.cat\/en\/"},{"@type":"ListItem","position":2,"name":"Triquell"}]},{"@type":"WebSite","@id":"https:\/\/www.cruillabarcelona.cat\/en\/#website","url":"https:\/\/www.cruillabarcelona.cat\/en\/","name":"Festival Cru\u00eflla","description":"","publisher":{"@id":"https:\/\/www.cruillabarcelona.cat\/en\/#organization"},"potentialAction":[{"@type":"SearchAction","target":{"@type":"EntryPoint","urlTemplate":"https:\/\/www.cruillabarcelona.cat\/en\/?s={search_term_string}"},"query-input":{"@type":"PropertyValueSpecification","valueRequired":true,"valueName":"search_term_string"}}],"inLanguage":"en-US"},{"@type":"Organization","@id":"https:\/\/www.cruillabarcelona.cat\/en\/#organization","name":"Festival Cru\u00eflla","url":"https:\/\/www.cruillabarcelona.cat\/en\/","logo":{"@type":"ImageObject","inLanguage":"en-US","@id":"https:\/\/www.cruillabarcelona.cat\/en\/#\/schema\/logo\/image\/","url":"https:\/\/www.cruillabarcelona.cat\/wp-content\/uploads\/2025\/12\/cruill-logo-negativo.png","contentUrl":"https:\/\/www.cruillabarcelona.cat\/wp-content\/uploads\/2025\/12\/cruill-logo-negativo.png","width":400,"height":101,"caption":"Festival Cru\u00eflla"},"image":{"@id":"https:\/\/www.cruillabarcelona.cat\/en\/#\/schema\/logo\/image\/"}}]}},"_links":{"self":[{"href":"https:\/\/www.cruillabarcelona.cat\/en\/wp-json\/wp\/v2\/artists\/46325","targetHints":{"allow":["GET"]}}],"collection":[{"href":"https:\/\/www.cruillabarcelona.cat\/en\/wp-json\/wp\/v2\/artists"}],"about":[{"href":"https:\/\/www.cruillabarcelona.cat\/en\/wp-json\/wp\/v2\/types\/artists"}],"acf:term":[{"embeddable":true,"taxonomy":"artists_location","href":"https:\/\/www.cruillabarcelona.cat\/en\/wp-json\/wp\/v2\/artists_location\/875"},{"embeddable":true,"taxonomy":"artists_edition","href":"https:\/\/www.cruillabarcelona.cat\/en\/wp-json\/wp\/v2\/artists_edition\/877"}],"wp:featuredmedia":[{"embeddable":true,"href":"https:\/\/www.cruillabarcelona.cat\/en\/wp-json\/wp\/v2\/media\/46371"}],"wp:attachment":[{"href":"https:\/\/www.cruillabarcelona.cat\/en\/wp-json\/wp\/v2\/media?parent=46325"}],"wp:term":[{"taxonomy":"artists_edition","embeddable":true,"href":"https:\/\/www.cruillabarcelona.cat\/en\/wp-json\/wp\/v2\/artists_edition?post=46325"}],"curies":[{"name":"wp","href":"https:\/\/api.w.org\/{rel}","templated":true}]}}

<h2>Triquell in concert at Cruïlla 2023!</h2>
<h3>Music as a vital driving force</h3>
<p><strong>Triquell</strong> is one of the best known names of a <strong>new batch of Catalan musicians</strong>, after a participation in the TV3 talent show <em>Eufòria</em> that marked <strong>a before and after</strong> in the life of the 21-year-old.</p>
<p>Since he was a teenager, <strong>music</strong> has been his <strong>passion</strong> and his <strong>driving force in life</strong>, until he became the <strong>composer, performer and producer</strong> he is today.</p>
<p>He has recently presented his first album <strong><em>Entre fluids</em></strong> and in the summer we will find him on stage at the <strong>Cruïlla 2023 Festival,</strong> <strong><em>playing hits a toda hostia ignorando la gravedad! </em></strong><em>(playing hits at full throttle ignoring gravity!)</em></p>
<p>Next <strong>Wednesday 5 July,</strong> come and listen live to the singer&#8217;s <strong>debut album</strong>, which moves between pop and urban music. &#8220;<em><strong>Nem a encendre la metxa</strong></em> (let&#8217;s light the fuse) to the rhythm of <strong>Triquell</strong> for an unforgettable night!</p>
<hr />
<p style="text-align: center;"><em>Get your Cruïlla 2023 day ticket or full pass ticket:</em></p>
<p style="text-align: center;"><a class="efsbutton button " target="_blank">TICKETS</a></p>
<!-- auto-added video if acf/single-artist-video not used  --> <iframe style="width: 100%;max-width: 100%;height: auto;aspect-ratio: 16 / 9;" src="https://www.youtube-nocookie.com/embed/iEamWsn8Brk" frameborder="0" allow="accelerometer; autoplay; encrypted-media; gyroscope; picture-in-picture" allowfullscreen></iframe>

Festival Cruïlla 2023

<!-- This site is optimized with the Yoast SEO plugin v27.5 - https://yoast.com/product/yoast-seo-wordpress/ -->
<title>Triquell live at Cruïlla Festival 2023</title>
<meta name="description" content="Get your festival tickets for Triquell&#039;s concert at Cruïlla Festival 2023, on July 5 at Parc del Fòrum, Barcelona" />
<meta name="robots" content="index, follow, max-snippet:-1, max-image-preview:large, max-video-preview:-1" />
<link rel="canonical" href="https://www.cruillabarcelona.cat/en/artists/triquell/" />
<meta property="og:locale" content="en_US" />
<meta property="og:type" content="article" />
<meta property="og:title" content="Triquell live at Cruïlla Festival 2023" />
<meta property="og:description" content="Get your festival tickets for Triquell&#039;s concert at Cruïlla Festival 2023, on July 5 at Parc del Fòrum, Barcelona" />
<meta property="og:url" content="https://www.cruillabarcelona.cat/en/artists/triquell/" />
<meta property="og:site_name" content="Festival Cruïlla" />
<meta property="article:modified_time" content="2023-05-12T15:44:35+00:00" />
<meta property="og:image" content="https://www.cruillabarcelona.cat/wp-content/uploads/2022/12/Triquell-foto-promo-1-by-Jordi-Turu-1-scaled.jpg" />
	<meta property="og:image:width" content="2560" />
	<meta property="og:image:height" content="2560" />
	<meta property="og:image:type" content="image/jpeg" />
<meta name="twitter:card" content="summary_large_image" />
<meta name="twitter:label1" content="Est. reading time" />
	<meta name="twitter:data1" content="1 minute" />
<script type="application/ld+json" class="yoast-schema-graph">{"@context":"https:\/\/schema.org","@graph":[{"@type":"WebPage","@id":"https:\/\/www.cruillabarcelona.cat\/en\/artists\/triquell\/","url":"https:\/\/www.cruillabarcelona.cat\/en\/artists\/triquell\/","name":"Triquell live at Cruïlla Festival 2023","isPartOf":{"@id":"https:\/\/www.cruillabarcelona.cat\/en\/#website"},"primaryImageOfPage":{"@id":"https:\/\/www.cruillabarcelona.cat\/en\/artists\/triquell\/#primaryimage"},"image":{"@id":"https:\/\/www.cruillabarcelona.cat\/en\/artists\/triquell\/#primaryimage"},"thumbnailUrl":"https:\/\/www.cruillabarcelona.cat\/wp-content\/uploads\/2022\/12\/Triquell-foto-promo-1-by-Jordi-Turu-1-scaled.jpg","datePublished":"2022-12-14T11:05:20+00:00","dateModified":"2023-05-12T15:44:35+00:00","description":"Get your festival tickets for Triquell's concert at Cruïlla Festival 2023, on July 5 at Parc del Fòrum, Barcelona","breadcrumb":{"@id":"https:\/\/www.cruillabarcelona.cat\/en\/artists\/triquell\/#breadcrumb"},"inLanguage":"en-US","potentialAction":[{"@type":"ReadAction","target":["https:\/\/www.cruillabarcelona.cat\/en\/artists\/triquell\/"]}]},{"@type":"ImageObject","inLanguage":"en-US","@id":"https:\/\/www.cruillabarcelona.cat\/en\/artists\/triquell\/#primaryimage","url":"https:\/\/www.cruillabarcelona.cat\/wp-content\/uploads\/2022\/12\/Triquell-foto-promo-1-by-Jordi-Turu-1-scaled.jpg","contentUrl":"https:\/\/www.cruillabarcelona.cat\/wp-content\/uploads\/2022\/12\/Triquell-foto-promo-1-by-Jordi-Turu-1-scaled.jpg","width":2560,"height":2560},{"@type":"BreadcrumbList","@id":"https:\/\/www.cruillabarcelona.cat\/en\/artists\/triquell\/#breadcrumb","itemListElement":[{"@type":"ListItem","position":1,"name":"Home","item":"https:\/\/www.cruillabarcelona.cat\/en\/"},{"@type":"ListItem","position":2,"name":"Triquell"}]},{"@type":"WebSite","@id":"https:\/\/www.cruillabarcelona.cat\/en\/#website","url":"https:\/\/www.cruillabarcelona.cat\/en\/","name":"Festival Cruïlla","description":"","publisher":{"@id":"https:\/\/www.cruillabarcelona.cat\/en\/#organization"},"potentialAction":[{"@type":"SearchAction","target":{"@type":"EntryPoint","urlTemplate":"https:\/\/www.cruillabarcelona.cat\/en\/?s={search_term_string}"},"query-input":{"@type":"PropertyValueSpecification","valueRequired":true,"valueName":"search_term_string"}}],"inLanguage":"en-US"},{"@type":"Organization","@id":"https:\/\/www.cruillabarcelona.cat\/en\/#organization","name":"Festival Cruïlla","url":"https:\/\/www.cruillabarcelona.cat\/en\/","logo":{"@type":"ImageObject","inLanguage":"en-US","@id":"https:\/\/www.cruillabarcelona.cat\/en\/#\/schema\/logo\/image\/","url":"https:\/\/www.cruillabarcelona.cat\/wp-content\/uploads\/2025\/12\/cruill-logo-negativo.png","contentUrl":"https:\/\/www.cruillabarcelona.cat\/wp-content\/uploads\/2025\/12\/cruill-logo-negativo.png","width":400,"height":101,"caption":"Festival Cruïlla"},"image":{"@id":"https:\/\/www.cruillabarcelona.cat\/en\/#\/schema\/logo\/image\/"}}]}</script>
<!-- / Yoast SEO plugin. -->

Triquell live at Cruïlla Festival 2023

Get your festival tickets for Triquell's concert at Cruïlla Festival 2023, on July 5 at Parc del Fòrum, Barcelona

Festival Cruïlla
