{"id":46336,"date":"2022-12-14T13:06:03","date_gmt":"2022-12-14T11:06:03","guid":{"rendered":"https:\/\/www.cruillabarcelona.cat\/?post_type=artists&#038;p=46336"},"modified":"2023-05-12T18:10:49","modified_gmt":"2023-05-12T16:10:49","slug":"cala-vento-2023","status":"publish","type":"artists","link":"https:\/\/www.cruillabarcelona.cat\/en\/artists\/cala-vento-2023\/","title":{"rendered":"Cala Vento"},"content":{"rendered":"<h2>Cala Vento concert at the Cru\u00eflla 2023 Festival<\/h2>\n<h3>New album, same energy<\/h3>\n<p>Anyone who has experienced it knows: a <strong>Cala Vento<\/strong> concert is <strong>pure dynamite<\/strong>. Aleix and Joan must be one of the few duos capable of sounding with<strong> the power of four people<\/strong>. By making hymns, they have won a loyal audience who know that<strong> a Cala Vento concert means two things: pogos and happiness.<\/strong><\/p>\n<p>Next Friday <strong>7th July, Cala Vento<\/strong> will be storming the <strong>Cru\u00eflla 2023 Festival<\/strong> with all the energy they are capable of mustering. Come and listen to <strong>the new and the best<\/strong> of the band!<\/p>\n<hr \/>\n<p style=\"text-align: center;\"><em>Get your Cru\u00eflla 2023 day ticket or full pass ticket:<\/em><\/p>\n<p style=\"text-align: center;\"><a class=\"efsbutton button \" target=\"_blank\">TICKETS<\/a><\/p>\n<hr \/>\n<p>Cala Vento finally present their long-awaited <strong>new album, <em>Casa Linda<\/em><\/strong>. It doesn&#8217;t seem like it, but it&#8217;s been four years since <em><strong>Balanceo<\/strong><\/em>, the album that made them one of the most respected alternative rock bands on the national scene.<\/p>\n<p>With more than<strong> 400 concerts<\/strong> behind them, <strong>Cala Vento<\/strong> face a new tour with the challenge of giving a<strong> new dimension<\/strong> to a project that is already unstoppable.<\/p>\n<!-- auto-added video if acf\/single-artist-video not used  --> <iframe style=\"width: 100%;max-width: 100%;height: auto;aspect-ratio: 16 \/ 9;\" src=\"https:\/\/www.youtube-nocookie.com\/embed\/zsF5Ruv95ug\" frameborder=\"0\" allow=\"accelerometer; autoplay; encrypted-media; gyroscope; picture-in-picture\" allowfullscreen><\/iframe>","protected":false},"featured_media":46417,"template":"","meta":{"_acf_changed":false},"artists_edition":[877],"class_list":["post-46336","artists","type-artists","status-publish","has-post-thumbnail","hentry","artists_location-escenari-vueling","artists_edition-877"],"acf":{"_thumbnail_id":46417,"youtube_player":"zsF5Ruv95ug","artist_edition":[877],"artist_date":"20230707","artist_time":"21:30","artist_time_2":"","artist_location":[875],"artist_ticket_url":"https:\/\/www.cruillabarcelona.cat\/en\/tickets\/","artist_ticket_status":"","artist_extra_date__show":false,"artist_extra_date_2":null,"artist_time_of_date2":"","artist_extra_date_3":null,"artist_time_of_date3":"","artist_extra_date_4":null,"artist_time_of_date4":"","artist_extra_date_5":null,"artist_time_of_date5":"","artist_date__show_month":true,"artist_sidebar_active":true,"show_in_agenda":false,"artist_sidebar__banner_img":"","artist_sidebar__banner_link":"https:\/\/www.cruillabarcelona.cat\/tickets\/","artist_hero_content":"Festival Cru\u00eflla 2023","artist_style":false,"artist_nationality":false,"artist_audience_age":false},"yoast_head":"<!-- This site is optimized with the Yoast SEO plugin v27.5 - https:\/\/yoast.com\/product\/yoast-seo-wordpress\/ -->\n<title>Cala Vento live at Cru\u00eflla Festival 2023<\/title>\n<meta name=\"description\" content=\"Get your festival tickets for Cala Vento&#039;s concert at Cru\u00eflla Festival 2023, on July 7 at Parc del F\u00f2rum, Barcelona\" \/>\n<meta name=\"robots\" content=\"index, follow, max-snippet:-1, max-image-preview:large, max-video-preview:-1\" \/>\n<link rel=\"canonical\" href=\"https:\/\/www.cruillabarcelona.cat\/en\/artists\/cala-vento-2023\/\" \/>\n<meta property=\"og:locale\" content=\"en_US\" \/>\n<meta property=\"og:type\" content=\"article\" \/>\n<meta property=\"og:title\" content=\"Cala Vento live at Cru\u00eflla Festival 2023\" \/>\n<meta property=\"og:description\" content=\"Get your festival tickets for Cala Vento&#039;s concert at Cru\u00eflla Festival 2023, on July 7 at Parc del F\u00f2rum, Barcelona\" \/>\n<meta property=\"og:url\" content=\"https:\/\/www.cruillabarcelona.cat\/en\/artists\/cala-vento-2023\/\" \/>\n<meta property=\"og:site_name\" content=\"Festival Cru\u00eflla\" \/>\n<meta property=\"article:modified_time\" content=\"2023-05-12T16:10:49+00:00\" \/>\n<meta property=\"og:image\" content=\"https:\/\/www.cruillabarcelona.cat\/wp-content\/uploads\/2022\/12\/CALA_VENTO_X_ARNAU_ELIAS-1.jpg\" \/>\n\t<meta property=\"og:image:width\" content=\"2389\" \/>\n\t<meta property=\"og:image:height\" content=\"2386\" \/>\n\t<meta property=\"og:image:type\" content=\"image\/jpeg\" \/>\n<meta name=\"twitter:card\" content=\"summary_large_image\" \/>\n<meta name=\"twitter:label1\" content=\"Est. reading time\" \/>\n\t<meta name=\"twitter:data1\" content=\"2 minutes\" \/>\n<script type=\"application\/ld+json\" class=\"yoast-schema-graph\">{\"@context\":\"https:\\\/\\\/schema.org\",\"@graph\":[{\"@type\":\"WebPage\",\"@id\":\"https:\\\/\\\/www.cruillabarcelona.cat\\\/en\\\/artists\\\/cala-vento-2023\\\/\",\"url\":\"https:\\\/\\\/www.cruillabarcelona.cat\\\/en\\\/artists\\\/cala-vento-2023\\\/\",\"name\":\"Cala Vento live at Cru\u00eflla Festival 2023\",\"isPartOf\":{\"@id\":\"https:\\\/\\\/www.cruillabarcelona.cat\\\/en\\\/#website\"},\"primaryImageOfPage\":{\"@id\":\"https:\\\/\\\/www.cruillabarcelona.cat\\\/en\\\/artists\\\/cala-vento-2023\\\/#primaryimage\"},\"image\":{\"@id\":\"https:\\\/\\\/www.cruillabarcelona.cat\\\/en\\\/artists\\\/cala-vento-2023\\\/#primaryimage\"},\"thumbnailUrl\":\"https:\\\/\\\/www.cruillabarcelona.cat\\\/wp-content\\\/uploads\\\/2022\\\/12\\\/CALA_VENTO_X_ARNAU_ELIAS-1.jpg\",\"datePublished\":\"2022-12-14T11:06:03+00:00\",\"dateModified\":\"2023-05-12T16:10:49+00:00\",\"description\":\"Get your festival tickets for Cala Vento's concert at Cru\u00eflla Festival 2023, on July 7 at Parc del F\u00f2rum, Barcelona\",\"breadcrumb\":{\"@id\":\"https:\\\/\\\/www.cruillabarcelona.cat\\\/en\\\/artists\\\/cala-vento-2023\\\/#breadcrumb\"},\"inLanguage\":\"en-US\",\"potentialAction\":[{\"@type\":\"ReadAction\",\"target\":[\"https:\\\/\\\/www.cruillabarcelona.cat\\\/en\\\/artists\\\/cala-vento-2023\\\/\"]}]},{\"@type\":\"ImageObject\",\"inLanguage\":\"en-US\",\"@id\":\"https:\\\/\\\/www.cruillabarcelona.cat\\\/en\\\/artists\\\/cala-vento-2023\\\/#primaryimage\",\"url\":\"https:\\\/\\\/www.cruillabarcelona.cat\\\/wp-content\\\/uploads\\\/2022\\\/12\\\/CALA_VENTO_X_ARNAU_ELIAS-1.jpg\",\"contentUrl\":\"https:\\\/\\\/www.cruillabarcelona.cat\\\/wp-content\\\/uploads\\\/2022\\\/12\\\/CALA_VENTO_X_ARNAU_ELIAS-1.jpg\",\"width\":2389,\"height\":2386},{\"@type\":\"BreadcrumbList\",\"@id\":\"https:\\\/\\\/www.cruillabarcelona.cat\\\/en\\\/artists\\\/cala-vento-2023\\\/#breadcrumb\",\"itemListElement\":[{\"@type\":\"ListItem\",\"position\":1,\"name\":\"Home\",\"item\":\"https:\\\/\\\/www.cruillabarcelona.cat\\\/en\\\/\"},{\"@type\":\"ListItem\",\"position\":2,\"name\":\"Cala Vento\"}]},{\"@type\":\"WebSite\",\"@id\":\"https:\\\/\\\/www.cruillabarcelona.cat\\\/en\\\/#website\",\"url\":\"https:\\\/\\\/www.cruillabarcelona.cat\\\/en\\\/\",\"name\":\"Festival Cru\u00eflla\",\"description\":\"\",\"publisher\":{\"@id\":\"https:\\\/\\\/www.cruillabarcelona.cat\\\/en\\\/#organization\"},\"potentialAction\":[{\"@type\":\"SearchAction\",\"target\":{\"@type\":\"EntryPoint\",\"urlTemplate\":\"https:\\\/\\\/www.cruillabarcelona.cat\\\/en\\\/?s={search_term_string}\"},\"query-input\":{\"@type\":\"PropertyValueSpecification\",\"valueRequired\":true,\"valueName\":\"search_term_string\"}}],\"inLanguage\":\"en-US\"},{\"@type\":\"Organization\",\"@id\":\"https:\\\/\\\/www.cruillabarcelona.cat\\\/en\\\/#organization\",\"name\":\"Festival Cru\u00eflla\",\"url\":\"https:\\\/\\\/www.cruillabarcelona.cat\\\/en\\\/\",\"logo\":{\"@type\":\"ImageObject\",\"inLanguage\":\"en-US\",\"@id\":\"https:\\\/\\\/www.cruillabarcelona.cat\\\/en\\\/#\\\/schema\\\/logo\\\/image\\\/\",\"url\":\"https:\\\/\\\/www.cruillabarcelona.cat\\\/wp-content\\\/uploads\\\/2025\\\/12\\\/cruill-logo-negativo.png\",\"contentUrl\":\"https:\\\/\\\/www.cruillabarcelona.cat\\\/wp-content\\\/uploads\\\/2025\\\/12\\\/cruill-logo-negativo.png\",\"width\":400,\"height\":101,\"caption\":\"Festival Cru\u00eflla\"},\"image\":{\"@id\":\"https:\\\/\\\/www.cruillabarcelona.cat\\\/en\\\/#\\\/schema\\\/logo\\\/image\\\/\"}}]}<\/script>\n<!-- \/ Yoast SEO plugin. -->","yoast_head_json":{"title":"Cala Vento live at Cru\u00eflla Festival 2023","description":"Get your festival tickets for Cala Vento's concert at Cru\u00eflla Festival 2023, on July 7 at Parc del F\u00f2rum, Barcelona","robots":{"index":"index","follow":"follow","max-snippet":"max-snippet:-1","max-image-preview":"max-image-preview:large","max-video-preview":"max-video-preview:-1"},"canonical":"https:\/\/www.cruillabarcelona.cat\/en\/artists\/cala-vento-2023\/","og_locale":"en_US","og_type":"article","og_title":"Cala Vento live at Cru\u00eflla Festival 2023","og_description":"Get your festival tickets for Cala Vento's concert at Cru\u00eflla Festival 2023, on July 7 at Parc del F\u00f2rum, Barcelona","og_url":"https:\/\/www.cruillabarcelona.cat\/en\/artists\/cala-vento-2023\/","og_site_name":"Festival Cru\u00eflla","article_modified_time":"2023-05-12T16:10:49+00:00","og_image":[{"width":2389,"height":2386,"url":"https:\/\/www.cruillabarcelona.cat\/wp-content\/uploads\/2022\/12\/CALA_VENTO_X_ARNAU_ELIAS-1.jpg","type":"image\/jpeg"}],"twitter_card":"summary_large_image","twitter_misc":{"Est. reading time":"2 minutes"},"schema":{"@context":"https:\/\/schema.org","@graph":[{"@type":"WebPage","@id":"https:\/\/www.cruillabarcelona.cat\/en\/artists\/cala-vento-2023\/","url":"https:\/\/www.cruillabarcelona.cat\/en\/artists\/cala-vento-2023\/","name":"Cala Vento live at Cru\u00eflla Festival 2023","isPartOf":{"@id":"https:\/\/www.cruillabarcelona.cat\/en\/#website"},"primaryImageOfPage":{"@id":"https:\/\/www.cruillabarcelona.cat\/en\/artists\/cala-vento-2023\/#primaryimage"},"image":{"@id":"https:\/\/www.cruillabarcelona.cat\/en\/artists\/cala-vento-2023\/#primaryimage"},"thumbnailUrl":"https:\/\/www.cruillabarcelona.cat\/wp-content\/uploads\/2022\/12\/CALA_VENTO_X_ARNAU_ELIAS-1.jpg","datePublished":"2022-12-14T11:06:03+00:00","dateModified":"2023-05-12T16:10:49+00:00","description":"Get your festival tickets for Cala Vento's concert at Cru\u00eflla Festival 2023, on July 7 at Parc del F\u00f2rum, Barcelona","breadcrumb":{"@id":"https:\/\/www.cruillabarcelona.cat\/en\/artists\/cala-vento-2023\/#breadcrumb"},"inLanguage":"en-US","potentialAction":[{"@type":"ReadAction","target":["https:\/\/www.cruillabarcelona.cat\/en\/artists\/cala-vento-2023\/"]}]},{"@type":"ImageObject","inLanguage":"en-US","@id":"https:\/\/www.cruillabarcelona.cat\/en\/artists\/cala-vento-2023\/#primaryimage","url":"https:\/\/www.cruillabarcelona.cat\/wp-content\/uploads\/2022\/12\/CALA_VENTO_X_ARNAU_ELIAS-1.jpg","contentUrl":"https:\/\/www.cruillabarcelona.cat\/wp-content\/uploads\/2022\/12\/CALA_VENTO_X_ARNAU_ELIAS-1.jpg","width":2389,"height":2386},{"@type":"BreadcrumbList","@id":"https:\/\/www.cruillabarcelona.cat\/en\/artists\/cala-vento-2023\/#breadcrumb","itemListElement":[{"@type":"ListItem","position":1,"name":"Home","item":"https:\/\/www.cruillabarcelona.cat\/en\/"},{"@type":"ListItem","position":2,"name":"Cala Vento"}]},{"@type":"WebSite","@id":"https:\/\/www.cruillabarcelona.cat\/en\/#website","url":"https:\/\/www.cruillabarcelona.cat\/en\/","name":"Festival Cru\u00eflla","description":"","publisher":{"@id":"https:\/\/www.cruillabarcelona.cat\/en\/#organization"},"potentialAction":[{"@type":"SearchAction","target":{"@type":"EntryPoint","urlTemplate":"https:\/\/www.cruillabarcelona.cat\/en\/?s={search_term_string}"},"query-input":{"@type":"PropertyValueSpecification","valueRequired":true,"valueName":"search_term_string"}}],"inLanguage":"en-US"},{"@type":"Organization","@id":"https:\/\/www.cruillabarcelona.cat\/en\/#organization","name":"Festival Cru\u00eflla","url":"https:\/\/www.cruillabarcelona.cat\/en\/","logo":{"@type":"ImageObject","inLanguage":"en-US","@id":"https:\/\/www.cruillabarcelona.cat\/en\/#\/schema\/logo\/image\/","url":"https:\/\/www.cruillabarcelona.cat\/wp-content\/uploads\/2025\/12\/cruill-logo-negativo.png","contentUrl":"https:\/\/www.cruillabarcelona.cat\/wp-content\/uploads\/2025\/12\/cruill-logo-negativo.png","width":400,"height":101,"caption":"Festival Cru\u00eflla"},"image":{"@id":"https:\/\/www.cruillabarcelona.cat\/en\/#\/schema\/logo\/image\/"}}]}},"_links":{"self":[{"href":"https:\/\/www.cruillabarcelona.cat\/en\/wp-json\/wp\/v2\/artists\/46336","targetHints":{"allow":["GET"]}}],"collection":[{"href":"https:\/\/www.cruillabarcelona.cat\/en\/wp-json\/wp\/v2\/artists"}],"about":[{"href":"https:\/\/www.cruillabarcelona.cat\/en\/wp-json\/wp\/v2\/types\/artists"}],"acf:term":[{"embeddable":true,"taxonomy":"artists_location","href":"https:\/\/www.cruillabarcelona.cat\/en\/wp-json\/wp\/v2\/artists_location\/875"},{"embeddable":true,"taxonomy":"artists_edition","href":"https:\/\/www.cruillabarcelona.cat\/en\/wp-json\/wp\/v2\/artists_edition\/877"}],"wp:featuredmedia":[{"embeddable":true,"href":"https:\/\/www.cruillabarcelona.cat\/en\/wp-json\/wp\/v2\/media\/46417"}],"wp:attachment":[{"href":"https:\/\/www.cruillabarcelona.cat\/en\/wp-json\/wp\/v2\/media?parent=46336"}],"wp:term":[{"taxonomy":"artists_edition","embeddable":true,"href":"https:\/\/www.cruillabarcelona.cat\/en\/wp-json\/wp\/v2\/artists_edition?post=46336"}],"curies":[{"name":"wp","href":"https:\/\/api.w.org\/{rel}","templated":true}]}}

<h2>Cala Vento concert at the Cruïlla 2023 Festival</h2>
<h3>New album, same energy</h3>
<p>Anyone who has experienced it knows: a <strong>Cala Vento</strong> concert is <strong>pure dynamite</strong>. Aleix and Joan must be one of the few duos capable of sounding with<strong> the power of four people</strong>. By making hymns, they have won a loyal audience who know that<strong> a Cala Vento concert means two things: pogos and happiness.</strong></p>
<p>Next Friday <strong>7th July, Cala Vento</strong> will be storming the <strong>Cruïlla 2023 Festival</strong> with all the energy they are capable of mustering. Come and listen to <strong>the new and the best</strong> of the band!</p>
<hr />
<p style="text-align: center;"><em>Get your Cruïlla 2023 day ticket or full pass ticket:</em></p>
<p style="text-align: center;"><a class="efsbutton button " target="_blank">TICKETS</a></p>
<hr />
<p>Cala Vento finally present their long-awaited <strong>new album, <em>Casa Linda</em></strong>. It doesn&#8217;t seem like it, but it&#8217;s been four years since <em><strong>Balanceo</strong></em>, the album that made them one of the most respected alternative rock bands on the national scene.</p>
<p>With more than<strong> 400 concerts</strong> behind them, <strong>Cala Vento</strong> face a new tour with the challenge of giving a<strong> new dimension</strong> to a project that is already unstoppable.</p>
<!-- auto-added video if acf/single-artist-video not used  --> <iframe style="width: 100%;max-width: 100%;height: auto;aspect-ratio: 16 / 9;" src="https://www.youtube-nocookie.com/embed/zsF5Ruv95ug" frameborder="0" allow="accelerometer; autoplay; encrypted-media; gyroscope; picture-in-picture" allowfullscreen></iframe>

Festival Cruïlla 2023

<!-- This site is optimized with the Yoast SEO plugin v27.5 - https://yoast.com/product/yoast-seo-wordpress/ -->
<title>Cala Vento live at Cruïlla Festival 2023</title>
<meta name="description" content="Get your festival tickets for Cala Vento&#039;s concert at Cruïlla Festival 2023, on July 7 at Parc del Fòrum, Barcelona" />
<meta name="robots" content="index, follow, max-snippet:-1, max-image-preview:large, max-video-preview:-1" />
<link rel="canonical" href="https://www.cruillabarcelona.cat/en/artists/cala-vento-2023/" />
<meta property="og:locale" content="en_US" />
<meta property="og:type" content="article" />
<meta property="og:title" content="Cala Vento live at Cruïlla Festival 2023" />
<meta property="og:description" content="Get your festival tickets for Cala Vento&#039;s concert at Cruïlla Festival 2023, on July 7 at Parc del Fòrum, Barcelona" />
<meta property="og:url" content="https://www.cruillabarcelona.cat/en/artists/cala-vento-2023/" />
<meta property="og:site_name" content="Festival Cruïlla" />
<meta property="article:modified_time" content="2023-05-12T16:10:49+00:00" />
<meta property="og:image" content="https://www.cruillabarcelona.cat/wp-content/uploads/2022/12/CALA_VENTO_X_ARNAU_ELIAS-1.jpg" />
	<meta property="og:image:width" content="2389" />
	<meta property="og:image:height" content="2386" />
	<meta property="og:image:type" content="image/jpeg" />
<meta name="twitter:card" content="summary_large_image" />
<meta name="twitter:label1" content="Est. reading time" />
	<meta name="twitter:data1" content="2 minutes" />
<script type="application/ld+json" class="yoast-schema-graph">{"@context":"https:\/\/schema.org","@graph":[{"@type":"WebPage","@id":"https:\/\/www.cruillabarcelona.cat\/en\/artists\/cala-vento-2023\/","url":"https:\/\/www.cruillabarcelona.cat\/en\/artists\/cala-vento-2023\/","name":"Cala Vento live at Cruïlla Festival 2023","isPartOf":{"@id":"https:\/\/www.cruillabarcelona.cat\/en\/#website"},"primaryImageOfPage":{"@id":"https:\/\/www.cruillabarcelona.cat\/en\/artists\/cala-vento-2023\/#primaryimage"},"image":{"@id":"https:\/\/www.cruillabarcelona.cat\/en\/artists\/cala-vento-2023\/#primaryimage"},"thumbnailUrl":"https:\/\/www.cruillabarcelona.cat\/wp-content\/uploads\/2022\/12\/CALA_VENTO_X_ARNAU_ELIAS-1.jpg","datePublished":"2022-12-14T11:06:03+00:00","dateModified":"2023-05-12T16:10:49+00:00","description":"Get your festival tickets for Cala Vento's concert at Cruïlla Festival 2023, on July 7 at Parc del Fòrum, Barcelona","breadcrumb":{"@id":"https:\/\/www.cruillabarcelona.cat\/en\/artists\/cala-vento-2023\/#breadcrumb"},"inLanguage":"en-US","potentialAction":[{"@type":"ReadAction","target":["https:\/\/www.cruillabarcelona.cat\/en\/artists\/cala-vento-2023\/"]}]},{"@type":"ImageObject","inLanguage":"en-US","@id":"https:\/\/www.cruillabarcelona.cat\/en\/artists\/cala-vento-2023\/#primaryimage","url":"https:\/\/www.cruillabarcelona.cat\/wp-content\/uploads\/2022\/12\/CALA_VENTO_X_ARNAU_ELIAS-1.jpg","contentUrl":"https:\/\/www.cruillabarcelona.cat\/wp-content\/uploads\/2022\/12\/CALA_VENTO_X_ARNAU_ELIAS-1.jpg","width":2389,"height":2386},{"@type":"BreadcrumbList","@id":"https:\/\/www.cruillabarcelona.cat\/en\/artists\/cala-vento-2023\/#breadcrumb","itemListElement":[{"@type":"ListItem","position":1,"name":"Home","item":"https:\/\/www.cruillabarcelona.cat\/en\/"},{"@type":"ListItem","position":2,"name":"Cala Vento"}]},{"@type":"WebSite","@id":"https:\/\/www.cruillabarcelona.cat\/en\/#website","url":"https:\/\/www.cruillabarcelona.cat\/en\/","name":"Festival Cruïlla","description":"","publisher":{"@id":"https:\/\/www.cruillabarcelona.cat\/en\/#organization"},"potentialAction":[{"@type":"SearchAction","target":{"@type":"EntryPoint","urlTemplate":"https:\/\/www.cruillabarcelona.cat\/en\/?s={search_term_string}"},"query-input":{"@type":"PropertyValueSpecification","valueRequired":true,"valueName":"search_term_string"}}],"inLanguage":"en-US"},{"@type":"Organization","@id":"https:\/\/www.cruillabarcelona.cat\/en\/#organization","name":"Festival Cruïlla","url":"https:\/\/www.cruillabarcelona.cat\/en\/","logo":{"@type":"ImageObject","inLanguage":"en-US","@id":"https:\/\/www.cruillabarcelona.cat\/en\/#\/schema\/logo\/image\/","url":"https:\/\/www.cruillabarcelona.cat\/wp-content\/uploads\/2025\/12\/cruill-logo-negativo.png","contentUrl":"https:\/\/www.cruillabarcelona.cat\/wp-content\/uploads\/2025\/12\/cruill-logo-negativo.png","width":400,"height":101,"caption":"Festival Cruïlla"},"image":{"@id":"https:\/\/www.cruillabarcelona.cat\/en\/#\/schema\/logo\/image\/"}}]}</script>
<!-- / Yoast SEO plugin. -->

Cala Vento live at Cruïlla Festival 2023

Get your festival tickets for Cala Vento's concert at Cruïlla Festival 2023, on July 7 at Parc del Fòrum, Barcelona

Festival Cruïlla
