{"id":46527,"date":"2022-12-14T13:06:03","date_gmt":"2022-12-14T11:06:03","guid":{"rendered":"https:\/\/www.cruillabarcelona.cat\/?post_type=artists&#038;p=46527"},"modified":"2023-05-23T16:00:57","modified_gmt":"2023-05-23T14:00:57","slug":"las-ninyas-del-corro","status":"publish","type":"artists","link":"https:\/\/www.cruillabarcelona.cat\/en\/artists\/las-ninyas-del-corro\/","title":{"rendered":"Las Ninyas del Corro"},"content":{"rendered":"<h2>Las Ninyas del Corro at Cru\u00eflla 2023<\/h2>\n<h3>Stories that became rhymes<\/h3>\n<p>Their grandmothers told them the stories of their arrival in Catalonia from Andalusia. And <strong>Felinna Vallejo <\/strong>and <strong>La\u00fcra Bonsai<\/strong> decided to turn the narrative that ran through the streets of their neighbourhood into <strong>powerful rhymes<\/strong>, recovering the <strong>voices<\/strong> of their working-class ancestors.<\/p>\n<p>That&#8217;s the strength of <strong>Las Ninyas del Corro<\/strong>, in songs that are carefree, dynamic and with an aggressive touch, that speak to us of the past and the future without losing the <strong>underground flow<\/strong> that identifies the duo.<\/p>\n<p>Now they are leaving the neighbourhood to bring these stories to the stage. And that&#8217;s what they&#8217;ll be doing on<strong> Wednesday 5 July <\/strong>at the<strong> Cru\u00eflla 2023 Festival<\/strong>: bringing us their powerful live performance and their rhymes, which unite <strong>struggle and love<\/strong> in the same verse.<\/p>\n<hr \/>\n<p style=\"text-align: center;\"><em>Get your Cru\u00eflla 2023 day ticket or full pass ticket:<\/em><\/p>\n<p style=\"text-align: center;\"><a class=\"efsbutton button \" target=\"_blank\">TICKETS<\/a><\/p>\n<hr \/>\n<p>They already brought the <strong>sounds and values of classic rap<\/strong> to the table with <em>SKIT 202<\/em>0, an EP with old school beats and aesthetics. Then came <strong><em>Onna Bugeisha<\/em><\/strong>, a tribute album to all the souls of the working class neighbourhood, always following their line of<strong> forceful and combative rap<\/strong> influenced by the 90s with an agile, cheeky and even hardcore flow.<\/p>\n<p>Behind their committed lyrics, <strong>Las Ninyas del Corro<\/strong> invite us to reflect on empowerment, criticism and their personal experiences, and we <strong>can&#8217;t wait to hear their story.<\/strong><\/p>\n<!-- auto-added video if acf\/single-artist-video not used  --> <iframe style=\"width: 100%;max-width: 100%;height: auto;aspect-ratio: 16 \/ 9;\" src=\"https:\/\/www.youtube-nocookie.com\/embed\/idBtGe9TmB0\" frameborder=\"0\" allow=\"accelerometer; autoplay; encrypted-media; gyroscope; picture-in-picture\" allowfullscreen><\/iframe>","protected":false},"featured_media":47932,"template":"","meta":{"_acf_changed":false},"artists_edition":[877],"class_list":["post-46527","artists","type-artists","status-publish","has-post-thumbnail","hentry","artists_edition-877"],"acf":{"_thumbnail_id":47932,"youtube_player":"idBtGe9TmB0","artist_edition":[877],"artist_date":"20230705","artist_time":"18:15","artist_time_2":"","artist_location":false,"artist_ticket_url":"https:\/\/www.cruillabarcelona.cat\/en\/tickets\/","artist_ticket_status":"","artist_extra_date__show":false,"artist_extra_date_2":null,"artist_time_of_date2":"","artist_extra_date_3":null,"artist_time_of_date3":"","artist_extra_date_4":null,"artist_time_of_date4":"","artist_extra_date_5":null,"artist_time_of_date5":"","artist_date__show_month":true,"artist_sidebar_active":true,"show_in_agenda":false,"artist_sidebar__banner_img":"","artist_sidebar__banner_link":"","artist_hero_content":"Festival Cru\u00eflla 2023","artist_style":false,"artist_nationality":false,"artist_audience_age":false},"yoast_head":"<!-- This site is optimized with the Yoast SEO plugin v27.5 - https:\/\/yoast.com\/product\/yoast-seo-wordpress\/ -->\n<title>Las Ninyas del Corro concert in Barcelona, July 5 at Cru\u00eflla Festival<\/title>\n<meta name=\"description\" content=\"Buy tickets for the Las Ninyas del Corro concert on July 5 at Cru\u00eflla Festival 2023. Las Ninyas del Corro live at Parc del F\u00f2rum, Barcelona\" \/>\n<meta name=\"robots\" content=\"index, follow, max-snippet:-1, max-image-preview:large, max-video-preview:-1\" \/>\n<link rel=\"canonical\" href=\"https:\/\/www.cruillabarcelona.cat\/en\/artists\/las-ninyas-del-corro\/\" \/>\n<meta property=\"og:locale\" content=\"en_US\" \/>\n<meta property=\"og:type\" content=\"article\" \/>\n<meta property=\"og:title\" content=\"Las Ninyas del Corro concert in Barcelona, July 5 at Cru\u00eflla Festival\" \/>\n<meta property=\"og:description\" content=\"Buy tickets for the Las Ninyas del Corro concert on July 5 at Cru\u00eflla Festival 2023. Las Ninyas del Corro live at Parc del F\u00f2rum, Barcelona\" \/>\n<meta property=\"og:url\" content=\"https:\/\/www.cruillabarcelona.cat\/en\/artists\/las-ninyas-del-corro\/\" \/>\n<meta property=\"og:site_name\" content=\"Festival Cru\u00eflla\" \/>\n<meta property=\"article:modified_time\" content=\"2023-05-23T14:00:57+00:00\" \/>\n<meta property=\"og:image\" content=\"https:\/\/www.cruillabarcelona.cat\/wp-content\/uploads\/2022\/12\/26-1.jpg\" \/>\n\t<meta property=\"og:image:width\" content=\"1000\" \/>\n\t<meta property=\"og:image:height\" content=\"1000\" \/>\n\t<meta property=\"og:image:type\" content=\"image\/jpeg\" \/>\n<meta name=\"twitter:card\" content=\"summary_large_image\" \/>\n<meta name=\"twitter:label1\" content=\"Est. reading time\" \/>\n\t<meta name=\"twitter:data1\" content=\"2 minutes\" \/>\n<script type=\"application\/ld+json\" class=\"yoast-schema-graph\">{\"@context\":\"https:\\\/\\\/schema.org\",\"@graph\":[{\"@type\":\"WebPage\",\"@id\":\"https:\\\/\\\/www.cruillabarcelona.cat\\\/en\\\/artists\\\/las-ninyas-del-corro\\\/\",\"url\":\"https:\\\/\\\/www.cruillabarcelona.cat\\\/en\\\/artists\\\/las-ninyas-del-corro\\\/\",\"name\":\"Las Ninyas del Corro concert in Barcelona, July 5 at Cru\u00eflla Festival\",\"isPartOf\":{\"@id\":\"https:\\\/\\\/www.cruillabarcelona.cat\\\/en\\\/#website\"},\"primaryImageOfPage\":{\"@id\":\"https:\\\/\\\/www.cruillabarcelona.cat\\\/en\\\/artists\\\/las-ninyas-del-corro\\\/#primaryimage\"},\"image\":{\"@id\":\"https:\\\/\\\/www.cruillabarcelona.cat\\\/en\\\/artists\\\/las-ninyas-del-corro\\\/#primaryimage\"},\"thumbnailUrl\":\"https:\\\/\\\/www.cruillabarcelona.cat\\\/wp-content\\\/uploads\\\/2022\\\/12\\\/26-1.jpg\",\"datePublished\":\"2022-12-14T11:06:03+00:00\",\"dateModified\":\"2023-05-23T14:00:57+00:00\",\"description\":\"Buy tickets for the Las Ninyas del Corro concert on July 5 at Cru\u00eflla Festival 2023. Las Ninyas del Corro live at Parc del F\u00f2rum, Barcelona\",\"breadcrumb\":{\"@id\":\"https:\\\/\\\/www.cruillabarcelona.cat\\\/en\\\/artists\\\/las-ninyas-del-corro\\\/#breadcrumb\"},\"inLanguage\":\"en-US\",\"potentialAction\":[{\"@type\":\"ReadAction\",\"target\":[\"https:\\\/\\\/www.cruillabarcelona.cat\\\/en\\\/artists\\\/las-ninyas-del-corro\\\/\"]}]},{\"@type\":\"ImageObject\",\"inLanguage\":\"en-US\",\"@id\":\"https:\\\/\\\/www.cruillabarcelona.cat\\\/en\\\/artists\\\/las-ninyas-del-corro\\\/#primaryimage\",\"url\":\"https:\\\/\\\/www.cruillabarcelona.cat\\\/wp-content\\\/uploads\\\/2022\\\/12\\\/26-1.jpg\",\"contentUrl\":\"https:\\\/\\\/www.cruillabarcelona.cat\\\/wp-content\\\/uploads\\\/2022\\\/12\\\/26-1.jpg\",\"width\":1000,\"height\":1000},{\"@type\":\"BreadcrumbList\",\"@id\":\"https:\\\/\\\/www.cruillabarcelona.cat\\\/en\\\/artists\\\/las-ninyas-del-corro\\\/#breadcrumb\",\"itemListElement\":[{\"@type\":\"ListItem\",\"position\":1,\"name\":\"Home\",\"item\":\"https:\\\/\\\/www.cruillabarcelona.cat\\\/en\\\/\"},{\"@type\":\"ListItem\",\"position\":2,\"name\":\"Las Ninyas del Corro\"}]},{\"@type\":\"WebSite\",\"@id\":\"https:\\\/\\\/www.cruillabarcelona.cat\\\/en\\\/#website\",\"url\":\"https:\\\/\\\/www.cruillabarcelona.cat\\\/en\\\/\",\"name\":\"Festival Cru\u00eflla\",\"description\":\"\",\"publisher\":{\"@id\":\"https:\\\/\\\/www.cruillabarcelona.cat\\\/en\\\/#organization\"},\"potentialAction\":[{\"@type\":\"SearchAction\",\"target\":{\"@type\":\"EntryPoint\",\"urlTemplate\":\"https:\\\/\\\/www.cruillabarcelona.cat\\\/en\\\/?s={search_term_string}\"},\"query-input\":{\"@type\":\"PropertyValueSpecification\",\"valueRequired\":true,\"valueName\":\"search_term_string\"}}],\"inLanguage\":\"en-US\"},{\"@type\":\"Organization\",\"@id\":\"https:\\\/\\\/www.cruillabarcelona.cat\\\/en\\\/#organization\",\"name\":\"Festival Cru\u00eflla\",\"url\":\"https:\\\/\\\/www.cruillabarcelona.cat\\\/en\\\/\",\"logo\":{\"@type\":\"ImageObject\",\"inLanguage\":\"en-US\",\"@id\":\"https:\\\/\\\/www.cruillabarcelona.cat\\\/en\\\/#\\\/schema\\\/logo\\\/image\\\/\",\"url\":\"https:\\\/\\\/www.cruillabarcelona.cat\\\/wp-content\\\/uploads\\\/2025\\\/12\\\/cruill-logo-negativo.png\",\"contentUrl\":\"https:\\\/\\\/www.cruillabarcelona.cat\\\/wp-content\\\/uploads\\\/2025\\\/12\\\/cruill-logo-negativo.png\",\"width\":400,\"height\":101,\"caption\":\"Festival Cru\u00eflla\"},\"image\":{\"@id\":\"https:\\\/\\\/www.cruillabarcelona.cat\\\/en\\\/#\\\/schema\\\/logo\\\/image\\\/\"}}]}<\/script>\n<!-- \/ Yoast SEO plugin. -->","yoast_head_json":{"title":"Las Ninyas del Corro concert in Barcelona, July 5 at Cru\u00eflla Festival","description":"Buy tickets for the Las Ninyas del Corro concert on July 5 at Cru\u00eflla Festival 2023. Las Ninyas del Corro live at Parc del F\u00f2rum, Barcelona","robots":{"index":"index","follow":"follow","max-snippet":"max-snippet:-1","max-image-preview":"max-image-preview:large","max-video-preview":"max-video-preview:-1"},"canonical":"https:\/\/www.cruillabarcelona.cat\/en\/artists\/las-ninyas-del-corro\/","og_locale":"en_US","og_type":"article","og_title":"Las Ninyas del Corro concert in Barcelona, July 5 at Cru\u00eflla Festival","og_description":"Buy tickets for the Las Ninyas del Corro concert on July 5 at Cru\u00eflla Festival 2023. Las Ninyas del Corro live at Parc del F\u00f2rum, Barcelona","og_url":"https:\/\/www.cruillabarcelona.cat\/en\/artists\/las-ninyas-del-corro\/","og_site_name":"Festival Cru\u00eflla","article_modified_time":"2023-05-23T14:00:57+00:00","og_image":[{"width":1000,"height":1000,"url":"https:\/\/www.cruillabarcelona.cat\/wp-content\/uploads\/2022\/12\/26-1.jpg","type":"image\/jpeg"}],"twitter_card":"summary_large_image","twitter_misc":{"Est. reading time":"2 minutes"},"schema":{"@context":"https:\/\/schema.org","@graph":[{"@type":"WebPage","@id":"https:\/\/www.cruillabarcelona.cat\/en\/artists\/las-ninyas-del-corro\/","url":"https:\/\/www.cruillabarcelona.cat\/en\/artists\/las-ninyas-del-corro\/","name":"Las Ninyas del Corro concert in Barcelona, July 5 at Cru\u00eflla Festival","isPartOf":{"@id":"https:\/\/www.cruillabarcelona.cat\/en\/#website"},"primaryImageOfPage":{"@id":"https:\/\/www.cruillabarcelona.cat\/en\/artists\/las-ninyas-del-corro\/#primaryimage"},"image":{"@id":"https:\/\/www.cruillabarcelona.cat\/en\/artists\/las-ninyas-del-corro\/#primaryimage"},"thumbnailUrl":"https:\/\/www.cruillabarcelona.cat\/wp-content\/uploads\/2022\/12\/26-1.jpg","datePublished":"2022-12-14T11:06:03+00:00","dateModified":"2023-05-23T14:00:57+00:00","description":"Buy tickets for the Las Ninyas del Corro concert on July 5 at Cru\u00eflla Festival 2023. Las Ninyas del Corro live at Parc del F\u00f2rum, Barcelona","breadcrumb":{"@id":"https:\/\/www.cruillabarcelona.cat\/en\/artists\/las-ninyas-del-corro\/#breadcrumb"},"inLanguage":"en-US","potentialAction":[{"@type":"ReadAction","target":["https:\/\/www.cruillabarcelona.cat\/en\/artists\/las-ninyas-del-corro\/"]}]},{"@type":"ImageObject","inLanguage":"en-US","@id":"https:\/\/www.cruillabarcelona.cat\/en\/artists\/las-ninyas-del-corro\/#primaryimage","url":"https:\/\/www.cruillabarcelona.cat\/wp-content\/uploads\/2022\/12\/26-1.jpg","contentUrl":"https:\/\/www.cruillabarcelona.cat\/wp-content\/uploads\/2022\/12\/26-1.jpg","width":1000,"height":1000},{"@type":"BreadcrumbList","@id":"https:\/\/www.cruillabarcelona.cat\/en\/artists\/las-ninyas-del-corro\/#breadcrumb","itemListElement":[{"@type":"ListItem","position":1,"name":"Home","item":"https:\/\/www.cruillabarcelona.cat\/en\/"},{"@type":"ListItem","position":2,"name":"Las Ninyas del Corro"}]},{"@type":"WebSite","@id":"https:\/\/www.cruillabarcelona.cat\/en\/#website","url":"https:\/\/www.cruillabarcelona.cat\/en\/","name":"Festival Cru\u00eflla","description":"","publisher":{"@id":"https:\/\/www.cruillabarcelona.cat\/en\/#organization"},"potentialAction":[{"@type":"SearchAction","target":{"@type":"EntryPoint","urlTemplate":"https:\/\/www.cruillabarcelona.cat\/en\/?s={search_term_string}"},"query-input":{"@type":"PropertyValueSpecification","valueRequired":true,"valueName":"search_term_string"}}],"inLanguage":"en-US"},{"@type":"Organization","@id":"https:\/\/www.cruillabarcelona.cat\/en\/#organization","name":"Festival Cru\u00eflla","url":"https:\/\/www.cruillabarcelona.cat\/en\/","logo":{"@type":"ImageObject","inLanguage":"en-US","@id":"https:\/\/www.cruillabarcelona.cat\/en\/#\/schema\/logo\/image\/","url":"https:\/\/www.cruillabarcelona.cat\/wp-content\/uploads\/2025\/12\/cruill-logo-negativo.png","contentUrl":"https:\/\/www.cruillabarcelona.cat\/wp-content\/uploads\/2025\/12\/cruill-logo-negativo.png","width":400,"height":101,"caption":"Festival Cru\u00eflla"},"image":{"@id":"https:\/\/www.cruillabarcelona.cat\/en\/#\/schema\/logo\/image\/"}}]}},"_links":{"self":[{"href":"https:\/\/www.cruillabarcelona.cat\/en\/wp-json\/wp\/v2\/artists\/46527","targetHints":{"allow":["GET"]}}],"collection":[{"href":"https:\/\/www.cruillabarcelona.cat\/en\/wp-json\/wp\/v2\/artists"}],"about":[{"href":"https:\/\/www.cruillabarcelona.cat\/en\/wp-json\/wp\/v2\/types\/artists"}],"acf:term":[{"embeddable":true,"taxonomy":"artists_edition","href":"https:\/\/www.cruillabarcelona.cat\/en\/wp-json\/wp\/v2\/artists_edition\/877"}],"wp:featuredmedia":[{"embeddable":true,"href":"https:\/\/www.cruillabarcelona.cat\/en\/wp-json\/wp\/v2\/media\/47932"}],"wp:attachment":[{"href":"https:\/\/www.cruillabarcelona.cat\/en\/wp-json\/wp\/v2\/media?parent=46527"}],"wp:term":[{"taxonomy":"artists_edition","embeddable":true,"href":"https:\/\/www.cruillabarcelona.cat\/en\/wp-json\/wp\/v2\/artists_edition?post=46527"}],"curies":[{"name":"wp","href":"https:\/\/api.w.org\/{rel}","templated":true}]}}

<h2>Las Ninyas del Corro at Cruïlla 2023</h2>
<h3>Stories that became rhymes</h3>
<p>Their grandmothers told them the stories of their arrival in Catalonia from Andalusia. And <strong>Felinna Vallejo </strong>and <strong>Laüra Bonsai</strong> decided to turn the narrative that ran through the streets of their neighbourhood into <strong>powerful rhymes</strong>, recovering the <strong>voices</strong> of their working-class ancestors.</p>
<p>That&#8217;s the strength of <strong>Las Ninyas del Corro</strong>, in songs that are carefree, dynamic and with an aggressive touch, that speak to us of the past and the future without losing the <strong>underground flow</strong> that identifies the duo.</p>
<p>Now they are leaving the neighbourhood to bring these stories to the stage. And that&#8217;s what they&#8217;ll be doing on<strong> Wednesday 5 July </strong>at the<strong> Cruïlla 2023 Festival</strong>: bringing us their powerful live performance and their rhymes, which unite <strong>struggle and love</strong> in the same verse.</p>
<hr />
<p style="text-align: center;"><em>Get your Cruïlla 2023 day ticket or full pass ticket:</em></p>
<p style="text-align: center;"><a class="efsbutton button " target="_blank">TICKETS</a></p>
<hr />
<p>They already brought the <strong>sounds and values of classic rap</strong> to the table with <em>SKIT 202</em>0, an EP with old school beats and aesthetics. Then came <strong><em>Onna Bugeisha</em></strong>, a tribute album to all the souls of the working class neighbourhood, always following their line of<strong> forceful and combative rap</strong> influenced by the 90s with an agile, cheeky and even hardcore flow.</p>
<p>Behind their committed lyrics, <strong>Las Ninyas del Corro</strong> invite us to reflect on empowerment, criticism and their personal experiences, and we <strong>can&#8217;t wait to hear their story.</strong></p>
<!-- auto-added video if acf/single-artist-video not used  --> <iframe style="width: 100%;max-width: 100%;height: auto;aspect-ratio: 16 / 9;" src="https://www.youtube-nocookie.com/embed/idBtGe9TmB0" frameborder="0" allow="accelerometer; autoplay; encrypted-media; gyroscope; picture-in-picture" allowfullscreen></iframe>

Festival Cruïlla 2023

<!-- This site is optimized with the Yoast SEO plugin v27.5 - https://yoast.com/product/yoast-seo-wordpress/ -->
<title>Las Ninyas del Corro concert in Barcelona, July 5 at Cruïlla Festival</title>
<meta name="description" content="Buy tickets for the Las Ninyas del Corro concert on July 5 at Cruïlla Festival 2023. Las Ninyas del Corro live at Parc del Fòrum, Barcelona" />
<meta name="robots" content="index, follow, max-snippet:-1, max-image-preview:large, max-video-preview:-1" />
<link rel="canonical" href="https://www.cruillabarcelona.cat/en/artists/las-ninyas-del-corro/" />
<meta property="og:locale" content="en_US" />
<meta property="og:type" content="article" />
<meta property="og:title" content="Las Ninyas del Corro concert in Barcelona, July 5 at Cruïlla Festival" />
<meta property="og:description" content="Buy tickets for the Las Ninyas del Corro concert on July 5 at Cruïlla Festival 2023. Las Ninyas del Corro live at Parc del Fòrum, Barcelona" />
<meta property="og:url" content="https://www.cruillabarcelona.cat/en/artists/las-ninyas-del-corro/" />
<meta property="og:site_name" content="Festival Cruïlla" />
<meta property="article:modified_time" content="2023-05-23T14:00:57+00:00" />
<meta property="og:image" content="https://www.cruillabarcelona.cat/wp-content/uploads/2022/12/26-1.jpg" />
	<meta property="og:image:width" content="1000" />
	<meta property="og:image:height" content="1000" />
	<meta property="og:image:type" content="image/jpeg" />
<meta name="twitter:card" content="summary_large_image" />
<meta name="twitter:label1" content="Est. reading time" />
	<meta name="twitter:data1" content="2 minutes" />
<script type="application/ld+json" class="yoast-schema-graph">{"@context":"https:\/\/schema.org","@graph":[{"@type":"WebPage","@id":"https:\/\/www.cruillabarcelona.cat\/en\/artists\/las-ninyas-del-corro\/","url":"https:\/\/www.cruillabarcelona.cat\/en\/artists\/las-ninyas-del-corro\/","name":"Las Ninyas del Corro concert in Barcelona, July 5 at Cruïlla Festival","isPartOf":{"@id":"https:\/\/www.cruillabarcelona.cat\/en\/#website"},"primaryImageOfPage":{"@id":"https:\/\/www.cruillabarcelona.cat\/en\/artists\/las-ninyas-del-corro\/#primaryimage"},"image":{"@id":"https:\/\/www.cruillabarcelona.cat\/en\/artists\/las-ninyas-del-corro\/#primaryimage"},"thumbnailUrl":"https:\/\/www.cruillabarcelona.cat\/wp-content\/uploads\/2022\/12\/26-1.jpg","datePublished":"2022-12-14T11:06:03+00:00","dateModified":"2023-05-23T14:00:57+00:00","description":"Buy tickets for the Las Ninyas del Corro concert on July 5 at Cruïlla Festival 2023. Las Ninyas del Corro live at Parc del Fòrum, Barcelona","breadcrumb":{"@id":"https:\/\/www.cruillabarcelona.cat\/en\/artists\/las-ninyas-del-corro\/#breadcrumb"},"inLanguage":"en-US","potentialAction":[{"@type":"ReadAction","target":["https:\/\/www.cruillabarcelona.cat\/en\/artists\/las-ninyas-del-corro\/"]}]},{"@type":"ImageObject","inLanguage":"en-US","@id":"https:\/\/www.cruillabarcelona.cat\/en\/artists\/las-ninyas-del-corro\/#primaryimage","url":"https:\/\/www.cruillabarcelona.cat\/wp-content\/uploads\/2022\/12\/26-1.jpg","contentUrl":"https:\/\/www.cruillabarcelona.cat\/wp-content\/uploads\/2022\/12\/26-1.jpg","width":1000,"height":1000},{"@type":"BreadcrumbList","@id":"https:\/\/www.cruillabarcelona.cat\/en\/artists\/las-ninyas-del-corro\/#breadcrumb","itemListElement":[{"@type":"ListItem","position":1,"name":"Home","item":"https:\/\/www.cruillabarcelona.cat\/en\/"},{"@type":"ListItem","position":2,"name":"Las Ninyas del Corro"}]},{"@type":"WebSite","@id":"https:\/\/www.cruillabarcelona.cat\/en\/#website","url":"https:\/\/www.cruillabarcelona.cat\/en\/","name":"Festival Cruïlla","description":"","publisher":{"@id":"https:\/\/www.cruillabarcelona.cat\/en\/#organization"},"potentialAction":[{"@type":"SearchAction","target":{"@type":"EntryPoint","urlTemplate":"https:\/\/www.cruillabarcelona.cat\/en\/?s={search_term_string}"},"query-input":{"@type":"PropertyValueSpecification","valueRequired":true,"valueName":"search_term_string"}}],"inLanguage":"en-US"},{"@type":"Organization","@id":"https:\/\/www.cruillabarcelona.cat\/en\/#organization","name":"Festival Cruïlla","url":"https:\/\/www.cruillabarcelona.cat\/en\/","logo":{"@type":"ImageObject","inLanguage":"en-US","@id":"https:\/\/www.cruillabarcelona.cat\/en\/#\/schema\/logo\/image\/","url":"https:\/\/www.cruillabarcelona.cat\/wp-content\/uploads\/2025\/12\/cruill-logo-negativo.png","contentUrl":"https:\/\/www.cruillabarcelona.cat\/wp-content\/uploads\/2025\/12\/cruill-logo-negativo.png","width":400,"height":101,"caption":"Festival Cruïlla"},"image":{"@id":"https:\/\/www.cruillabarcelona.cat\/en\/#\/schema\/logo\/image\/"}}]}</script>
<!-- / Yoast SEO plugin. -->

Las Ninyas del Corro concert in Barcelona, July 5 at Cruïlla Festival

Buy tickets for the Las Ninyas del Corro concert on July 5 at Cruïlla Festival 2023. Las Ninyas del Corro live at Parc del Fòrum, Barcelona

Festival Cruïlla
