{"id":8432,"date":"2018-02-21T11:51:58","date_gmt":"2018-02-21T11:51:58","guid":{"rendered":"https:\/\/www.cruillabarcelona.cat\/?post_type=artists&#038;p=8432\/"},"modified":"2021-06-15T12:22:55","modified_gmt":"2021-06-15T10:22:55","slug":"rolling-vibes-collective","status":"publish","type":"artists","link":"https:\/\/www.cruillabarcelona.cat\/en\/artists\/rolling-vibes-collective\/","title":{"rendered":"Rolling Vibes"},"content":{"rendered":"<h2 style=\"text-align: justify;\">Rolling Vibes at Cru\u00eflla Festival 2021<\/h2>\n<p style=\"text-align: justify;\">Their name is synonymous with party! The Rolling Vibes is a unique ensemble composed of five musicians: guitar, bass, sax, trumpet and drums.<\/p>\n<p style=\"text-align: justify;\">So far everything is normal, but there is a big detail that escapes this description: as everyone who accompanied us during Carnaval del Cru\u00eflla discovered, the drummer goes up in a cart full of speakers and all musicians act with wireless microphones. These two traits allow them to move freely among the audience.<\/p>\n<p style=\"text-align: justify;\">With a repertoire designed to dance and a Front Man\/Clown like Monsieur Loyal, Rolling Vibes Collective bring the party and the smiles wherever they go.<\/p>\n<p>&nbsp;<\/p>\n<hr \/>\n<p style=\"text-align: center;\"><strong>Get your tickets here<\/strong><\/p>\n<p style=\"text-align: center;\"><a class=\"efsbutton button \" target=\"_blank\">TICKETS<\/a><\/p>\n<!-- auto-added video if acf\/single-artist-video not used  --> <iframe style=\"width: 100%;max-width: 100%;height: auto;aspect-ratio: 16 \/ 9;\" src=\"https:\/\/www.youtube-nocookie.com\/embed\/ v_8KkWb9wUg\" frameborder=\"0\" allow=\"accelerometer; autoplay; encrypted-media; gyroscope; picture-in-picture\" allowfullscreen><\/iframe>","protected":false},"featured_media":37534,"template":"","meta":{"_acf_changed":false},"artists_edition":[794],"class_list":["post-8432","artists","type-artists","status-publish","has-post-thumbnail","hentry","artists_edition-794"],"acf":{"_thumbnail_id":37534,"youtube_player":" v_8KkWb9wUg","artist_edition":[794],"artist_date":"20210709","artist_time":"16:30","artist_time_2":"","artist_location":false,"artist_ticket_url":"https:\/\/www.cruillabarcelona.cat\/en\/tickets\/","artist_ticket_status":"","artist_extra_date__show":true,"artist_extra_date_2":"20210710","artist_time_of_date2":"16:30","artist_extra_date_3":null,"artist_time_of_date3":"","artist_extra_date_4":null,"artist_time_of_date4":"","artist_extra_date_5":null,"artist_time_of_date5":"","artist_date__show_month":true,"artist_sidebar_active":false,"show_in_agenda":false,"artist_sidebar__banner_img":null,"artist_sidebar__banner_link":"","artist_hero_content":"Cru\u00eflla 2021","artist_style":false,"artist_nationality":false,"artist_audience_age":false},"yoast_head":"<!-- This site is optimized with the Yoast SEO plugin v27.5 - https:\/\/yoast.com\/product\/yoast-seo-wordpress\/ -->\n<title>Rolling Vibes bring their show to Cru\u00eflla Festival 2021<\/title>\n<meta name=\"description\" content=\"Buy your tickets for the Rolling Vibes concert at the Cru\u00eflla Festival 2021, on July 8, 9 at the Parc del F\u00f2rum, Barcelona.\" \/>\n<meta name=\"robots\" content=\"index, follow, max-snippet:-1, max-image-preview:large, max-video-preview:-1\" \/>\n<link rel=\"canonical\" href=\"https:\/\/www.cruillabarcelona.cat\/en\/artists\/rolling-vibes-collective\/\" \/>\n<meta property=\"og:locale\" content=\"en_US\" \/>\n<meta property=\"og:type\" content=\"article\" \/>\n<meta property=\"og:title\" content=\"Rolling Vibes bring their show to Cru\u00eflla Festival 2021\" \/>\n<meta property=\"og:description\" content=\"Buy your tickets for the Rolling Vibes concert at the Cru\u00eflla Festival 2021, on July 8, 9 at the Parc del F\u00f2rum, Barcelona.\" \/>\n<meta property=\"og:url\" content=\"https:\/\/www.cruillabarcelona.cat\/en\/artists\/rolling-vibes-collective\/\" \/>\n<meta property=\"og:site_name\" content=\"Festival Cru\u00eflla\" \/>\n<meta property=\"article:modified_time\" content=\"2021-06-15T10:22:55+00:00\" \/>\n<meta property=\"og:image\" content=\"https:\/\/www.cruillabarcelona.cat\/wp-content\/uploads\/2018\/02\/Rolling-Vibes-1-quadrada-re.jpg\" \/>\n\t<meta property=\"og:image:width\" content=\"600\" \/>\n\t<meta property=\"og:image:height\" content=\"600\" \/>\n\t<meta property=\"og:image:type\" content=\"image\/jpeg\" \/>\n<meta name=\"twitter:card\" content=\"summary_large_image\" \/>\n<meta name=\"twitter:label1\" content=\"Est. reading time\" \/>\n\t<meta name=\"twitter:data1\" content=\"1 minute\" \/>\n<script type=\"application\/ld+json\" class=\"yoast-schema-graph\">{\"@context\":\"https:\\\/\\\/schema.org\",\"@graph\":[{\"@type\":\"WebPage\",\"@id\":\"https:\\\/\\\/www.cruillabarcelona.cat\\\/en\\\/artists\\\/rolling-vibes-collective\\\/\",\"url\":\"https:\\\/\\\/www.cruillabarcelona.cat\\\/en\\\/artists\\\/rolling-vibes-collective\\\/\",\"name\":\"Rolling Vibes bring their show to Cru\u00eflla Festival 2021\",\"isPartOf\":{\"@id\":\"https:\\\/\\\/www.cruillabarcelona.cat\\\/en\\\/#website\"},\"primaryImageOfPage\":{\"@id\":\"https:\\\/\\\/www.cruillabarcelona.cat\\\/en\\\/artists\\\/rolling-vibes-collective\\\/#primaryimage\"},\"image\":{\"@id\":\"https:\\\/\\\/www.cruillabarcelona.cat\\\/en\\\/artists\\\/rolling-vibes-collective\\\/#primaryimage\"},\"thumbnailUrl\":\"https:\\\/\\\/www.cruillabarcelona.cat\\\/wp-content\\\/uploads\\\/2018\\\/02\\\/Rolling-Vibes-1-quadrada-re.jpg\",\"datePublished\":\"2018-02-21T11:51:58+00:00\",\"dateModified\":\"2021-06-15T10:22:55+00:00\",\"description\":\"Buy your tickets for the Rolling Vibes concert at the Cru\u00eflla Festival 2021, on July 8, 9 at the Parc del F\u00f2rum, Barcelona.\",\"breadcrumb\":{\"@id\":\"https:\\\/\\\/www.cruillabarcelona.cat\\\/en\\\/artists\\\/rolling-vibes-collective\\\/#breadcrumb\"},\"inLanguage\":\"en-US\",\"potentialAction\":[{\"@type\":\"ReadAction\",\"target\":[\"https:\\\/\\\/www.cruillabarcelona.cat\\\/en\\\/artists\\\/rolling-vibes-collective\\\/\"]}]},{\"@type\":\"ImageObject\",\"inLanguage\":\"en-US\",\"@id\":\"https:\\\/\\\/www.cruillabarcelona.cat\\\/en\\\/artists\\\/rolling-vibes-collective\\\/#primaryimage\",\"url\":\"https:\\\/\\\/www.cruillabarcelona.cat\\\/wp-content\\\/uploads\\\/2018\\\/02\\\/Rolling-Vibes-1-quadrada-re.jpg\",\"contentUrl\":\"https:\\\/\\\/www.cruillabarcelona.cat\\\/wp-content\\\/uploads\\\/2018\\\/02\\\/Rolling-Vibes-1-quadrada-re.jpg\",\"width\":600,\"height\":600,\"caption\":\"Rolling Vibes 2021\"},{\"@type\":\"BreadcrumbList\",\"@id\":\"https:\\\/\\\/www.cruillabarcelona.cat\\\/en\\\/artists\\\/rolling-vibes-collective\\\/#breadcrumb\",\"itemListElement\":[{\"@type\":\"ListItem\",\"position\":1,\"name\":\"Home\",\"item\":\"https:\\\/\\\/www.cruillabarcelona.cat\\\/en\\\/\"},{\"@type\":\"ListItem\",\"position\":2,\"name\":\"Rolling Vibes\"}]},{\"@type\":\"WebSite\",\"@id\":\"https:\\\/\\\/www.cruillabarcelona.cat\\\/en\\\/#website\",\"url\":\"https:\\\/\\\/www.cruillabarcelona.cat\\\/en\\\/\",\"name\":\"Festival Cru\u00eflla\",\"description\":\"\",\"publisher\":{\"@id\":\"https:\\\/\\\/www.cruillabarcelona.cat\\\/en\\\/#organization\"},\"potentialAction\":[{\"@type\":\"SearchAction\",\"target\":{\"@type\":\"EntryPoint\",\"urlTemplate\":\"https:\\\/\\\/www.cruillabarcelona.cat\\\/en\\\/?s={search_term_string}\"},\"query-input\":{\"@type\":\"PropertyValueSpecification\",\"valueRequired\":true,\"valueName\":\"search_term_string\"}}],\"inLanguage\":\"en-US\"},{\"@type\":\"Organization\",\"@id\":\"https:\\\/\\\/www.cruillabarcelona.cat\\\/en\\\/#organization\",\"name\":\"Festival Cru\u00eflla\",\"url\":\"https:\\\/\\\/www.cruillabarcelona.cat\\\/en\\\/\",\"logo\":{\"@type\":\"ImageObject\",\"inLanguage\":\"en-US\",\"@id\":\"https:\\\/\\\/www.cruillabarcelona.cat\\\/en\\\/#\\\/schema\\\/logo\\\/image\\\/\",\"url\":\"https:\\\/\\\/www.cruillabarcelona.cat\\\/wp-content\\\/uploads\\\/2025\\\/12\\\/cruill-logo-negativo.png\",\"contentUrl\":\"https:\\\/\\\/www.cruillabarcelona.cat\\\/wp-content\\\/uploads\\\/2025\\\/12\\\/cruill-logo-negativo.png\",\"width\":400,\"height\":101,\"caption\":\"Festival Cru\u00eflla\"},\"image\":{\"@id\":\"https:\\\/\\\/www.cruillabarcelona.cat\\\/en\\\/#\\\/schema\\\/logo\\\/image\\\/\"}}]}<\/script>\n<!-- \/ Yoast SEO plugin. -->","yoast_head_json":{"title":"Rolling Vibes bring their show to Cru\u00eflla Festival 2021","description":"Buy your tickets for the Rolling Vibes concert at the Cru\u00eflla Festival 2021, on July 8, 9 at the Parc del F\u00f2rum, Barcelona.","robots":{"index":"index","follow":"follow","max-snippet":"max-snippet:-1","max-image-preview":"max-image-preview:large","max-video-preview":"max-video-preview:-1"},"canonical":"https:\/\/www.cruillabarcelona.cat\/en\/artists\/rolling-vibes-collective\/","og_locale":"en_US","og_type":"article","og_title":"Rolling Vibes bring their show to Cru\u00eflla Festival 2021","og_description":"Buy your tickets for the Rolling Vibes concert at the Cru\u00eflla Festival 2021, on July 8, 9 at the Parc del F\u00f2rum, Barcelona.","og_url":"https:\/\/www.cruillabarcelona.cat\/en\/artists\/rolling-vibes-collective\/","og_site_name":"Festival Cru\u00eflla","article_modified_time":"2021-06-15T10:22:55+00:00","og_image":[{"width":600,"height":600,"url":"https:\/\/www.cruillabarcelona.cat\/wp-content\/uploads\/2018\/02\/Rolling-Vibes-1-quadrada-re.jpg","type":"image\/jpeg"}],"twitter_card":"summary_large_image","twitter_misc":{"Est. reading time":"1 minute"},"schema":{"@context":"https:\/\/schema.org","@graph":[{"@type":"WebPage","@id":"https:\/\/www.cruillabarcelona.cat\/en\/artists\/rolling-vibes-collective\/","url":"https:\/\/www.cruillabarcelona.cat\/en\/artists\/rolling-vibes-collective\/","name":"Rolling Vibes bring their show to Cru\u00eflla Festival 2021","isPartOf":{"@id":"https:\/\/www.cruillabarcelona.cat\/en\/#website"},"primaryImageOfPage":{"@id":"https:\/\/www.cruillabarcelona.cat\/en\/artists\/rolling-vibes-collective\/#primaryimage"},"image":{"@id":"https:\/\/www.cruillabarcelona.cat\/en\/artists\/rolling-vibes-collective\/#primaryimage"},"thumbnailUrl":"https:\/\/www.cruillabarcelona.cat\/wp-content\/uploads\/2018\/02\/Rolling-Vibes-1-quadrada-re.jpg","datePublished":"2018-02-21T11:51:58+00:00","dateModified":"2021-06-15T10:22:55+00:00","description":"Buy your tickets for the Rolling Vibes concert at the Cru\u00eflla Festival 2021, on July 8, 9 at the Parc del F\u00f2rum, Barcelona.","breadcrumb":{"@id":"https:\/\/www.cruillabarcelona.cat\/en\/artists\/rolling-vibes-collective\/#breadcrumb"},"inLanguage":"en-US","potentialAction":[{"@type":"ReadAction","target":["https:\/\/www.cruillabarcelona.cat\/en\/artists\/rolling-vibes-collective\/"]}]},{"@type":"ImageObject","inLanguage":"en-US","@id":"https:\/\/www.cruillabarcelona.cat\/en\/artists\/rolling-vibes-collective\/#primaryimage","url":"https:\/\/www.cruillabarcelona.cat\/wp-content\/uploads\/2018\/02\/Rolling-Vibes-1-quadrada-re.jpg","contentUrl":"https:\/\/www.cruillabarcelona.cat\/wp-content\/uploads\/2018\/02\/Rolling-Vibes-1-quadrada-re.jpg","width":600,"height":600,"caption":"Rolling Vibes 2021"},{"@type":"BreadcrumbList","@id":"https:\/\/www.cruillabarcelona.cat\/en\/artists\/rolling-vibes-collective\/#breadcrumb","itemListElement":[{"@type":"ListItem","position":1,"name":"Home","item":"https:\/\/www.cruillabarcelona.cat\/en\/"},{"@type":"ListItem","position":2,"name":"Rolling Vibes"}]},{"@type":"WebSite","@id":"https:\/\/www.cruillabarcelona.cat\/en\/#website","url":"https:\/\/www.cruillabarcelona.cat\/en\/","name":"Festival Cru\u00eflla","description":"","publisher":{"@id":"https:\/\/www.cruillabarcelona.cat\/en\/#organization"},"potentialAction":[{"@type":"SearchAction","target":{"@type":"EntryPoint","urlTemplate":"https:\/\/www.cruillabarcelona.cat\/en\/?s={search_term_string}"},"query-input":{"@type":"PropertyValueSpecification","valueRequired":true,"valueName":"search_term_string"}}],"inLanguage":"en-US"},{"@type":"Organization","@id":"https:\/\/www.cruillabarcelona.cat\/en\/#organization","name":"Festival Cru\u00eflla","url":"https:\/\/www.cruillabarcelona.cat\/en\/","logo":{"@type":"ImageObject","inLanguage":"en-US","@id":"https:\/\/www.cruillabarcelona.cat\/en\/#\/schema\/logo\/image\/","url":"https:\/\/www.cruillabarcelona.cat\/wp-content\/uploads\/2025\/12\/cruill-logo-negativo.png","contentUrl":"https:\/\/www.cruillabarcelona.cat\/wp-content\/uploads\/2025\/12\/cruill-logo-negativo.png","width":400,"height":101,"caption":"Festival Cru\u00eflla"},"image":{"@id":"https:\/\/www.cruillabarcelona.cat\/en\/#\/schema\/logo\/image\/"}}]}},"_links":{"self":[{"href":"https:\/\/www.cruillabarcelona.cat\/en\/wp-json\/wp\/v2\/artists\/8432","targetHints":{"allow":["GET"]}}],"collection":[{"href":"https:\/\/www.cruillabarcelona.cat\/en\/wp-json\/wp\/v2\/artists"}],"about":[{"href":"https:\/\/www.cruillabarcelona.cat\/en\/wp-json\/wp\/v2\/types\/artists"}],"acf:term":[{"embeddable":true,"taxonomy":"artists_edition","href":"https:\/\/www.cruillabarcelona.cat\/en\/wp-json\/wp\/v2\/artists_edition\/794"}],"wp:featuredmedia":[{"embeddable":true,"href":"https:\/\/www.cruillabarcelona.cat\/en\/wp-json\/wp\/v2\/media\/37534"}],"wp:attachment":[{"href":"https:\/\/www.cruillabarcelona.cat\/en\/wp-json\/wp\/v2\/media?parent=8432"}],"wp:term":[{"taxonomy":"artists_edition","embeddable":true,"href":"https:\/\/www.cruillabarcelona.cat\/en\/wp-json\/wp\/v2\/artists_edition?post=8432"}],"curies":[{"name":"wp","href":"https:\/\/api.w.org\/{rel}","templated":true}]}}

<h2 style="text-align: justify;">Rolling Vibes at Cruïlla Festival 2021</h2>
<p style="text-align: justify;">Their name is synonymous with party! The Rolling Vibes is a unique ensemble composed of five musicians: guitar, bass, sax, trumpet and drums.</p>
<p style="text-align: justify;">So far everything is normal, but there is a big detail that escapes this description: as everyone who accompanied us during Carnaval del Cruïlla discovered, the drummer goes up in a cart full of speakers and all musicians act with wireless microphones. These two traits allow them to move freely among the audience.</p>
<p style="text-align: justify;">With a repertoire designed to dance and a Front Man/Clown like Monsieur Loyal, Rolling Vibes Collective bring the party and the smiles wherever they go.</p>
<p>&nbsp;</p>
<hr />
<p style="text-align: center;"><strong>Get your tickets here</strong></p>
<p style="text-align: center;"><a class="efsbutton button " target="_blank">TICKETS</a></p>
<!-- auto-added video if acf/single-artist-video not used  --> <iframe style="width: 100%;max-width: 100%;height: auto;aspect-ratio: 16 / 9;" src="https://www.youtube-nocookie.com/embed/ v_8KkWb9wUg" frameborder="0" allow="accelerometer; autoplay; encrypted-media; gyroscope; picture-in-picture" allowfullscreen></iframe>

Cruïlla 2021

<!-- This site is optimized with the Yoast SEO plugin v27.5 - https://yoast.com/product/yoast-seo-wordpress/ -->
<title>Rolling Vibes bring their show to Cruïlla Festival 2021</title>
<meta name="description" content="Buy your tickets for the Rolling Vibes concert at the Cruïlla Festival 2021, on July 8, 9 at the Parc del Fòrum, Barcelona." />
<meta name="robots" content="index, follow, max-snippet:-1, max-image-preview:large, max-video-preview:-1" />
<link rel="canonical" href="https://www.cruillabarcelona.cat/en/artists/rolling-vibes-collective/" />
<meta property="og:locale" content="en_US" />
<meta property="og:type" content="article" />
<meta property="og:title" content="Rolling Vibes bring their show to Cruïlla Festival 2021" />
<meta property="og:description" content="Buy your tickets for the Rolling Vibes concert at the Cruïlla Festival 2021, on July 8, 9 at the Parc del Fòrum, Barcelona." />
<meta property="og:url" content="https://www.cruillabarcelona.cat/en/artists/rolling-vibes-collective/" />
<meta property="og:site_name" content="Festival Cruïlla" />
<meta property="article:modified_time" content="2021-06-15T10:22:55+00:00" />
<meta property="og:image" content="https://www.cruillabarcelona.cat/wp-content/uploads/2018/02/Rolling-Vibes-1-quadrada-re.jpg" />
	<meta property="og:image:width" content="600" />
	<meta property="og:image:height" content="600" />
	<meta property="og:image:type" content="image/jpeg" />
<meta name="twitter:card" content="summary_large_image" />
<meta name="twitter:label1" content="Est. reading time" />
	<meta name="twitter:data1" content="1 minute" />
<script type="application/ld+json" class="yoast-schema-graph">{"@context":"https:\/\/schema.org","@graph":[{"@type":"WebPage","@id":"https:\/\/www.cruillabarcelona.cat\/en\/artists\/rolling-vibes-collective\/","url":"https:\/\/www.cruillabarcelona.cat\/en\/artists\/rolling-vibes-collective\/","name":"Rolling Vibes bring their show to Cruïlla Festival 2021","isPartOf":{"@id":"https:\/\/www.cruillabarcelona.cat\/en\/#website"},"primaryImageOfPage":{"@id":"https:\/\/www.cruillabarcelona.cat\/en\/artists\/rolling-vibes-collective\/#primaryimage"},"image":{"@id":"https:\/\/www.cruillabarcelona.cat\/en\/artists\/rolling-vibes-collective\/#primaryimage"},"thumbnailUrl":"https:\/\/www.cruillabarcelona.cat\/wp-content\/uploads\/2018\/02\/Rolling-Vibes-1-quadrada-re.jpg","datePublished":"2018-02-21T11:51:58+00:00","dateModified":"2021-06-15T10:22:55+00:00","description":"Buy your tickets for the Rolling Vibes concert at the Cruïlla Festival 2021, on July 8, 9 at the Parc del Fòrum, Barcelona.","breadcrumb":{"@id":"https:\/\/www.cruillabarcelona.cat\/en\/artists\/rolling-vibes-collective\/#breadcrumb"},"inLanguage":"en-US","potentialAction":[{"@type":"ReadAction","target":["https:\/\/www.cruillabarcelona.cat\/en\/artists\/rolling-vibes-collective\/"]}]},{"@type":"ImageObject","inLanguage":"en-US","@id":"https:\/\/www.cruillabarcelona.cat\/en\/artists\/rolling-vibes-collective\/#primaryimage","url":"https:\/\/www.cruillabarcelona.cat\/wp-content\/uploads\/2018\/02\/Rolling-Vibes-1-quadrada-re.jpg","contentUrl":"https:\/\/www.cruillabarcelona.cat\/wp-content\/uploads\/2018\/02\/Rolling-Vibes-1-quadrada-re.jpg","width":600,"height":600,"caption":"Rolling Vibes 2021"},{"@type":"BreadcrumbList","@id":"https:\/\/www.cruillabarcelona.cat\/en\/artists\/rolling-vibes-collective\/#breadcrumb","itemListElement":[{"@type":"ListItem","position":1,"name":"Home","item":"https:\/\/www.cruillabarcelona.cat\/en\/"},{"@type":"ListItem","position":2,"name":"Rolling Vibes"}]},{"@type":"WebSite","@id":"https:\/\/www.cruillabarcelona.cat\/en\/#website","url":"https:\/\/www.cruillabarcelona.cat\/en\/","name":"Festival Cruïlla","description":"","publisher":{"@id":"https:\/\/www.cruillabarcelona.cat\/en\/#organization"},"potentialAction":[{"@type":"SearchAction","target":{"@type":"EntryPoint","urlTemplate":"https:\/\/www.cruillabarcelona.cat\/en\/?s={search_term_string}"},"query-input":{"@type":"PropertyValueSpecification","valueRequired":true,"valueName":"search_term_string"}}],"inLanguage":"en-US"},{"@type":"Organization","@id":"https:\/\/www.cruillabarcelona.cat\/en\/#organization","name":"Festival Cruïlla","url":"https:\/\/www.cruillabarcelona.cat\/en\/","logo":{"@type":"ImageObject","inLanguage":"en-US","@id":"https:\/\/www.cruillabarcelona.cat\/en\/#\/schema\/logo\/image\/","url":"https:\/\/www.cruillabarcelona.cat\/wp-content\/uploads\/2025\/12\/cruill-logo-negativo.png","contentUrl":"https:\/\/www.cruillabarcelona.cat\/wp-content\/uploads\/2025\/12\/cruill-logo-negativo.png","width":400,"height":101,"caption":"Festival Cruïlla"},"image":{"@id":"https:\/\/www.cruillabarcelona.cat\/en\/#\/schema\/logo\/image\/"}}]}</script>
<!-- / Yoast SEO plugin. -->

Rolling Vibes bring their show to Cruïlla Festival 2021

Buy your tickets for the Rolling Vibes concert at the Cruïlla Festival 2021, on July 8, 9 at the Parc del Fòrum, Barcelona.

Festival Cruïlla
