{"id":20610,"date":"2018-12-20T14:03:17","date_gmt":"2018-12-20T12:03:17","guid":{"rendered":"https:\/\/www.cruillabarcelona.cat\/?page_id=20610"},"modified":"2019-06-04T15:40:47","modified_gmt":"2019-06-04T13:40:47","slug":"festival-cruilla-2019","status":"publish","type":"page","link":"https:\/\/www.cruillabarcelona.cat\/en\/festival-cruilla-2019\/","title":{"rendered":"Festival Cru\u00eflla 2019"},"content":{"rendered":"<h2>The biggest summer party of the year in Barcelona!<\/h2>\n<p>Festival Cru\u00eflla 2019 equals to <strong>4 days of non-stop fun<\/strong> by the sea, 4 days to share with those you care about. <strong>From 3 to 6 July<\/strong>, Barcelona will host <strong>the biggest summer party of the year<\/strong>.<\/p>\n<p><strong>Black Eyed Peas<\/strong>, Kylie Minogue, <strong>Foals<\/strong>, Years &amp; Years, <strong>Parov Stelar<\/strong>, Michael Kiwanuka, <strong>Bastille<\/strong>, Gang Of Youths, <strong>ZAZ<\/strong> and Vetusta Morla are only a part of the line-up of the festival!<\/p>\n<p style=\"text-align: center;\"><strong>Discover all the confirmed artists on our <a href=\"https:\/\/www.cruillabarcelona.cat\/en\/artists-cruilla-2019\/\" target=\"_blank\" rel=\"noopener noreferrer\">ARTISTS PAGE<\/a><\/strong><\/p>\n<p style=\"text-align: center;\">***<\/p>\n<p>It&#8217;s been 10 years since we started chasing the dream of creating <strong>the perfect scenario<\/strong> for your favorite bands. Year after year, we create a festival where <strong>you live unforgettable experiences<\/strong> with your friends, your partner or even your family.<\/p>\n<p>A festival where you can sit on the grass or dance right in front of the stage, where you may find a spectacle of <strong>La Fura dels Baus<\/strong>, a <strong>firework show<\/strong> or a <strong>giant<\/strong>, where you can laugh with the best <strong>comedians<\/strong>.<\/p>\n<p>One more year, we&#8217;ll create a small city inside the city, a place where there&#8217;s also <strong>gastronomy<\/strong>, <strong>technology<\/strong>, <strong>fashion<\/strong> and more.<\/p>\n<p style=\"text-align: center;\">***<\/p>\n<p>We aim to create musical experiences, because <strong>music awakes intense and unique emotions<\/strong> inside of us. Music is the perfect way to create memories that remain, those that draw a smile in your face when you go back to them.<\/p>\n<p>Cru\u00eflla means &#8216;crossroad&#8217;, and this crossroad brings together <strong>different music styles and different people<\/strong>. We want you to celebrate with us our tenth anniversary, because <strong>this <em>cru\u00eflla<\/em> only makes sense when people come together<\/strong>.<\/p>\n<p><iframe loading=\"lazy\" title=\"FESTIVAL CRU\u00cfLLA 2019 #Cru\u00eflla10anys\" width=\"1200\" height=\"675\" src=\"https:\/\/www.youtube.com\/embed\/Snuf-4C0ZTU?feature=oembed\" frameborder=\"0\" allow=\"accelerometer; autoplay; clipboard-write; encrypted-media; gyroscope; picture-in-picture; web-share\" referrerpolicy=\"strict-origin-when-cross-origin\" allowfullscreen><\/iframe><\/p>\n<h2 style=\"text-align: center;\">#Cru\u00efllaEnamora<\/h2>\n","protected":false},"excerpt":{"rendered":"<p>The biggest summer party of the year in Barcelona! Festival Cru\u00eflla 2019 equals to 4 days of non-stop fun by the sea, 4 days to share [&hellip;]<\/p>\n","protected":false},"author":2,"featured_media":20589,"parent":0,"menu_order":0,"comment_status":"closed","ping_status":"closed","template":"page-templates\/page-landing.php","meta":{"_acf_changed":false,"footnotes":""},"class_list":["post-20610","page","type-page","status-publish","has-post-thumbnail","hentry"],"acf":[],"yoast_head":"<!-- This site is optimized with the Yoast SEO plugin v27.5 - https:\/\/yoast.com\/product\/yoast-seo-wordpress\/ -->\n<title>Festival Cru\u00eflla 2019: July 3, 4, 5 and 6 in Barcelona<\/title>\n<meta name=\"description\" content=\"Tickets now on sale for Cru\u00eflla 2019. Enjoy the tenth edition of the Festival: July 3, 4, 5 and 6, 2019 at Parc del F\u00f2rum de Barcelona.\" \/>\n<meta name=\"robots\" content=\"index, follow, max-snippet:-1, max-image-preview:large, max-video-preview:-1\" \/>\n<link rel=\"canonical\" href=\"https:\/\/www.cruillabarcelona.cat\/en\/festival-cruilla-2019\/\" \/>\n<meta property=\"og:locale\" content=\"en_US\" \/>\n<meta property=\"og:type\" content=\"article\" \/>\n<meta property=\"og:title\" content=\"Festival Cru\u00eflla 2019: July 3, 4, 5 and 6 in Barcelona\" \/>\n<meta property=\"og:description\" content=\"Tickets now on sale for Cru\u00eflla 2019. Enjoy the tenth edition of the Festival: July 3, 4, 5 and 6, 2019 at Parc del F\u00f2rum de Barcelona.\" \/>\n<meta property=\"og:url\" content=\"https:\/\/www.cruillabarcelona.cat\/en\/festival-cruilla-2019\/\" \/>\n<meta property=\"og:site_name\" content=\"Festival Cru\u00eflla\" \/>\n<meta property=\"article:modified_time\" content=\"2019-06-04T13:40:47+00:00\" \/>\n<meta property=\"og:image\" content=\"https:\/\/www.cruillabarcelona.cat\/wp-content\/uploads\/2018\/12\/CRUILLA_BIKUS-9688.jpg\" \/>\n\t<meta property=\"og:image:width\" content=\"2048\" \/>\n\t<meta property=\"og:image:height\" content=\"1171\" \/>\n\t<meta property=\"og:image:type\" content=\"image\/jpeg\" \/>\n<meta name=\"twitter:card\" content=\"summary_large_image\" \/>\n<meta name=\"twitter:label1\" content=\"Est. reading time\" \/>\n\t<meta name=\"twitter:data1\" content=\"1 minute\" \/>\n<script type=\"application\/ld+json\" class=\"yoast-schema-graph\">{\"@context\":\"https:\\\/\\\/schema.org\",\"@graph\":[{\"@type\":\"WebPage\",\"@id\":\"https:\\\/\\\/www.cruillabarcelona.cat\\\/en\\\/festival-cruilla-2019\\\/\",\"url\":\"https:\\\/\\\/www.cruillabarcelona.cat\\\/en\\\/festival-cruilla-2019\\\/\",\"name\":\"Festival Cru\u00eflla 2019: July 3, 4, 5 and 6 in Barcelona\",\"isPartOf\":{\"@id\":\"https:\\\/\\\/www.cruillabarcelona.cat\\\/en\\\/#website\"},\"primaryImageOfPage\":{\"@id\":\"https:\\\/\\\/www.cruillabarcelona.cat\\\/en\\\/festival-cruilla-2019\\\/#primaryimage\"},\"image\":{\"@id\":\"https:\\\/\\\/www.cruillabarcelona.cat\\\/en\\\/festival-cruilla-2019\\\/#primaryimage\"},\"thumbnailUrl\":\"https:\\\/\\\/www.cruillabarcelona.cat\\\/wp-content\\\/uploads\\\/2018\\\/12\\\/CRUILLA_BIKUS-9688.jpg\",\"datePublished\":\"2018-12-20T12:03:17+00:00\",\"dateModified\":\"2019-06-04T13:40:47+00:00\",\"description\":\"Tickets now on sale for Cru\u00eflla 2019. Enjoy the tenth edition of the Festival: July 3, 4, 5 and 6, 2019 at Parc del F\u00f2rum de Barcelona.\",\"breadcrumb\":{\"@id\":\"https:\\\/\\\/www.cruillabarcelona.cat\\\/en\\\/festival-cruilla-2019\\\/#breadcrumb\"},\"inLanguage\":\"en-US\",\"potentialAction\":[{\"@type\":\"ReadAction\",\"target\":[\"https:\\\/\\\/www.cruillabarcelona.cat\\\/en\\\/festival-cruilla-2019\\\/\"]}]},{\"@type\":\"ImageObject\",\"inLanguage\":\"en-US\",\"@id\":\"https:\\\/\\\/www.cruillabarcelona.cat\\\/en\\\/festival-cruilla-2019\\\/#primaryimage\",\"url\":\"https:\\\/\\\/www.cruillabarcelona.cat\\\/wp-content\\\/uploads\\\/2018\\\/12\\\/CRUILLA_BIKUS-9688.jpg\",\"contentUrl\":\"https:\\\/\\\/www.cruillabarcelona.cat\\\/wp-content\\\/uploads\\\/2018\\\/12\\\/CRUILLA_BIKUS-9688.jpg\",\"width\":2048,\"height\":1171,\"caption\":\"Cru\u00eflla 2019\"},{\"@type\":\"BreadcrumbList\",\"@id\":\"https:\\\/\\\/www.cruillabarcelona.cat\\\/en\\\/festival-cruilla-2019\\\/#breadcrumb\",\"itemListElement\":[{\"@type\":\"ListItem\",\"position\":1,\"name\":\"Home\",\"item\":\"https:\\\/\\\/www.cruillabarcelona.cat\\\/en\\\/\"},{\"@type\":\"ListItem\",\"position\":2,\"name\":\"Festival Cru\u00eflla 2019\"}]},{\"@type\":\"WebSite\",\"@id\":\"https:\\\/\\\/www.cruillabarcelona.cat\\\/en\\\/#website\",\"url\":\"https:\\\/\\\/www.cruillabarcelona.cat\\\/en\\\/\",\"name\":\"Festival Cru\u00eflla\",\"description\":\"\",\"publisher\":{\"@id\":\"https:\\\/\\\/www.cruillabarcelona.cat\\\/en\\\/#organization\"},\"potentialAction\":[{\"@type\":\"SearchAction\",\"target\":{\"@type\":\"EntryPoint\",\"urlTemplate\":\"https:\\\/\\\/www.cruillabarcelona.cat\\\/en\\\/?s={search_term_string}\"},\"query-input\":{\"@type\":\"PropertyValueSpecification\",\"valueRequired\":true,\"valueName\":\"search_term_string\"}}],\"inLanguage\":\"en-US\"},{\"@type\":\"Organization\",\"@id\":\"https:\\\/\\\/www.cruillabarcelona.cat\\\/en\\\/#organization\",\"name\":\"Festival Cru\u00eflla\",\"url\":\"https:\\\/\\\/www.cruillabarcelona.cat\\\/en\\\/\",\"logo\":{\"@type\":\"ImageObject\",\"inLanguage\":\"en-US\",\"@id\":\"https:\\\/\\\/www.cruillabarcelona.cat\\\/en\\\/#\\\/schema\\\/logo\\\/image\\\/\",\"url\":\"https:\\\/\\\/www.cruillabarcelona.cat\\\/wp-content\\\/uploads\\\/2025\\\/12\\\/cruill-logo-negativo.png\",\"contentUrl\":\"https:\\\/\\\/www.cruillabarcelona.cat\\\/wp-content\\\/uploads\\\/2025\\\/12\\\/cruill-logo-negativo.png\",\"width\":400,\"height\":101,\"caption\":\"Festival Cru\u00eflla\"},\"image\":{\"@id\":\"https:\\\/\\\/www.cruillabarcelona.cat\\\/en\\\/#\\\/schema\\\/logo\\\/image\\\/\"}}]}<\/script>\n<!-- \/ Yoast SEO plugin. -->","yoast_head_json":{"title":"Festival Cru\u00eflla 2019: July 3, 4, 5 and 6 in Barcelona","description":"Tickets now on sale for Cru\u00eflla 2019. Enjoy the tenth edition of the Festival: July 3, 4, 5 and 6, 2019 at Parc del F\u00f2rum de Barcelona.","robots":{"index":"index","follow":"follow","max-snippet":"max-snippet:-1","max-image-preview":"max-image-preview:large","max-video-preview":"max-video-preview:-1"},"canonical":"https:\/\/www.cruillabarcelona.cat\/en\/festival-cruilla-2019\/","og_locale":"en_US","og_type":"article","og_title":"Festival Cru\u00eflla 2019: July 3, 4, 5 and 6 in Barcelona","og_description":"Tickets now on sale for Cru\u00eflla 2019. Enjoy the tenth edition of the Festival: July 3, 4, 5 and 6, 2019 at Parc del F\u00f2rum de Barcelona.","og_url":"https:\/\/www.cruillabarcelona.cat\/en\/festival-cruilla-2019\/","og_site_name":"Festival Cru\u00eflla","article_modified_time":"2019-06-04T13:40:47+00:00","og_image":[{"width":2048,"height":1171,"url":"https:\/\/www.cruillabarcelona.cat\/wp-content\/uploads\/2018\/12\/CRUILLA_BIKUS-9688.jpg","type":"image\/jpeg"}],"twitter_card":"summary_large_image","twitter_misc":{"Est. reading time":"1 minute"},"schema":{"@context":"https:\/\/schema.org","@graph":[{"@type":"WebPage","@id":"https:\/\/www.cruillabarcelona.cat\/en\/festival-cruilla-2019\/","url":"https:\/\/www.cruillabarcelona.cat\/en\/festival-cruilla-2019\/","name":"Festival Cru\u00eflla 2019: July 3, 4, 5 and 6 in Barcelona","isPartOf":{"@id":"https:\/\/www.cruillabarcelona.cat\/en\/#website"},"primaryImageOfPage":{"@id":"https:\/\/www.cruillabarcelona.cat\/en\/festival-cruilla-2019\/#primaryimage"},"image":{"@id":"https:\/\/www.cruillabarcelona.cat\/en\/festival-cruilla-2019\/#primaryimage"},"thumbnailUrl":"https:\/\/www.cruillabarcelona.cat\/wp-content\/uploads\/2018\/12\/CRUILLA_BIKUS-9688.jpg","datePublished":"2018-12-20T12:03:17+00:00","dateModified":"2019-06-04T13:40:47+00:00","description":"Tickets now on sale for Cru\u00eflla 2019. Enjoy the tenth edition of the Festival: July 3, 4, 5 and 6, 2019 at Parc del F\u00f2rum de Barcelona.","breadcrumb":{"@id":"https:\/\/www.cruillabarcelona.cat\/en\/festival-cruilla-2019\/#breadcrumb"},"inLanguage":"en-US","potentialAction":[{"@type":"ReadAction","target":["https:\/\/www.cruillabarcelona.cat\/en\/festival-cruilla-2019\/"]}]},{"@type":"ImageObject","inLanguage":"en-US","@id":"https:\/\/www.cruillabarcelona.cat\/en\/festival-cruilla-2019\/#primaryimage","url":"https:\/\/www.cruillabarcelona.cat\/wp-content\/uploads\/2018\/12\/CRUILLA_BIKUS-9688.jpg","contentUrl":"https:\/\/www.cruillabarcelona.cat\/wp-content\/uploads\/2018\/12\/CRUILLA_BIKUS-9688.jpg","width":2048,"height":1171,"caption":"Cru\u00eflla 2019"},{"@type":"BreadcrumbList","@id":"https:\/\/www.cruillabarcelona.cat\/en\/festival-cruilla-2019\/#breadcrumb","itemListElement":[{"@type":"ListItem","position":1,"name":"Home","item":"https:\/\/www.cruillabarcelona.cat\/en\/"},{"@type":"ListItem","position":2,"name":"Festival Cru\u00eflla 2019"}]},{"@type":"WebSite","@id":"https:\/\/www.cruillabarcelona.cat\/en\/#website","url":"https:\/\/www.cruillabarcelona.cat\/en\/","name":"Festival Cru\u00eflla","description":"","publisher":{"@id":"https:\/\/www.cruillabarcelona.cat\/en\/#organization"},"potentialAction":[{"@type":"SearchAction","target":{"@type":"EntryPoint","urlTemplate":"https:\/\/www.cruillabarcelona.cat\/en\/?s={search_term_string}"},"query-input":{"@type":"PropertyValueSpecification","valueRequired":true,"valueName":"search_term_string"}}],"inLanguage":"en-US"},{"@type":"Organization","@id":"https:\/\/www.cruillabarcelona.cat\/en\/#organization","name":"Festival Cru\u00eflla","url":"https:\/\/www.cruillabarcelona.cat\/en\/","logo":{"@type":"ImageObject","inLanguage":"en-US","@id":"https:\/\/www.cruillabarcelona.cat\/en\/#\/schema\/logo\/image\/","url":"https:\/\/www.cruillabarcelona.cat\/wp-content\/uploads\/2025\/12\/cruill-logo-negativo.png","contentUrl":"https:\/\/www.cruillabarcelona.cat\/wp-content\/uploads\/2025\/12\/cruill-logo-negativo.png","width":400,"height":101,"caption":"Festival Cru\u00eflla"},"image":{"@id":"https:\/\/www.cruillabarcelona.cat\/en\/#\/schema\/logo\/image\/"}}]}},"_links":{"self":[{"href":"https:\/\/www.cruillabarcelona.cat\/en\/wp-json\/wp\/v2\/pages\/20610","targetHints":{"allow":["GET"]}}],"collection":[{"href":"https:\/\/www.cruillabarcelona.cat\/en\/wp-json\/wp\/v2\/pages"}],"about":[{"href":"https:\/\/www.cruillabarcelona.cat\/en\/wp-json\/wp\/v2\/types\/page"}],"author":[{"embeddable":true,"href":"https:\/\/www.cruillabarcelona.cat\/en\/wp-json\/wp\/v2\/users\/2"}],"replies":[{"embeddable":true,"href":"https:\/\/www.cruillabarcelona.cat\/en\/wp-json\/wp\/v2\/comments?post=20610"}],"version-history":[{"count":0,"href":"https:\/\/www.cruillabarcelona.cat\/en\/wp-json\/wp\/v2\/pages\/20610\/revisions"}],"wp:featuredmedia":[{"embeddable":true,"href":"https:\/\/www.cruillabarcelona.cat\/en\/wp-json\/wp\/v2\/media\/20589"}],"wp:attachment":[{"href":"https:\/\/www.cruillabarcelona.cat\/en\/wp-json\/wp\/v2\/media?parent=20610"}],"curies":[{"name":"wp","href":"https:\/\/api.w.org\/{rel}","templated":true}]}}

Festival Cruïlla 2019

<h2>The biggest summer party of the year in Barcelona!</h2>
<p>Festival Cruïlla 2019 equals to <strong>4 days of non-stop fun</strong> by the sea, 4 days to share with those you care about. <strong>From 3 to 6 July</strong>, Barcelona will host <strong>the biggest summer party of the year</strong>.</p>
<p><strong>Black Eyed Peas</strong>, Kylie Minogue, <strong>Foals</strong>, Years &amp; Years, <strong>Parov Stelar</strong>, Michael Kiwanuka, <strong>Bastille</strong>, Gang Of Youths, <strong>ZAZ</strong> and Vetusta Morla are only a part of the line-up of the festival!</p>
<p style="text-align: center;"><strong>Discover all the confirmed artists on our <a href="https://www.cruillabarcelona.cat/en/artists-cruilla-2019/" target="_blank" rel="noopener noreferrer">ARTISTS PAGE</a></strong></p>
<p style="text-align: center;">***</p>
<p>It&#8217;s been 10 years since we started chasing the dream of creating <strong>the perfect scenario</strong> for your favorite bands. Year after year, we create a festival where <strong>you live unforgettable experiences</strong> with your friends, your partner or even your family.</p>
<p>A festival where you can sit on the grass or dance right in front of the stage, where you may find a spectacle of <strong>La Fura dels Baus</strong>, a <strong>firework show</strong> or a <strong>giant</strong>, where you can laugh with the best <strong>comedians</strong>.</p>
<p>One more year, we&#8217;ll create a small city inside the city, a place where there&#8217;s also <strong>gastronomy</strong>, <strong>technology</strong>, <strong>fashion</strong> and more.</p>
<p style="text-align: center;">***</p>
<p>We aim to create musical experiences, because <strong>music awakes intense and unique emotions</strong> inside of us. Music is the perfect way to create memories that remain, those that draw a smile in your face when you go back to them.</p>
<p>Cruïlla means &#8216;crossroad&#8217;, and this crossroad brings together <strong>different music styles and different people</strong>. We want you to celebrate with us our tenth anniversary, because <strong>this <em>cruïlla</em> only makes sense when people come together</strong>.</p>
<p><iframe loading="lazy" title="FESTIVAL CRUÏLLA 2019 #Cruïlla10anys" width="1200" height="675" src="https://www.youtube.com/embed/Snuf-4C0ZTU?feature=oembed" frameborder="0" allow="accelerometer; autoplay; clipboard-write; encrypted-media; gyroscope; picture-in-picture; web-share" referrerpolicy="strict-origin-when-cross-origin" allowfullscreen></iframe></p>
<h2 style="text-align: center;">#CruïllaEnamora</h2>

<p>The biggest summer party of the year in Barcelona! Festival Cruïlla 2019 equals to 4 days of non-stop fun by the sea, 4 days to share [&hellip;]</p>

<!-- This site is optimized with the Yoast SEO plugin v27.5 - https://yoast.com/product/yoast-seo-wordpress/ -->
<title>Festival Cruïlla 2019: July 3, 4, 5 and 6 in Barcelona</title>
<meta name="description" content="Tickets now on sale for Cruïlla 2019. Enjoy the tenth edition of the Festival: July 3, 4, 5 and 6, 2019 at Parc del Fòrum de Barcelona." />
<meta name="robots" content="index, follow, max-snippet:-1, max-image-preview:large, max-video-preview:-1" />
<link rel="canonical" href="https://www.cruillabarcelona.cat/en/festival-cruilla-2019/" />
<meta property="og:locale" content="en_US" />
<meta property="og:type" content="article" />
<meta property="og:title" content="Festival Cruïlla 2019: July 3, 4, 5 and 6 in Barcelona" />
<meta property="og:description" content="Tickets now on sale for Cruïlla 2019. Enjoy the tenth edition of the Festival: July 3, 4, 5 and 6, 2019 at Parc del Fòrum de Barcelona." />
<meta property="og:url" content="https://www.cruillabarcelona.cat/en/festival-cruilla-2019/" />
<meta property="og:site_name" content="Festival Cruïlla" />
<meta property="article:modified_time" content="2019-06-04T13:40:47+00:00" />
<meta property="og:image" content="https://www.cruillabarcelona.cat/wp-content/uploads/2018/12/CRUILLA_BIKUS-9688.jpg" />
	<meta property="og:image:width" content="2048" />
	<meta property="og:image:height" content="1171" />
	<meta property="og:image:type" content="image/jpeg" />
<meta name="twitter:card" content="summary_large_image" />
<meta name="twitter:label1" content="Est. reading time" />
	<meta name="twitter:data1" content="1 minute" />
<script type="application/ld+json" class="yoast-schema-graph">{"@context":"https:\/\/schema.org","@graph":[{"@type":"WebPage","@id":"https:\/\/www.cruillabarcelona.cat\/en\/festival-cruilla-2019\/","url":"https:\/\/www.cruillabarcelona.cat\/en\/festival-cruilla-2019\/","name":"Festival Cruïlla 2019: July 3, 4, 5 and 6 in Barcelona","isPartOf":{"@id":"https:\/\/www.cruillabarcelona.cat\/en\/#website"},"primaryImageOfPage":{"@id":"https:\/\/www.cruillabarcelona.cat\/en\/festival-cruilla-2019\/#primaryimage"},"image":{"@id":"https:\/\/www.cruillabarcelona.cat\/en\/festival-cruilla-2019\/#primaryimage"},"thumbnailUrl":"https:\/\/www.cruillabarcelona.cat\/wp-content\/uploads\/2018\/12\/CRUILLA_BIKUS-9688.jpg","datePublished":"2018-12-20T12:03:17+00:00","dateModified":"2019-06-04T13:40:47+00:00","description":"Tickets now on sale for Cruïlla 2019. Enjoy the tenth edition of the Festival: July 3, 4, 5 and 6, 2019 at Parc del Fòrum de Barcelona.","breadcrumb":{"@id":"https:\/\/www.cruillabarcelona.cat\/en\/festival-cruilla-2019\/#breadcrumb"},"inLanguage":"en-US","potentialAction":[{"@type":"ReadAction","target":["https:\/\/www.cruillabarcelona.cat\/en\/festival-cruilla-2019\/"]}]},{"@type":"ImageObject","inLanguage":"en-US","@id":"https:\/\/www.cruillabarcelona.cat\/en\/festival-cruilla-2019\/#primaryimage","url":"https:\/\/www.cruillabarcelona.cat\/wp-content\/uploads\/2018\/12\/CRUILLA_BIKUS-9688.jpg","contentUrl":"https:\/\/www.cruillabarcelona.cat\/wp-content\/uploads\/2018\/12\/CRUILLA_BIKUS-9688.jpg","width":2048,"height":1171,"caption":"Cruïlla 2019"},{"@type":"BreadcrumbList","@id":"https:\/\/www.cruillabarcelona.cat\/en\/festival-cruilla-2019\/#breadcrumb","itemListElement":[{"@type":"ListItem","position":1,"name":"Home","item":"https:\/\/www.cruillabarcelona.cat\/en\/"},{"@type":"ListItem","position":2,"name":"Festival Cruïlla 2019"}]},{"@type":"WebSite","@id":"https:\/\/www.cruillabarcelona.cat\/en\/#website","url":"https:\/\/www.cruillabarcelona.cat\/en\/","name":"Festival Cruïlla","description":"","publisher":{"@id":"https:\/\/www.cruillabarcelona.cat\/en\/#organization"},"potentialAction":[{"@type":"SearchAction","target":{"@type":"EntryPoint","urlTemplate":"https:\/\/www.cruillabarcelona.cat\/en\/?s={search_term_string}"},"query-input":{"@type":"PropertyValueSpecification","valueRequired":true,"valueName":"search_term_string"}}],"inLanguage":"en-US"},{"@type":"Organization","@id":"https:\/\/www.cruillabarcelona.cat\/en\/#organization","name":"Festival Cruïlla","url":"https:\/\/www.cruillabarcelona.cat\/en\/","logo":{"@type":"ImageObject","inLanguage":"en-US","@id":"https:\/\/www.cruillabarcelona.cat\/en\/#\/schema\/logo\/image\/","url":"https:\/\/www.cruillabarcelona.cat\/wp-content\/uploads\/2025\/12\/cruill-logo-negativo.png","contentUrl":"https:\/\/www.cruillabarcelona.cat\/wp-content\/uploads\/2025\/12\/cruill-logo-negativo.png","width":400,"height":101,"caption":"Festival Cruïlla"},"image":{"@id":"https:\/\/www.cruillabarcelona.cat\/en\/#\/schema\/logo\/image\/"}}]}</script>
<!-- / Yoast SEO plugin. -->

Festival Cruïlla 2019: July 3, 4, 5 and 6 in Barcelona

Tickets now on sale for Cruïlla 2019. Enjoy the tenth edition of the Festival: July 3, 4, 5 and 6, 2019 at Parc del Fòrum de Barcelona.

Festival Cruïlla

Cruïlla 2019
