{"id":56393,"date":"2025-02-11T15:43:30","date_gmt":"2025-02-11T13:43:30","guid":{"rendered":"https:\/\/www.cruillabarcelona.cat\/?page_id=56393"},"modified":"2025-05-15T16:09:28","modified_gmt":"2025-05-15T14:09:28","slug":"gracie-abrams","status":"publish","type":"page","link":"https:\/\/www.cruillabarcelona.cat\/en\/gracie-abrams\/","title":{"rendered":"Gracie Abrams at the Festival Cru\u00eflla"},"content":{"rendered":"<h3 style=\"text-align: center;\">California artist Gracie Abrams will perform her only show in Catalonia at the Festival Cru\u00eflla 2025 on Wednesday, July 9th!<\/h3>\n<p style=\"text-align: center;\"><strong><em>Buy your ticket to see her at the Festival Cru\u00eflla 2025<\/em><\/strong><\/p>\n<p style=\"text-align: center;\"><a class=\"efsbutton button \" target=\"_blank\">TICKETS<\/a><\/p>\n<p>With <strong>2 sold out shows in Madrid<\/strong> and only 25 years, she has become one of the leading voices of pop in our time. 2024 was her year: she revolutionized TikTok to the tune of <strong>&#8220;That&#8217;s So True&#8221;<\/strong>, reached more than 50 million monthly listeners thanks to the album <strong>&#8220;The Secret of Us&#8221;<\/strong> and was nominated for a Grammy, among many other successes.<\/p>\n<p><strong>Gracie Abrams<\/strong> will offer a<strong> full concert<\/strong> on the main stage of the Festival Cru\u00eflla, but with your ticket you can also enjoy the concerts of <strong>girl in red<\/strong>, <strong>Lia Kali<\/strong>, <strong>NSQK<\/strong>, <strong>Maria Hein<\/strong>, <strong>trashi<\/strong>, <strong>Balma<\/strong> and <strong>gavina.mp3<\/strong> on the opening day of the Festival Cru\u00eflla 2025.<\/p>\n<p>We\u2019ll soon find out the <strong>schedule<\/strong> for her concert at the Festival Cru\u00eflla 2025, but in the meantime, you can already get your <strong>Wednesday ticket<\/strong> to enjoy her live!<\/p>\n<p style=\"text-align: center;\">***<\/p>\n<p style=\"text-align: center;\"><strong>If you are a group of 10 or more people, you can benefit from the <a href=\"https:\/\/cruilla.seetickets.com\/event\/ticket-para-grupos-cruilla-2025-\/parc-del-forum-barcelona\/3302292\">Tiquet Group<\/a> to get a 15% discount.<\/strong><\/p>\n<p style=\"text-align: center;\">***<\/p>\n<p style=\"text-align: center;\"><strong>You can get your ticket or subscription with the discount of <a href=\"https:\/\/www.carnetjove.cat\/ca\/propostes\/cruilla\">Carnet Jove<\/a> or <a href=\"https:\/\/www.cruillabarcelona.cat\/blog\/bonus-cultural\/\">Bo Cultural Jove<\/a>!<\/strong><\/p>\n<p style=\"text-align: center;\">***<\/p>\n<p>[efsflexvideo type=&#8221;youtube&#8221; url=&#8221;https:\/\/www.youtube.com\/watch?v=7djQsPAGIxc&#8221; allowfullscreen=&#8221;yes&#8221; widescreen=&#8221;yes&#8221; width=&#8221;420&#8243; height=&#8221;315&#8243;\/]<\/p>\n<p>&nbsp;<\/p>\n<p>&nbsp;<\/p>\n","protected":false},"excerpt":{"rendered":"<p>California artist Gracie Abrams will perform her only show in Catalonia at the Festival Cru\u00eflla 2025 on Wednesday, July 9th! Buy your ticket to see her [&hellip;]<\/p>\n","protected":false},"author":7,"featured_media":56476,"parent":0,"menu_order":0,"comment_status":"closed","ping_status":"closed","template":"page-templates\/page-landing.php","meta":{"_acf_changed":false,"footnotes":""},"class_list":["post-56393","page","type-page","status-publish","has-post-thumbnail","hentry"],"acf":[],"yoast_head":"<!-- This site is optimized with the Yoast SEO plugin v27.4 - https:\/\/yoast.com\/product\/yoast-seo-wordpress\/ -->\n<title>Gracie Abrams at the Festival Cru\u00eflla - Festival Cru\u00eflla<\/title>\n<meta name=\"description\" content=\"Buy tickets for the Gracie Abrams concert at the Festival Cru\u00eflla 2025 ,on July 9th at the Parc del F\u00f2rum in Barcelona.\" \/>\n<meta name=\"robots\" content=\"index, follow, max-snippet:-1, max-image-preview:large, max-video-preview:-1\" \/>\n<link rel=\"canonical\" href=\"https:\/\/www.cruillabarcelona.cat\/en\/gracie-abrams\/\" \/>\n<meta property=\"og:locale\" content=\"en_US\" \/>\n<meta property=\"og:type\" content=\"article\" \/>\n<meta property=\"og:title\" content=\"Gracie Abrams at the Festival Cru\u00eflla - Festival Cru\u00eflla\" \/>\n<meta property=\"og:description\" content=\"Buy tickets for the Gracie Abrams concert at the Festival Cru\u00eflla 2025 ,on July 9th at the Parc del F\u00f2rum in Barcelona.\" \/>\n<meta property=\"og:url\" content=\"https:\/\/www.cruillabarcelona.cat\/en\/gracie-abrams\/\" \/>\n<meta property=\"og:site_name\" content=\"Festival Cru\u00eflla\" \/>\n<meta property=\"article:modified_time\" content=\"2025-05-15T14:09:28+00:00\" \/>\n<meta property=\"og:image\" content=\"https:\/\/www.cruillabarcelona.cat\/wp-content\/uploads\/2025\/02\/CE25_LandingGracieAbrams_1500x500.jpg\" \/>\n\t<meta property=\"og:image:width\" content=\"1500\" \/>\n\t<meta property=\"og:image:height\" content=\"500\" \/>\n\t<meta property=\"og:image:type\" content=\"image\/jpeg\" \/>\n<meta name=\"twitter:card\" content=\"summary_large_image\" \/>\n<meta name=\"twitter:label1\" content=\"Est. reading time\" \/>\n\t<meta name=\"twitter:data1\" content=\"2 minutes\" \/>\n<script type=\"application\/ld+json\" class=\"yoast-schema-graph\">{\"@context\":\"https:\\\/\\\/schema.org\",\"@graph\":[{\"@type\":\"WebPage\",\"@id\":\"https:\\\/\\\/www.cruillabarcelona.cat\\\/en\\\/gracie-abrams\\\/\",\"url\":\"https:\\\/\\\/www.cruillabarcelona.cat\\\/en\\\/gracie-abrams\\\/\",\"name\":\"Gracie Abrams at the Festival Cru\u00eflla - Festival Cru\u00eflla\",\"isPartOf\":{\"@id\":\"https:\\\/\\\/www.cruillabarcelona.cat\\\/en\\\/#website\"},\"primaryImageOfPage\":{\"@id\":\"https:\\\/\\\/www.cruillabarcelona.cat\\\/en\\\/gracie-abrams\\\/#primaryimage\"},\"image\":{\"@id\":\"https:\\\/\\\/www.cruillabarcelona.cat\\\/en\\\/gracie-abrams\\\/#primaryimage\"},\"thumbnailUrl\":\"https:\\\/\\\/www.cruillabarcelona.cat\\\/wp-content\\\/uploads\\\/2025\\\/02\\\/CE25_LandingGracieAbrams_1500x500.jpg\",\"datePublished\":\"2025-02-11T13:43:30+00:00\",\"dateModified\":\"2025-05-15T14:09:28+00:00\",\"description\":\"Buy tickets for the Gracie Abrams concert at the Festival Cru\u00eflla 2025 ,on July 9th at the Parc del F\u00f2rum in Barcelona.\",\"breadcrumb\":{\"@id\":\"https:\\\/\\\/www.cruillabarcelona.cat\\\/en\\\/gracie-abrams\\\/#breadcrumb\"},\"inLanguage\":\"en-US\",\"potentialAction\":[{\"@type\":\"ReadAction\",\"target\":[\"https:\\\/\\\/www.cruillabarcelona.cat\\\/en\\\/gracie-abrams\\\/\"]}]},{\"@type\":\"ImageObject\",\"inLanguage\":\"en-US\",\"@id\":\"https:\\\/\\\/www.cruillabarcelona.cat\\\/en\\\/gracie-abrams\\\/#primaryimage\",\"url\":\"https:\\\/\\\/www.cruillabarcelona.cat\\\/wp-content\\\/uploads\\\/2025\\\/02\\\/CE25_LandingGracieAbrams_1500x500.jpg\",\"contentUrl\":\"https:\\\/\\\/www.cruillabarcelona.cat\\\/wp-content\\\/uploads\\\/2025\\\/02\\\/CE25_LandingGracieAbrams_1500x500.jpg\",\"width\":1500,\"height\":500},{\"@type\":\"BreadcrumbList\",\"@id\":\"https:\\\/\\\/www.cruillabarcelona.cat\\\/en\\\/gracie-abrams\\\/#breadcrumb\",\"itemListElement\":[{\"@type\":\"ListItem\",\"position\":1,\"name\":\"Home\",\"item\":\"https:\\\/\\\/www.cruillabarcelona.cat\\\/en\\\/\"},{\"@type\":\"ListItem\",\"position\":2,\"name\":\"Gracie Abrams at the Festival Cru\u00eflla\"}]},{\"@type\":\"WebSite\",\"@id\":\"https:\\\/\\\/www.cruillabarcelona.cat\\\/en\\\/#website\",\"url\":\"https:\\\/\\\/www.cruillabarcelona.cat\\\/en\\\/\",\"name\":\"Festival Cru\u00eflla\",\"description\":\"\",\"publisher\":{\"@id\":\"https:\\\/\\\/www.cruillabarcelona.cat\\\/en\\\/#organization\"},\"potentialAction\":[{\"@type\":\"SearchAction\",\"target\":{\"@type\":\"EntryPoint\",\"urlTemplate\":\"https:\\\/\\\/www.cruillabarcelona.cat\\\/en\\\/?s={search_term_string}\"},\"query-input\":{\"@type\":\"PropertyValueSpecification\",\"valueRequired\":true,\"valueName\":\"search_term_string\"}}],\"inLanguage\":\"en-US\"},{\"@type\":\"Organization\",\"@id\":\"https:\\\/\\\/www.cruillabarcelona.cat\\\/en\\\/#organization\",\"name\":\"Festival Cru\u00eflla\",\"url\":\"https:\\\/\\\/www.cruillabarcelona.cat\\\/en\\\/\",\"logo\":{\"@type\":\"ImageObject\",\"inLanguage\":\"en-US\",\"@id\":\"https:\\\/\\\/www.cruillabarcelona.cat\\\/en\\\/#\\\/schema\\\/logo\\\/image\\\/\",\"url\":\"https:\\\/\\\/www.cruillabarcelona.cat\\\/wp-content\\\/uploads\\\/2025\\\/12\\\/cruill-logo-negativo.png\",\"contentUrl\":\"https:\\\/\\\/www.cruillabarcelona.cat\\\/wp-content\\\/uploads\\\/2025\\\/12\\\/cruill-logo-negativo.png\",\"width\":400,\"height\":101,\"caption\":\"Festival Cru\u00eflla\"},\"image\":{\"@id\":\"https:\\\/\\\/www.cruillabarcelona.cat\\\/en\\\/#\\\/schema\\\/logo\\\/image\\\/\"}}]}<\/script>\n<!-- \/ Yoast SEO plugin. -->","yoast_head_json":{"title":"Gracie Abrams at the Festival Cru\u00eflla - Festival Cru\u00eflla","description":"Buy tickets for the Gracie Abrams concert at the Festival Cru\u00eflla 2025 ,on July 9th at the Parc del F\u00f2rum in Barcelona.","robots":{"index":"index","follow":"follow","max-snippet":"max-snippet:-1","max-image-preview":"max-image-preview:large","max-video-preview":"max-video-preview:-1"},"canonical":"https:\/\/www.cruillabarcelona.cat\/en\/gracie-abrams\/","og_locale":"en_US","og_type":"article","og_title":"Gracie Abrams at the Festival Cru\u00eflla - Festival Cru\u00eflla","og_description":"Buy tickets for the Gracie Abrams concert at the Festival Cru\u00eflla 2025 ,on July 9th at the Parc del F\u00f2rum in Barcelona.","og_url":"https:\/\/www.cruillabarcelona.cat\/en\/gracie-abrams\/","og_site_name":"Festival Cru\u00eflla","article_modified_time":"2025-05-15T14:09:28+00:00","og_image":[{"width":1500,"height":500,"url":"https:\/\/www.cruillabarcelona.cat\/wp-content\/uploads\/2025\/02\/CE25_LandingGracieAbrams_1500x500.jpg","type":"image\/jpeg"}],"twitter_card":"summary_large_image","twitter_misc":{"Est. reading time":"2 minutes"},"schema":{"@context":"https:\/\/schema.org","@graph":[{"@type":"WebPage","@id":"https:\/\/www.cruillabarcelona.cat\/en\/gracie-abrams\/","url":"https:\/\/www.cruillabarcelona.cat\/en\/gracie-abrams\/","name":"Gracie Abrams at the Festival Cru\u00eflla - Festival Cru\u00eflla","isPartOf":{"@id":"https:\/\/www.cruillabarcelona.cat\/en\/#website"},"primaryImageOfPage":{"@id":"https:\/\/www.cruillabarcelona.cat\/en\/gracie-abrams\/#primaryimage"},"image":{"@id":"https:\/\/www.cruillabarcelona.cat\/en\/gracie-abrams\/#primaryimage"},"thumbnailUrl":"https:\/\/www.cruillabarcelona.cat\/wp-content\/uploads\/2025\/02\/CE25_LandingGracieAbrams_1500x500.jpg","datePublished":"2025-02-11T13:43:30+00:00","dateModified":"2025-05-15T14:09:28+00:00","description":"Buy tickets for the Gracie Abrams concert at the Festival Cru\u00eflla 2025 ,on July 9th at the Parc del F\u00f2rum in Barcelona.","breadcrumb":{"@id":"https:\/\/www.cruillabarcelona.cat\/en\/gracie-abrams\/#breadcrumb"},"inLanguage":"en-US","potentialAction":[{"@type":"ReadAction","target":["https:\/\/www.cruillabarcelona.cat\/en\/gracie-abrams\/"]}]},{"@type":"ImageObject","inLanguage":"en-US","@id":"https:\/\/www.cruillabarcelona.cat\/en\/gracie-abrams\/#primaryimage","url":"https:\/\/www.cruillabarcelona.cat\/wp-content\/uploads\/2025\/02\/CE25_LandingGracieAbrams_1500x500.jpg","contentUrl":"https:\/\/www.cruillabarcelona.cat\/wp-content\/uploads\/2025\/02\/CE25_LandingGracieAbrams_1500x500.jpg","width":1500,"height":500},{"@type":"BreadcrumbList","@id":"https:\/\/www.cruillabarcelona.cat\/en\/gracie-abrams\/#breadcrumb","itemListElement":[{"@type":"ListItem","position":1,"name":"Home","item":"https:\/\/www.cruillabarcelona.cat\/en\/"},{"@type":"ListItem","position":2,"name":"Gracie Abrams at the Festival Cru\u00eflla"}]},{"@type":"WebSite","@id":"https:\/\/www.cruillabarcelona.cat\/en\/#website","url":"https:\/\/www.cruillabarcelona.cat\/en\/","name":"Festival Cru\u00eflla","description":"","publisher":{"@id":"https:\/\/www.cruillabarcelona.cat\/en\/#organization"},"potentialAction":[{"@type":"SearchAction","target":{"@type":"EntryPoint","urlTemplate":"https:\/\/www.cruillabarcelona.cat\/en\/?s={search_term_string}"},"query-input":{"@type":"PropertyValueSpecification","valueRequired":true,"valueName":"search_term_string"}}],"inLanguage":"en-US"},{"@type":"Organization","@id":"https:\/\/www.cruillabarcelona.cat\/en\/#organization","name":"Festival Cru\u00eflla","url":"https:\/\/www.cruillabarcelona.cat\/en\/","logo":{"@type":"ImageObject","inLanguage":"en-US","@id":"https:\/\/www.cruillabarcelona.cat\/en\/#\/schema\/logo\/image\/","url":"https:\/\/www.cruillabarcelona.cat\/wp-content\/uploads\/2025\/12\/cruill-logo-negativo.png","contentUrl":"https:\/\/www.cruillabarcelona.cat\/wp-content\/uploads\/2025\/12\/cruill-logo-negativo.png","width":400,"height":101,"caption":"Festival Cru\u00eflla"},"image":{"@id":"https:\/\/www.cruillabarcelona.cat\/en\/#\/schema\/logo\/image\/"}}]}},"_links":{"self":[{"href":"https:\/\/www.cruillabarcelona.cat\/en\/wp-json\/wp\/v2\/pages\/56393","targetHints":{"allow":["GET"]}}],"collection":[{"href":"https:\/\/www.cruillabarcelona.cat\/en\/wp-json\/wp\/v2\/pages"}],"about":[{"href":"https:\/\/www.cruillabarcelona.cat\/en\/wp-json\/wp\/v2\/types\/page"}],"author":[{"embeddable":true,"href":"https:\/\/www.cruillabarcelona.cat\/en\/wp-json\/wp\/v2\/users\/7"}],"replies":[{"embeddable":true,"href":"https:\/\/www.cruillabarcelona.cat\/en\/wp-json\/wp\/v2\/comments?post=56393"}],"version-history":[{"count":5,"href":"https:\/\/www.cruillabarcelona.cat\/en\/wp-json\/wp\/v2\/pages\/56393\/revisions"}],"predecessor-version":[{"id":57721,"href":"https:\/\/www.cruillabarcelona.cat\/en\/wp-json\/wp\/v2\/pages\/56393\/revisions\/57721"}],"wp:featuredmedia":[{"embeddable":true,"href":"https:\/\/www.cruillabarcelona.cat\/en\/wp-json\/wp\/v2\/media\/56476"}],"wp:attachment":[{"href":"https:\/\/www.cruillabarcelona.cat\/en\/wp-json\/wp\/v2\/media?parent=56393"}],"curies":[{"name":"wp","href":"https:\/\/api.w.org\/{rel}","templated":true}]}}

Gracie Abrams at the Festival Cruïlla

<h3 style="text-align: center;">California artist Gracie Abrams will perform her only show in Catalonia at the Festival Cruïlla 2025 on Wednesday, July 9th!</h3>
<p style="text-align: center;"><strong><em>Buy your ticket to see her at the Festival Cruïlla 2025</em></strong></p>
<p style="text-align: center;"><a class="efsbutton button " target="_blank">TICKETS</a></p>
<p>With <strong>2 sold out shows in Madrid</strong> and only 25 years, she has become one of the leading voices of pop in our time. 2024 was her year: she revolutionized TikTok to the tune of <strong>&#8220;That&#8217;s So True&#8221;</strong>, reached more than 50 million monthly listeners thanks to the album <strong>&#8220;The Secret of Us&#8221;</strong> and was nominated for a Grammy, among many other successes.</p>
<p><strong>Gracie Abrams</strong> will offer a<strong> full concert</strong> on the main stage of the Festival Cruïlla, but with your ticket you can also enjoy the concerts of <strong>girl in red</strong>, <strong>Lia Kali</strong>, <strong>NSQK</strong>, <strong>Maria Hein</strong>, <strong>trashi</strong>, <strong>Balma</strong> and <strong>gavina.mp3</strong> on the opening day of the Festival Cruïlla 2025.</p>
<p>We’ll soon find out the <strong>schedule</strong> for her concert at the Festival Cruïlla 2025, but in the meantime, you can already get your <strong>Wednesday ticket</strong> to enjoy her live!</p>
<p style="text-align: center;">***</p>
<p style="text-align: center;"><strong>If you are a group of 10 or more people, you can benefit from the <a href="https://cruilla.seetickets.com/event/ticket-para-grupos-cruilla-2025-/parc-del-forum-barcelona/3302292">Tiquet Group</a> to get a 15% discount.</strong></p>
<p style="text-align: center;">***</p>
<p style="text-align: center;"><strong>You can get your ticket or subscription with the discount of <a href="https://www.carnetjove.cat/ca/propostes/cruilla">Carnet Jove</a> or <a href="https://www.cruillabarcelona.cat/blog/bonus-cultural/">Bo Cultural Jove</a>!</strong></p>
<p style="text-align: center;">***</p>
<p>[efsflexvideo type=&#8221;youtube&#8221; url=&#8221;https://www.youtube.com/watch?v=7djQsPAGIxc&#8221; allowfullscreen=&#8221;yes&#8221; widescreen=&#8221;yes&#8221; width=&#8221;420&#8243; height=&#8221;315&#8243;/]</p>
<p>&nbsp;</p>
<p>&nbsp;</p>

<p>California artist Gracie Abrams will perform her only show in Catalonia at the Festival Cruïlla 2025 on Wednesday, July 9th! Buy your ticket to see her [&hellip;]</p>

<!-- This site is optimized with the Yoast SEO plugin v27.4 - https://yoast.com/product/yoast-seo-wordpress/ -->
<title>Gracie Abrams at the Festival Cruïlla - Festival Cruïlla</title>
<meta name="description" content="Buy tickets for the Gracie Abrams concert at the Festival Cruïlla 2025 ,on July 9th at the Parc del Fòrum in Barcelona." />
<meta name="robots" content="index, follow, max-snippet:-1, max-image-preview:large, max-video-preview:-1" />
<link rel="canonical" href="https://www.cruillabarcelona.cat/en/gracie-abrams/" />
<meta property="og:locale" content="en_US" />
<meta property="og:type" content="article" />
<meta property="og:title" content="Gracie Abrams at the Festival Cruïlla - Festival Cruïlla" />
<meta property="og:description" content="Buy tickets for the Gracie Abrams concert at the Festival Cruïlla 2025 ,on July 9th at the Parc del Fòrum in Barcelona." />
<meta property="og:url" content="https://www.cruillabarcelona.cat/en/gracie-abrams/" />
<meta property="og:site_name" content="Festival Cruïlla" />
<meta property="article:modified_time" content="2025-05-15T14:09:28+00:00" />
<meta property="og:image" content="https://www.cruillabarcelona.cat/wp-content/uploads/2025/02/CE25_LandingGracieAbrams_1500x500.jpg" />
	<meta property="og:image:width" content="1500" />
	<meta property="og:image:height" content="500" />
	<meta property="og:image:type" content="image/jpeg" />
<meta name="twitter:card" content="summary_large_image" />
<meta name="twitter:label1" content="Est. reading time" />
	<meta name="twitter:data1" content="2 minutes" />
<script type="application/ld+json" class="yoast-schema-graph">{"@context":"https:\/\/schema.org","@graph":[{"@type":"WebPage","@id":"https:\/\/www.cruillabarcelona.cat\/en\/gracie-abrams\/","url":"https:\/\/www.cruillabarcelona.cat\/en\/gracie-abrams\/","name":"Gracie Abrams at the Festival Cruïlla - Festival Cruïlla","isPartOf":{"@id":"https:\/\/www.cruillabarcelona.cat\/en\/#website"},"primaryImageOfPage":{"@id":"https:\/\/www.cruillabarcelona.cat\/en\/gracie-abrams\/#primaryimage"},"image":{"@id":"https:\/\/www.cruillabarcelona.cat\/en\/gracie-abrams\/#primaryimage"},"thumbnailUrl":"https:\/\/www.cruillabarcelona.cat\/wp-content\/uploads\/2025\/02\/CE25_LandingGracieAbrams_1500x500.jpg","datePublished":"2025-02-11T13:43:30+00:00","dateModified":"2025-05-15T14:09:28+00:00","description":"Buy tickets for the Gracie Abrams concert at the Festival Cruïlla 2025 ,on July 9th at the Parc del Fòrum in Barcelona.","breadcrumb":{"@id":"https:\/\/www.cruillabarcelona.cat\/en\/gracie-abrams\/#breadcrumb"},"inLanguage":"en-US","potentialAction":[{"@type":"ReadAction","target":["https:\/\/www.cruillabarcelona.cat\/en\/gracie-abrams\/"]}]},{"@type":"ImageObject","inLanguage":"en-US","@id":"https:\/\/www.cruillabarcelona.cat\/en\/gracie-abrams\/#primaryimage","url":"https:\/\/www.cruillabarcelona.cat\/wp-content\/uploads\/2025\/02\/CE25_LandingGracieAbrams_1500x500.jpg","contentUrl":"https:\/\/www.cruillabarcelona.cat\/wp-content\/uploads\/2025\/02\/CE25_LandingGracieAbrams_1500x500.jpg","width":1500,"height":500},{"@type":"BreadcrumbList","@id":"https:\/\/www.cruillabarcelona.cat\/en\/gracie-abrams\/#breadcrumb","itemListElement":[{"@type":"ListItem","position":1,"name":"Home","item":"https:\/\/www.cruillabarcelona.cat\/en\/"},{"@type":"ListItem","position":2,"name":"Gracie Abrams at the Festival Cruïlla"}]},{"@type":"WebSite","@id":"https:\/\/www.cruillabarcelona.cat\/en\/#website","url":"https:\/\/www.cruillabarcelona.cat\/en\/","name":"Festival Cruïlla","description":"","publisher":{"@id":"https:\/\/www.cruillabarcelona.cat\/en\/#organization"},"potentialAction":[{"@type":"SearchAction","target":{"@type":"EntryPoint","urlTemplate":"https:\/\/www.cruillabarcelona.cat\/en\/?s={search_term_string}"},"query-input":{"@type":"PropertyValueSpecification","valueRequired":true,"valueName":"search_term_string"}}],"inLanguage":"en-US"},{"@type":"Organization","@id":"https:\/\/www.cruillabarcelona.cat\/en\/#organization","name":"Festival Cruïlla","url":"https:\/\/www.cruillabarcelona.cat\/en\/","logo":{"@type":"ImageObject","inLanguage":"en-US","@id":"https:\/\/www.cruillabarcelona.cat\/en\/#\/schema\/logo\/image\/","url":"https:\/\/www.cruillabarcelona.cat\/wp-content\/uploads\/2025\/12\/cruill-logo-negativo.png","contentUrl":"https:\/\/www.cruillabarcelona.cat\/wp-content\/uploads\/2025\/12\/cruill-logo-negativo.png","width":400,"height":101,"caption":"Festival Cruïlla"},"image":{"@id":"https:\/\/www.cruillabarcelona.cat\/en\/#\/schema\/logo\/image\/"}}]}</script>
<!-- / Yoast SEO plugin. -->

Gracie Abrams at the Festival Cruïlla - Festival Cruïlla

Buy tickets for the Gracie Abrams concert at the Festival Cruïlla 2025 ,on July 9th at the Parc del Fòrum in Barcelona.

Festival Cruïlla
