{"id":25544,"date":"2019-06-06T11:50:56","date_gmt":"2019-06-06T09:50:56","guid":{"rendered":"https:\/\/www.cruillabarcelona.cat\/?post_type=artists&#038;p=25544"},"modified":"2019-06-18T11:15:26","modified_gmt":"2019-06-18T09:15:26","slug":"khalida-popal","status":"publish","type":"artists","link":"https:\/\/www.cruillabarcelona.cat\/es\/artists\/khalida-popal\/","title":{"rendered":"Khalida Popal"},"content":{"rendered":"<h2>Cuando las redes sociales te dan voz en el mundo<\/h2>\n<p>Khalida Popal era solo una ni\u00f1a cuando empez\u00f3 a organizar <strong>partidos de f\u00fatbol<\/strong> con sus amigas, y en aquel momento no sab\u00eda que una actividad deportiva tan simple le traer\u00eda tantos problemas. Pero, en vez de escuchar a los hombres que la insultaban desde la grada, Khalida Popal <strong>acab\u00f3 formando la primera selecci\u00f3n de f\u00fatbol femenino<\/strong> de la historia de Afganist\u00e1n.<\/p>\n<p>Popal es una referente de la <strong>lucha feminista<\/strong> en pa\u00edses donde lo m\u00e1s b\u00e1sico todav\u00eda est\u00e1 por conquistar. Ser futbolista afgana no es un camino f\u00e1cil: ha recibido amenazas de muerte y hoy en d\u00eda vive exiliada en Dinamarca.<\/p>\n<p>El pr\u00f3ximo lunes <strong>1<\/strong> <strong>de julio<\/strong>, Khalida Popal visita el <strong>Cru\u00eflla Talks<\/strong> para contar su historia y responder a las preguntas de la periodista <strong>Laura Rosel<\/strong>. Ven al CCCB a las <strong>20:30h<\/strong> y descubre su lucha.<\/p>\n<ul>\n<li><strong>Khalida Popal<\/strong> entrevistada por <strong>Laura Rosel<\/strong><\/li>\n<li><strong>Cu\u00e1ndo y d\u00f3nde<\/strong>: Lunes 1 de julio a las 20:30h, en el CCCB<\/li>\n<li><strong>Duraci\u00f3n<\/strong>: 60 minutos con preguntas del p\u00fablico<\/li>\n<li><strong>Precio de la entrada<\/strong>: Donaci\u00f3n de 2\u20ac a la ONG Proactiva Open Arms<\/li>\n<\/ul>\n<p style=\"text-align: center;\"><a class=\"efsbutton button \" target=\"_blank\">ENTRADAS<\/a><\/p>\n","protected":false},"featured_media":25473,"template":"","meta":{"_acf_changed":false},"artists_edition":[774],"class_list":["post-25544","artists","type-artists","status-publish","has-post-thumbnail","hentry","artists_location-cccb","artists_edition-2019-talks"],"acf":{"_thumbnail_id":25473,"youtube_player":"","artist_edition":[774],"artist_date":"20190701","artist_time":"20:30:00","artist_time_2":"","artist_location":[776],"artist_ticket_url":"https:\/\/cruillatalks.seetickets.com\/event\/cru-lla-talks-khalida-popal\/cccb\/1391098?direct=true","artist_ticket_status":"","artist_extra_date__show":false,"artist_extra_date_2":null,"artist_time_of_date2":"","artist_extra_date_3":null,"artist_time_of_date3":"","artist_extra_date_4":null,"artist_time_of_date4":"","artist_extra_date_5":null,"artist_time_of_date5":"","artist_date__show_month":true,"artist_sidebar_active":false,"show_in_agenda":false,"artist_sidebar__banner_img":null,"artist_sidebar__banner_link":"","artist_hero_content":"Futbolista y activista feminista afgana, entrevistada por Laura Rosel","artist_style":false,"artist_nationality":false,"artist_audience_age":false},"yoast_head":"<!-- This site is optimized with the Yoast SEO plugin v27.5 - https:\/\/yoast.com\/product\/yoast-seo-wordpress\/ -->\n<title>Khalida Popal - Cru\u00eflla Talks. 1 de julio de 2019 en el CCCB, Barcelona.<\/title>\n<meta name=\"description\" content=\"La futbolista Khalida Popal llega al Cru\u00eflla Talks para hablar sobre su lucha feminista en Afganist\u00e1n. El 1 de julio de 2019 en el CCCB de Barcelona.\" \/>\n<meta name=\"robots\" content=\"index, follow, max-snippet:-1, max-image-preview:large, max-video-preview:-1\" \/>\n<link rel=\"canonical\" href=\"https:\/\/www.cruillabarcelona.cat\/es\/artists\/khalida-popal\/\" \/>\n<meta property=\"og:locale\" content=\"es_ES\" \/>\n<meta property=\"og:type\" content=\"article\" \/>\n<meta property=\"og:title\" content=\"Khalida Popal - Cru\u00eflla Talks. 1 de julio de 2019 en el CCCB, Barcelona.\" \/>\n<meta property=\"og:description\" content=\"La futbolista Khalida Popal llega al Cru\u00eflla Talks para hablar sobre su lucha feminista en Afganist\u00e1n. El 1 de julio de 2019 en el CCCB de Barcelona.\" \/>\n<meta property=\"og:url\" content=\"https:\/\/www.cruillabarcelona.cat\/es\/artists\/khalida-popal\/\" \/>\n<meta property=\"og:site_name\" content=\"Festival Cru\u00eflla\" \/>\n<meta property=\"article:modified_time\" content=\"2019-06-18T09:15:26+00:00\" \/>\n<meta property=\"og:image\" content=\"https:\/\/www.cruillabarcelona.cat\/wp-content\/uploads\/2019\/06\/2_Khalida.jpg\" \/>\n\t<meta property=\"og:image:width\" content=\"1200\" \/>\n\t<meta property=\"og:image:height\" content=\"1200\" \/>\n\t<meta property=\"og:image:type\" content=\"image\/jpeg\" \/>\n<meta name=\"twitter:card\" content=\"summary_large_image\" \/>\n<meta name=\"twitter:label1\" content=\"Tiempo de lectura\" \/>\n\t<meta name=\"twitter:data1\" content=\"1 minuto\" \/>\n<script type=\"application\/ld+json\" class=\"yoast-schema-graph\">{\"@context\":\"https:\\\/\\\/schema.org\",\"@graph\":[{\"@type\":\"WebPage\",\"@id\":\"https:\\\/\\\/www.cruillabarcelona.cat\\\/es\\\/artists\\\/khalida-popal\\\/\",\"url\":\"https:\\\/\\\/www.cruillabarcelona.cat\\\/es\\\/artists\\\/khalida-popal\\\/\",\"name\":\"Khalida Popal - Cru\u00eflla Talks. 1 de julio de 2019 en el CCCB, Barcelona.\",\"isPartOf\":{\"@id\":\"https:\\\/\\\/www.cruillabarcelona.cat\\\/es\\\/#website\"},\"primaryImageOfPage\":{\"@id\":\"https:\\\/\\\/www.cruillabarcelona.cat\\\/es\\\/artists\\\/khalida-popal\\\/#primaryimage\"},\"image\":{\"@id\":\"https:\\\/\\\/www.cruillabarcelona.cat\\\/es\\\/artists\\\/khalida-popal\\\/#primaryimage\"},\"thumbnailUrl\":\"https:\\\/\\\/www.cruillabarcelona.cat\\\/wp-content\\\/uploads\\\/2019\\\/06\\\/2_Khalida.jpg\",\"datePublished\":\"2019-06-06T09:50:56+00:00\",\"dateModified\":\"2019-06-18T09:15:26+00:00\",\"description\":\"La futbolista Khalida Popal llega al Cru\u00eflla Talks para hablar sobre su lucha feminista en Afganist\u00e1n. El 1 de julio de 2019 en el CCCB de Barcelona.\",\"breadcrumb\":{\"@id\":\"https:\\\/\\\/www.cruillabarcelona.cat\\\/es\\\/artists\\\/khalida-popal\\\/#breadcrumb\"},\"inLanguage\":\"es\",\"potentialAction\":[{\"@type\":\"ReadAction\",\"target\":[\"https:\\\/\\\/www.cruillabarcelona.cat\\\/es\\\/artists\\\/khalida-popal\\\/\"]}]},{\"@type\":\"ImageObject\",\"inLanguage\":\"es\",\"@id\":\"https:\\\/\\\/www.cruillabarcelona.cat\\\/es\\\/artists\\\/khalida-popal\\\/#primaryimage\",\"url\":\"https:\\\/\\\/www.cruillabarcelona.cat\\\/wp-content\\\/uploads\\\/2019\\\/06\\\/2_Khalida.jpg\",\"contentUrl\":\"https:\\\/\\\/www.cruillabarcelona.cat\\\/wp-content\\\/uploads\\\/2019\\\/06\\\/2_Khalida.jpg\",\"width\":1200,\"height\":1200},{\"@type\":\"BreadcrumbList\",\"@id\":\"https:\\\/\\\/www.cruillabarcelona.cat\\\/es\\\/artists\\\/khalida-popal\\\/#breadcrumb\",\"itemListElement\":[{\"@type\":\"ListItem\",\"position\":1,\"name\":\"Home\",\"item\":\"https:\\\/\\\/www.cruillabarcelona.cat\\\/es\\\/\"},{\"@type\":\"ListItem\",\"position\":2,\"name\":\"Khalida Popal\"}]},{\"@type\":\"WebSite\",\"@id\":\"https:\\\/\\\/www.cruillabarcelona.cat\\\/es\\\/#website\",\"url\":\"https:\\\/\\\/www.cruillabarcelona.cat\\\/es\\\/\",\"name\":\"Festival Cru\u00eflla\",\"description\":\"\",\"publisher\":{\"@id\":\"https:\\\/\\\/www.cruillabarcelona.cat\\\/es\\\/#organization\"},\"potentialAction\":[{\"@type\":\"SearchAction\",\"target\":{\"@type\":\"EntryPoint\",\"urlTemplate\":\"https:\\\/\\\/www.cruillabarcelona.cat\\\/es\\\/?s={search_term_string}\"},\"query-input\":{\"@type\":\"PropertyValueSpecification\",\"valueRequired\":true,\"valueName\":\"search_term_string\"}}],\"inLanguage\":\"es\"},{\"@type\":\"Organization\",\"@id\":\"https:\\\/\\\/www.cruillabarcelona.cat\\\/es\\\/#organization\",\"name\":\"Festival Cru\u00eflla\",\"url\":\"https:\\\/\\\/www.cruillabarcelona.cat\\\/es\\\/\",\"logo\":{\"@type\":\"ImageObject\",\"inLanguage\":\"es\",\"@id\":\"https:\\\/\\\/www.cruillabarcelona.cat\\\/es\\\/#\\\/schema\\\/logo\\\/image\\\/\",\"url\":\"https:\\\/\\\/www.cruillabarcelona.cat\\\/wp-content\\\/uploads\\\/2025\\\/12\\\/cruill-logo-negativo.png\",\"contentUrl\":\"https:\\\/\\\/www.cruillabarcelona.cat\\\/wp-content\\\/uploads\\\/2025\\\/12\\\/cruill-logo-negativo.png\",\"width\":400,\"height\":101,\"caption\":\"Festival Cru\u00eflla\"},\"image\":{\"@id\":\"https:\\\/\\\/www.cruillabarcelona.cat\\\/es\\\/#\\\/schema\\\/logo\\\/image\\\/\"}}]}<\/script>\n<!-- \/ Yoast SEO plugin. -->","yoast_head_json":{"title":"Khalida Popal - Cru\u00eflla Talks. 1 de julio de 2019 en el CCCB, Barcelona.","description":"La futbolista Khalida Popal llega al Cru\u00eflla Talks para hablar sobre su lucha feminista en Afganist\u00e1n. El 1 de julio de 2019 en el CCCB de Barcelona.","robots":{"index":"index","follow":"follow","max-snippet":"max-snippet:-1","max-image-preview":"max-image-preview:large","max-video-preview":"max-video-preview:-1"},"canonical":"https:\/\/www.cruillabarcelona.cat\/es\/artists\/khalida-popal\/","og_locale":"es_ES","og_type":"article","og_title":"Khalida Popal - Cru\u00eflla Talks. 1 de julio de 2019 en el CCCB, Barcelona.","og_description":"La futbolista Khalida Popal llega al Cru\u00eflla Talks para hablar sobre su lucha feminista en Afganist\u00e1n. El 1 de julio de 2019 en el CCCB de Barcelona.","og_url":"https:\/\/www.cruillabarcelona.cat\/es\/artists\/khalida-popal\/","og_site_name":"Festival Cru\u00eflla","article_modified_time":"2019-06-18T09:15:26+00:00","og_image":[{"width":1200,"height":1200,"url":"https:\/\/www.cruillabarcelona.cat\/wp-content\/uploads\/2019\/06\/2_Khalida.jpg","type":"image\/jpeg"}],"twitter_card":"summary_large_image","twitter_misc":{"Tiempo de lectura":"1 minuto"},"schema":{"@context":"https:\/\/schema.org","@graph":[{"@type":"WebPage","@id":"https:\/\/www.cruillabarcelona.cat\/es\/artists\/khalida-popal\/","url":"https:\/\/www.cruillabarcelona.cat\/es\/artists\/khalida-popal\/","name":"Khalida Popal - Cru\u00eflla Talks. 1 de julio de 2019 en el CCCB, Barcelona.","isPartOf":{"@id":"https:\/\/www.cruillabarcelona.cat\/es\/#website"},"primaryImageOfPage":{"@id":"https:\/\/www.cruillabarcelona.cat\/es\/artists\/khalida-popal\/#primaryimage"},"image":{"@id":"https:\/\/www.cruillabarcelona.cat\/es\/artists\/khalida-popal\/#primaryimage"},"thumbnailUrl":"https:\/\/www.cruillabarcelona.cat\/wp-content\/uploads\/2019\/06\/2_Khalida.jpg","datePublished":"2019-06-06T09:50:56+00:00","dateModified":"2019-06-18T09:15:26+00:00","description":"La futbolista Khalida Popal llega al Cru\u00eflla Talks para hablar sobre su lucha feminista en Afganist\u00e1n. El 1 de julio de 2019 en el CCCB de Barcelona.","breadcrumb":{"@id":"https:\/\/www.cruillabarcelona.cat\/es\/artists\/khalida-popal\/#breadcrumb"},"inLanguage":"es","potentialAction":[{"@type":"ReadAction","target":["https:\/\/www.cruillabarcelona.cat\/es\/artists\/khalida-popal\/"]}]},{"@type":"ImageObject","inLanguage":"es","@id":"https:\/\/www.cruillabarcelona.cat\/es\/artists\/khalida-popal\/#primaryimage","url":"https:\/\/www.cruillabarcelona.cat\/wp-content\/uploads\/2019\/06\/2_Khalida.jpg","contentUrl":"https:\/\/www.cruillabarcelona.cat\/wp-content\/uploads\/2019\/06\/2_Khalida.jpg","width":1200,"height":1200},{"@type":"BreadcrumbList","@id":"https:\/\/www.cruillabarcelona.cat\/es\/artists\/khalida-popal\/#breadcrumb","itemListElement":[{"@type":"ListItem","position":1,"name":"Home","item":"https:\/\/www.cruillabarcelona.cat\/es\/"},{"@type":"ListItem","position":2,"name":"Khalida Popal"}]},{"@type":"WebSite","@id":"https:\/\/www.cruillabarcelona.cat\/es\/#website","url":"https:\/\/www.cruillabarcelona.cat\/es\/","name":"Festival Cru\u00eflla","description":"","publisher":{"@id":"https:\/\/www.cruillabarcelona.cat\/es\/#organization"},"potentialAction":[{"@type":"SearchAction","target":{"@type":"EntryPoint","urlTemplate":"https:\/\/www.cruillabarcelona.cat\/es\/?s={search_term_string}"},"query-input":{"@type":"PropertyValueSpecification","valueRequired":true,"valueName":"search_term_string"}}],"inLanguage":"es"},{"@type":"Organization","@id":"https:\/\/www.cruillabarcelona.cat\/es\/#organization","name":"Festival Cru\u00eflla","url":"https:\/\/www.cruillabarcelona.cat\/es\/","logo":{"@type":"ImageObject","inLanguage":"es","@id":"https:\/\/www.cruillabarcelona.cat\/es\/#\/schema\/logo\/image\/","url":"https:\/\/www.cruillabarcelona.cat\/wp-content\/uploads\/2025\/12\/cruill-logo-negativo.png","contentUrl":"https:\/\/www.cruillabarcelona.cat\/wp-content\/uploads\/2025\/12\/cruill-logo-negativo.png","width":400,"height":101,"caption":"Festival Cru\u00eflla"},"image":{"@id":"https:\/\/www.cruillabarcelona.cat\/es\/#\/schema\/logo\/image\/"}}]}},"_links":{"self":[{"href":"https:\/\/www.cruillabarcelona.cat\/es\/wp-json\/wp\/v2\/artists\/25544","targetHints":{"allow":["GET"]}}],"collection":[{"href":"https:\/\/www.cruillabarcelona.cat\/es\/wp-json\/wp\/v2\/artists"}],"about":[{"href":"https:\/\/www.cruillabarcelona.cat\/es\/wp-json\/wp\/v2\/types\/artists"}],"acf:term":[{"embeddable":true,"taxonomy":"artists_location","href":"https:\/\/www.cruillabarcelona.cat\/es\/wp-json\/wp\/v2\/artists_location\/776"},{"embeddable":true,"taxonomy":"artists_edition","href":"https:\/\/www.cruillabarcelona.cat\/es\/wp-json\/wp\/v2\/artists_edition\/774"}],"wp:featuredmedia":[{"embeddable":true,"href":"https:\/\/www.cruillabarcelona.cat\/es\/wp-json\/wp\/v2\/media\/25473"}],"wp:attachment":[{"href":"https:\/\/www.cruillabarcelona.cat\/es\/wp-json\/wp\/v2\/media?parent=25544"}],"wp:term":[{"taxonomy":"artists_edition","embeddable":true,"href":"https:\/\/www.cruillabarcelona.cat\/es\/wp-json\/wp\/v2\/artists_edition?post=25544"}],"curies":[{"name":"wp","href":"https:\/\/api.w.org\/{rel}","templated":true}]}}

<h2>Cuando las redes sociales te dan voz en el mundo</h2>
<p>Khalida Popal era solo una niña cuando empezó a organizar <strong>partidos de fútbol</strong> con sus amigas, y en aquel momento no sabía que una actividad deportiva tan simple le traería tantos problemas. Pero, en vez de escuchar a los hombres que la insultaban desde la grada, Khalida Popal <strong>acabó formando la primera selección de fútbol femenino</strong> de la historia de Afganistán.</p>
<p>Popal es una referente de la <strong>lucha feminista</strong> en países donde lo más básico todavía está por conquistar. Ser futbolista afgana no es un camino fácil: ha recibido amenazas de muerte y hoy en día vive exiliada en Dinamarca.</p>
<p>El próximo lunes <strong>1</strong> <strong>de julio</strong>, Khalida Popal visita el <strong>Cruïlla Talks</strong> para contar su historia y responder a las preguntas de la periodista <strong>Laura Rosel</strong>. Ven al CCCB a las <strong>20:30h</strong> y descubre su lucha.</p>
<ul>
<li><strong>Khalida Popal</strong> entrevistada por <strong>Laura Rosel</strong></li>
<li><strong>Cuándo y dónde</strong>: Lunes 1 de julio a las 20:30h, en el CCCB</li>
<li><strong>Duración</strong>: 60 minutos con preguntas del público</li>
<li><strong>Precio de la entrada</strong>: Donación de 2€ a la ONG Proactiva Open Arms</li>
</ul>
<p style="text-align: center;"><a class="efsbutton button " target="_blank">ENTRADAS</a></p>

<!-- This site is optimized with the Yoast SEO plugin v27.5 - https://yoast.com/product/yoast-seo-wordpress/ -->
<title>Khalida Popal - Cruïlla Talks. 1 de julio de 2019 en el CCCB, Barcelona.</title>
<meta name="description" content="La futbolista Khalida Popal llega al Cruïlla Talks para hablar sobre su lucha feminista en Afganistán. El 1 de julio de 2019 en el CCCB de Barcelona." />
<meta name="robots" content="index, follow, max-snippet:-1, max-image-preview:large, max-video-preview:-1" />
<link rel="canonical" href="https://www.cruillabarcelona.cat/es/artists/khalida-popal/" />
<meta property="og:locale" content="es_ES" />
<meta property="og:type" content="article" />
<meta property="og:title" content="Khalida Popal - Cruïlla Talks. 1 de julio de 2019 en el CCCB, Barcelona." />
<meta property="og:description" content="La futbolista Khalida Popal llega al Cruïlla Talks para hablar sobre su lucha feminista en Afganistán. El 1 de julio de 2019 en el CCCB de Barcelona." />
<meta property="og:url" content="https://www.cruillabarcelona.cat/es/artists/khalida-popal/" />
<meta property="og:site_name" content="Festival Cruïlla" />
<meta property="article:modified_time" content="2019-06-18T09:15:26+00:00" />
<meta property="og:image" content="https://www.cruillabarcelona.cat/wp-content/uploads/2019/06/2_Khalida.jpg" />
	<meta property="og:image:width" content="1200" />
	<meta property="og:image:height" content="1200" />
	<meta property="og:image:type" content="image/jpeg" />
<meta name="twitter:card" content="summary_large_image" />
<meta name="twitter:label1" content="Tiempo de lectura" />
	<meta name="twitter:data1" content="1 minuto" />
<script type="application/ld+json" class="yoast-schema-graph">{"@context":"https:\/\/schema.org","@graph":[{"@type":"WebPage","@id":"https:\/\/www.cruillabarcelona.cat\/es\/artists\/khalida-popal\/","url":"https:\/\/www.cruillabarcelona.cat\/es\/artists\/khalida-popal\/","name":"Khalida Popal - Cruïlla Talks. 1 de julio de 2019 en el CCCB, Barcelona.","isPartOf":{"@id":"https:\/\/www.cruillabarcelona.cat\/es\/#website"},"primaryImageOfPage":{"@id":"https:\/\/www.cruillabarcelona.cat\/es\/artists\/khalida-popal\/#primaryimage"},"image":{"@id":"https:\/\/www.cruillabarcelona.cat\/es\/artists\/khalida-popal\/#primaryimage"},"thumbnailUrl":"https:\/\/www.cruillabarcelona.cat\/wp-content\/uploads\/2019\/06\/2_Khalida.jpg","datePublished":"2019-06-06T09:50:56+00:00","dateModified":"2019-06-18T09:15:26+00:00","description":"La futbolista Khalida Popal llega al Cruïlla Talks para hablar sobre su lucha feminista en Afganistán. El 1 de julio de 2019 en el CCCB de Barcelona.","breadcrumb":{"@id":"https:\/\/www.cruillabarcelona.cat\/es\/artists\/khalida-popal\/#breadcrumb"},"inLanguage":"es","potentialAction":[{"@type":"ReadAction","target":["https:\/\/www.cruillabarcelona.cat\/es\/artists\/khalida-popal\/"]}]},{"@type":"ImageObject","inLanguage":"es","@id":"https:\/\/www.cruillabarcelona.cat\/es\/artists\/khalida-popal\/#primaryimage","url":"https:\/\/www.cruillabarcelona.cat\/wp-content\/uploads\/2019\/06\/2_Khalida.jpg","contentUrl":"https:\/\/www.cruillabarcelona.cat\/wp-content\/uploads\/2019\/06\/2_Khalida.jpg","width":1200,"height":1200},{"@type":"BreadcrumbList","@id":"https:\/\/www.cruillabarcelona.cat\/es\/artists\/khalida-popal\/#breadcrumb","itemListElement":[{"@type":"ListItem","position":1,"name":"Home","item":"https:\/\/www.cruillabarcelona.cat\/es\/"},{"@type":"ListItem","position":2,"name":"Khalida Popal"}]},{"@type":"WebSite","@id":"https:\/\/www.cruillabarcelona.cat\/es\/#website","url":"https:\/\/www.cruillabarcelona.cat\/es\/","name":"Festival Cruïlla","description":"","publisher":{"@id":"https:\/\/www.cruillabarcelona.cat\/es\/#organization"},"potentialAction":[{"@type":"SearchAction","target":{"@type":"EntryPoint","urlTemplate":"https:\/\/www.cruillabarcelona.cat\/es\/?s={search_term_string}"},"query-input":{"@type":"PropertyValueSpecification","valueRequired":true,"valueName":"search_term_string"}}],"inLanguage":"es"},{"@type":"Organization","@id":"https:\/\/www.cruillabarcelona.cat\/es\/#organization","name":"Festival Cruïlla","url":"https:\/\/www.cruillabarcelona.cat\/es\/","logo":{"@type":"ImageObject","inLanguage":"es","@id":"https:\/\/www.cruillabarcelona.cat\/es\/#\/schema\/logo\/image\/","url":"https:\/\/www.cruillabarcelona.cat\/wp-content\/uploads\/2025\/12\/cruill-logo-negativo.png","contentUrl":"https:\/\/www.cruillabarcelona.cat\/wp-content\/uploads\/2025\/12\/cruill-logo-negativo.png","width":400,"height":101,"caption":"Festival Cruïlla"},"image":{"@id":"https:\/\/www.cruillabarcelona.cat\/es\/#\/schema\/logo\/image\/"}}]}</script>
<!-- / Yoast SEO plugin. -->

Khalida Popal - Cruïlla Talks. 1 de julio de 2019 en el CCCB, Barcelona.

La futbolista Khalida Popal llega al Cruïlla Talks para hablar sobre su lucha feminista en Afganistán. El 1 de julio de 2019 en el CCCB de Barcelona.

Festival Cruïlla
