{"id":26643,"date":"2020-11-23T11:07:43","date_gmt":"2020-11-23T09:07:43","guid":{"rendered":"https:\/\/www.cruillabarcelona.cat\/?post_type=artists&#038;p=26643"},"modified":"2021-06-15T12:47:00","modified_gmt":"2021-06-15T10:47:00","slug":"manel","status":"publish","type":"artists","link":"https:\/\/www.cruillabarcelona.cat\/es\/artists\/manel\/","title":{"rendered":"Manel"},"content":{"rendered":"<h2 style=\"text-align: center;\">\u00a1Manel en el Cru\u00eflla 2021!<\/h2>\n<p>Son uno de los grandes referentes musicales en Catalu\u00f1a. Una de esas bandas que todo el mundo ha escuchado. Con cinco discos fant\u00e1sticos a sus espaldas, los <strong>Manel<\/strong> se han ganado un <strong>lugar de honor en el panorama de la m\u00fasica en catal\u00e1n<\/strong>.<\/p>\n<p>Su \u00e9xito internacional no les ha tentado nunca a abandonar su lengua materna. Han demostrado que <strong>la buena m\u00fasica no entiende de fronteras ni de barreras idiom\u00e1ticas<\/strong>: sus discos han sido n\u00ba1 en las listas espa\u00f1olas tres veces consecutivas, un hito sin precedentes entre los artistas que cantan en catal\u00e1n.<\/p>\n<p>Adem\u00e1s, han llevado su m\u00fasica <strong>alrededor del mundo<\/strong> con conciertos en Estados Unidos, Argentina, Francia, Gran Breta\u00f1a, Irlanda, Luxemburgo, Suiza y Alemania. \u00a1Y, el<strong> 9 de julio<\/strong>, aterrizar\u00e1n en el <strong>Festival Cru\u00eflla <\/strong>con su quinto disco. Este nuevo trabajo discogr\u00e1fico, es el primero que publicaron bajo <strong>su propio sello: Cer\u00e0miques Guzm\u00e1n<\/strong>.<\/p>\n<p>Pero estamos seguros que <strong>su m\u00fasica personal, con tintes del folk y la electr\u00f3nica,<\/strong> nos volver\u00e1 a enamorar como si fuese la primera vez.<\/p>\n<!-- auto-added video if acf\/single-artist-video not used  --> <iframe style=\"width: 100%;max-width: 100%;height: auto;aspect-ratio: 16 \/ 9;\" src=\"https:\/\/www.youtube-nocookie.com\/embed\/zhyfs0WR60c\" frameborder=\"0\" allow=\"accelerometer; autoplay; encrypted-media; gyroscope; picture-in-picture\" allowfullscreen><\/iframe>","protected":false},"featured_media":35465,"template":"","meta":{"_acf_changed":false},"artists_edition":[794],"class_list":["post-26643","artists","type-artists","status-publish","has-post-thumbnail","hentry","artists_location-cruilla-enamora","artists_edition-794"],"acf":{"_thumbnail_id":35465,"youtube_player":"zhyfs0WR60c","artist_edition":[794],"artist_date":"20210709","artist_time":"01:15","artist_time_2":"","artist_location":[590],"artist_ticket_url":"https:\/\/www.cruillabarcelona.cat\/es\/tickets\/","artist_ticket_status":"","artist_extra_date__show":false,"artist_extra_date_2":null,"artist_time_of_date2":"","artist_extra_date_3":null,"artist_time_of_date3":"","artist_extra_date_4":null,"artist_time_of_date4":"","artist_extra_date_5":null,"artist_time_of_date5":"","artist_date__show_month":true,"artist_sidebar_active":false,"show_in_agenda":false,"artist_sidebar__banner_img":null,"artist_sidebar__banner_link":"","artist_hero_content":"Cru\u00eflla 2021","artist_style":false,"artist_nationality":false,"artist_audience_age":false},"yoast_head":"<!-- This site is optimized with the Yoast SEO plugin v27.5 - https:\/\/yoast.com\/product\/yoast-seo-wordpress\/ -->\n<title>Manel en concierto el 9 de julio en el Festival Cru\u00eflla 2021<\/title>\n<meta name=\"description\" content=\"Manel actuar\u00e1 el 9 de julio de 2021 en el Parc del F\u00f2rum de Barcelona, dentro del Festival Cru\u00eflla 2021. Entradas ya a la venta.\" \/>\n<meta name=\"robots\" content=\"index, follow, max-snippet:-1, max-image-preview:large, max-video-preview:-1\" \/>\n<link rel=\"canonical\" href=\"https:\/\/www.cruillabarcelona.cat\/es\/artists\/manel\/\" \/>\n<meta property=\"og:locale\" content=\"es_ES\" \/>\n<meta property=\"og:type\" content=\"article\" \/>\n<meta property=\"og:title\" content=\"Manel en concierto el 9 de julio en el Festival Cru\u00eflla 2021\" \/>\n<meta property=\"og:description\" content=\"Manel actuar\u00e1 el 9 de julio de 2021 en el Parc del F\u00f2rum de Barcelona, dentro del Festival Cru\u00eflla 2021. Entradas ya a la venta.\" \/>\n<meta property=\"og:url\" content=\"https:\/\/www.cruillabarcelona.cat\/es\/artists\/manel\/\" \/>\n<meta property=\"og:site_name\" content=\"Festival Cru\u00eflla\" \/>\n<meta property=\"article:modified_time\" content=\"2021-06-15T10:47:00+00:00\" \/>\n<meta property=\"og:image\" content=\"https:\/\/www.cruillabarcelona.cat\/wp-content\/uploads\/2019\/07\/4_Manel_1200x1200.jpg\" \/>\n\t<meta property=\"og:image:width\" content=\"1200\" \/>\n\t<meta property=\"og:image:height\" content=\"1200\" \/>\n\t<meta property=\"og:image:type\" content=\"image\/jpeg\" \/>\n<meta name=\"twitter:card\" content=\"summary_large_image\" \/>\n<meta name=\"twitter:label1\" content=\"Tiempo de lectura\" \/>\n\t<meta name=\"twitter:data1\" content=\"1 minuto\" \/>\n<script type=\"application\/ld+json\" class=\"yoast-schema-graph\">{\"@context\":\"https:\\\/\\\/schema.org\",\"@graph\":[{\"@type\":\"WebPage\",\"@id\":\"https:\\\/\\\/www.cruillabarcelona.cat\\\/es\\\/artists\\\/manel\\\/\",\"url\":\"https:\\\/\\\/www.cruillabarcelona.cat\\\/es\\\/artists\\\/manel\\\/\",\"name\":\"Manel en concierto el 9 de julio en el Festival Cru\u00eflla 2021\",\"isPartOf\":{\"@id\":\"https:\\\/\\\/www.cruillabarcelona.cat\\\/es\\\/#website\"},\"primaryImageOfPage\":{\"@id\":\"https:\\\/\\\/www.cruillabarcelona.cat\\\/es\\\/artists\\\/manel\\\/#primaryimage\"},\"image\":{\"@id\":\"https:\\\/\\\/www.cruillabarcelona.cat\\\/es\\\/artists\\\/manel\\\/#primaryimage\"},\"thumbnailUrl\":\"https:\\\/\\\/www.cruillabarcelona.cat\\\/wp-content\\\/uploads\\\/2019\\\/07\\\/4_Manel_1200x1200.jpg\",\"datePublished\":\"2020-11-23T09:07:43+00:00\",\"dateModified\":\"2021-06-15T10:47:00+00:00\",\"description\":\"Manel actuar\u00e1 el 9 de julio de 2021 en el Parc del F\u00f2rum de Barcelona, dentro del Festival Cru\u00eflla 2021. Entradas ya a la venta.\",\"breadcrumb\":{\"@id\":\"https:\\\/\\\/www.cruillabarcelona.cat\\\/es\\\/artists\\\/manel\\\/#breadcrumb\"},\"inLanguage\":\"es\",\"potentialAction\":[{\"@type\":\"ReadAction\",\"target\":[\"https:\\\/\\\/www.cruillabarcelona.cat\\\/es\\\/artists\\\/manel\\\/\"]}]},{\"@type\":\"ImageObject\",\"inLanguage\":\"es\",\"@id\":\"https:\\\/\\\/www.cruillabarcelona.cat\\\/es\\\/artists\\\/manel\\\/#primaryimage\",\"url\":\"https:\\\/\\\/www.cruillabarcelona.cat\\\/wp-content\\\/uploads\\\/2019\\\/07\\\/4_Manel_1200x1200.jpg\",\"contentUrl\":\"https:\\\/\\\/www.cruillabarcelona.cat\\\/wp-content\\\/uploads\\\/2019\\\/07\\\/4_Manel_1200x1200.jpg\",\"width\":1200,\"height\":1200,\"caption\":\"Manel_Cru\u00eflla_2021\"},{\"@type\":\"BreadcrumbList\",\"@id\":\"https:\\\/\\\/www.cruillabarcelona.cat\\\/es\\\/artists\\\/manel\\\/#breadcrumb\",\"itemListElement\":[{\"@type\":\"ListItem\",\"position\":1,\"name\":\"Home\",\"item\":\"https:\\\/\\\/www.cruillabarcelona.cat\\\/es\\\/\"},{\"@type\":\"ListItem\",\"position\":2,\"name\":\"Manel\"}]},{\"@type\":\"WebSite\",\"@id\":\"https:\\\/\\\/www.cruillabarcelona.cat\\\/es\\\/#website\",\"url\":\"https:\\\/\\\/www.cruillabarcelona.cat\\\/es\\\/\",\"name\":\"Festival Cru\u00eflla\",\"description\":\"\",\"publisher\":{\"@id\":\"https:\\\/\\\/www.cruillabarcelona.cat\\\/es\\\/#organization\"},\"potentialAction\":[{\"@type\":\"SearchAction\",\"target\":{\"@type\":\"EntryPoint\",\"urlTemplate\":\"https:\\\/\\\/www.cruillabarcelona.cat\\\/es\\\/?s={search_term_string}\"},\"query-input\":{\"@type\":\"PropertyValueSpecification\",\"valueRequired\":true,\"valueName\":\"search_term_string\"}}],\"inLanguage\":\"es\"},{\"@type\":\"Organization\",\"@id\":\"https:\\\/\\\/www.cruillabarcelona.cat\\\/es\\\/#organization\",\"name\":\"Festival Cru\u00eflla\",\"url\":\"https:\\\/\\\/www.cruillabarcelona.cat\\\/es\\\/\",\"logo\":{\"@type\":\"ImageObject\",\"inLanguage\":\"es\",\"@id\":\"https:\\\/\\\/www.cruillabarcelona.cat\\\/es\\\/#\\\/schema\\\/logo\\\/image\\\/\",\"url\":\"https:\\\/\\\/www.cruillabarcelona.cat\\\/wp-content\\\/uploads\\\/2025\\\/12\\\/cruill-logo-negativo.png\",\"contentUrl\":\"https:\\\/\\\/www.cruillabarcelona.cat\\\/wp-content\\\/uploads\\\/2025\\\/12\\\/cruill-logo-negativo.png\",\"width\":400,\"height\":101,\"caption\":\"Festival Cru\u00eflla\"},\"image\":{\"@id\":\"https:\\\/\\\/www.cruillabarcelona.cat\\\/es\\\/#\\\/schema\\\/logo\\\/image\\\/\"}}]}<\/script>\n<!-- \/ Yoast SEO plugin. -->","yoast_head_json":{"title":"Manel en concierto el 9 de julio en el Festival Cru\u00eflla 2021","description":"Manel actuar\u00e1 el 9 de julio de 2021 en el Parc del F\u00f2rum de Barcelona, dentro del Festival Cru\u00eflla 2021. Entradas ya a la venta.","robots":{"index":"index","follow":"follow","max-snippet":"max-snippet:-1","max-image-preview":"max-image-preview:large","max-video-preview":"max-video-preview:-1"},"canonical":"https:\/\/www.cruillabarcelona.cat\/es\/artists\/manel\/","og_locale":"es_ES","og_type":"article","og_title":"Manel en concierto el 9 de julio en el Festival Cru\u00eflla 2021","og_description":"Manel actuar\u00e1 el 9 de julio de 2021 en el Parc del F\u00f2rum de Barcelona, dentro del Festival Cru\u00eflla 2021. Entradas ya a la venta.","og_url":"https:\/\/www.cruillabarcelona.cat\/es\/artists\/manel\/","og_site_name":"Festival Cru\u00eflla","article_modified_time":"2021-06-15T10:47:00+00:00","og_image":[{"width":1200,"height":1200,"url":"https:\/\/www.cruillabarcelona.cat\/wp-content\/uploads\/2019\/07\/4_Manel_1200x1200.jpg","type":"image\/jpeg"}],"twitter_card":"summary_large_image","twitter_misc":{"Tiempo de lectura":"1 minuto"},"schema":{"@context":"https:\/\/schema.org","@graph":[{"@type":"WebPage","@id":"https:\/\/www.cruillabarcelona.cat\/es\/artists\/manel\/","url":"https:\/\/www.cruillabarcelona.cat\/es\/artists\/manel\/","name":"Manel en concierto el 9 de julio en el Festival Cru\u00eflla 2021","isPartOf":{"@id":"https:\/\/www.cruillabarcelona.cat\/es\/#website"},"primaryImageOfPage":{"@id":"https:\/\/www.cruillabarcelona.cat\/es\/artists\/manel\/#primaryimage"},"image":{"@id":"https:\/\/www.cruillabarcelona.cat\/es\/artists\/manel\/#primaryimage"},"thumbnailUrl":"https:\/\/www.cruillabarcelona.cat\/wp-content\/uploads\/2019\/07\/4_Manel_1200x1200.jpg","datePublished":"2020-11-23T09:07:43+00:00","dateModified":"2021-06-15T10:47:00+00:00","description":"Manel actuar\u00e1 el 9 de julio de 2021 en el Parc del F\u00f2rum de Barcelona, dentro del Festival Cru\u00eflla 2021. Entradas ya a la venta.","breadcrumb":{"@id":"https:\/\/www.cruillabarcelona.cat\/es\/artists\/manel\/#breadcrumb"},"inLanguage":"es","potentialAction":[{"@type":"ReadAction","target":["https:\/\/www.cruillabarcelona.cat\/es\/artists\/manel\/"]}]},{"@type":"ImageObject","inLanguage":"es","@id":"https:\/\/www.cruillabarcelona.cat\/es\/artists\/manel\/#primaryimage","url":"https:\/\/www.cruillabarcelona.cat\/wp-content\/uploads\/2019\/07\/4_Manel_1200x1200.jpg","contentUrl":"https:\/\/www.cruillabarcelona.cat\/wp-content\/uploads\/2019\/07\/4_Manel_1200x1200.jpg","width":1200,"height":1200,"caption":"Manel_Cru\u00eflla_2021"},{"@type":"BreadcrumbList","@id":"https:\/\/www.cruillabarcelona.cat\/es\/artists\/manel\/#breadcrumb","itemListElement":[{"@type":"ListItem","position":1,"name":"Home","item":"https:\/\/www.cruillabarcelona.cat\/es\/"},{"@type":"ListItem","position":2,"name":"Manel"}]},{"@type":"WebSite","@id":"https:\/\/www.cruillabarcelona.cat\/es\/#website","url":"https:\/\/www.cruillabarcelona.cat\/es\/","name":"Festival Cru\u00eflla","description":"","publisher":{"@id":"https:\/\/www.cruillabarcelona.cat\/es\/#organization"},"potentialAction":[{"@type":"SearchAction","target":{"@type":"EntryPoint","urlTemplate":"https:\/\/www.cruillabarcelona.cat\/es\/?s={search_term_string}"},"query-input":{"@type":"PropertyValueSpecification","valueRequired":true,"valueName":"search_term_string"}}],"inLanguage":"es"},{"@type":"Organization","@id":"https:\/\/www.cruillabarcelona.cat\/es\/#organization","name":"Festival Cru\u00eflla","url":"https:\/\/www.cruillabarcelona.cat\/es\/","logo":{"@type":"ImageObject","inLanguage":"es","@id":"https:\/\/www.cruillabarcelona.cat\/es\/#\/schema\/logo\/image\/","url":"https:\/\/www.cruillabarcelona.cat\/wp-content\/uploads\/2025\/12\/cruill-logo-negativo.png","contentUrl":"https:\/\/www.cruillabarcelona.cat\/wp-content\/uploads\/2025\/12\/cruill-logo-negativo.png","width":400,"height":101,"caption":"Festival Cru\u00eflla"},"image":{"@id":"https:\/\/www.cruillabarcelona.cat\/es\/#\/schema\/logo\/image\/"}}]}},"_links":{"self":[{"href":"https:\/\/www.cruillabarcelona.cat\/es\/wp-json\/wp\/v2\/artists\/26643","targetHints":{"allow":["GET"]}}],"collection":[{"href":"https:\/\/www.cruillabarcelona.cat\/es\/wp-json\/wp\/v2\/artists"}],"about":[{"href":"https:\/\/www.cruillabarcelona.cat\/es\/wp-json\/wp\/v2\/types\/artists"}],"acf:term":[{"embeddable":true,"taxonomy":"artists_location","href":"https:\/\/www.cruillabarcelona.cat\/es\/wp-json\/wp\/v2\/artists_location\/590"},{"embeddable":true,"taxonomy":"artists_edition","href":"https:\/\/www.cruillabarcelona.cat\/es\/wp-json\/wp\/v2\/artists_edition\/794"}],"wp:featuredmedia":[{"embeddable":true,"href":"https:\/\/www.cruillabarcelona.cat\/es\/wp-json\/wp\/v2\/media\/35465"}],"wp:attachment":[{"href":"https:\/\/www.cruillabarcelona.cat\/es\/wp-json\/wp\/v2\/media?parent=26643"}],"wp:term":[{"taxonomy":"artists_edition","embeddable":true,"href":"https:\/\/www.cruillabarcelona.cat\/es\/wp-json\/wp\/v2\/artists_edition?post=26643"}],"curies":[{"name":"wp","href":"https:\/\/api.w.org\/{rel}","templated":true}]}}

<h2 style="text-align: center;">¡Manel en el Cruïlla 2021!</h2>
<p>Son uno de los grandes referentes musicales en Cataluña. Una de esas bandas que todo el mundo ha escuchado. Con cinco discos fantásticos a sus espaldas, los <strong>Manel</strong> se han ganado un <strong>lugar de honor en el panorama de la música en catalán</strong>.</p>
<p>Su éxito internacional no les ha tentado nunca a abandonar su lengua materna. Han demostrado que <strong>la buena música no entiende de fronteras ni de barreras idiomáticas</strong>: sus discos han sido nº1 en las listas españolas tres veces consecutivas, un hito sin precedentes entre los artistas que cantan en catalán.</p>
<p>Además, han llevado su música <strong>alrededor del mundo</strong> con conciertos en Estados Unidos, Argentina, Francia, Gran Bretaña, Irlanda, Luxemburgo, Suiza y Alemania. ¡Y, el<strong> 9 de julio</strong>, aterrizarán en el <strong>Festival Cruïlla </strong>con su quinto disco. Este nuevo trabajo discográfico, es el primero que publicaron bajo <strong>su propio sello: Ceràmiques Guzmán</strong>.</p>
<p>Pero estamos seguros que <strong>su música personal, con tintes del folk y la electrónica,</strong> nos volverá a enamorar como si fuese la primera vez.</p>
<!-- auto-added video if acf/single-artist-video not used  --> <iframe style="width: 100%;max-width: 100%;height: auto;aspect-ratio: 16 / 9;" src="https://www.youtube-nocookie.com/embed/zhyfs0WR60c" frameborder="0" allow="accelerometer; autoplay; encrypted-media; gyroscope; picture-in-picture" allowfullscreen></iframe>

Cruïlla 2021

<!-- This site is optimized with the Yoast SEO plugin v27.5 - https://yoast.com/product/yoast-seo-wordpress/ -->
<title>Manel en concierto el 9 de julio en el Festival Cruïlla 2021</title>
<meta name="description" content="Manel actuará el 9 de julio de 2021 en el Parc del Fòrum de Barcelona, dentro del Festival Cruïlla 2021. Entradas ya a la venta." />
<meta name="robots" content="index, follow, max-snippet:-1, max-image-preview:large, max-video-preview:-1" />
<link rel="canonical" href="https://www.cruillabarcelona.cat/es/artists/manel/" />
<meta property="og:locale" content="es_ES" />
<meta property="og:type" content="article" />
<meta property="og:title" content="Manel en concierto el 9 de julio en el Festival Cruïlla 2021" />
<meta property="og:description" content="Manel actuará el 9 de julio de 2021 en el Parc del Fòrum de Barcelona, dentro del Festival Cruïlla 2021. Entradas ya a la venta." />
<meta property="og:url" content="https://www.cruillabarcelona.cat/es/artists/manel/" />
<meta property="og:site_name" content="Festival Cruïlla" />
<meta property="article:modified_time" content="2021-06-15T10:47:00+00:00" />
<meta property="og:image" content="https://www.cruillabarcelona.cat/wp-content/uploads/2019/07/4_Manel_1200x1200.jpg" />
	<meta property="og:image:width" content="1200" />
	<meta property="og:image:height" content="1200" />
	<meta property="og:image:type" content="image/jpeg" />
<meta name="twitter:card" content="summary_large_image" />
<meta name="twitter:label1" content="Tiempo de lectura" />
	<meta name="twitter:data1" content="1 minuto" />
<script type="application/ld+json" class="yoast-schema-graph">{"@context":"https:\/\/schema.org","@graph":[{"@type":"WebPage","@id":"https:\/\/www.cruillabarcelona.cat\/es\/artists\/manel\/","url":"https:\/\/www.cruillabarcelona.cat\/es\/artists\/manel\/","name":"Manel en concierto el 9 de julio en el Festival Cruïlla 2021","isPartOf":{"@id":"https:\/\/www.cruillabarcelona.cat\/es\/#website"},"primaryImageOfPage":{"@id":"https:\/\/www.cruillabarcelona.cat\/es\/artists\/manel\/#primaryimage"},"image":{"@id":"https:\/\/www.cruillabarcelona.cat\/es\/artists\/manel\/#primaryimage"},"thumbnailUrl":"https:\/\/www.cruillabarcelona.cat\/wp-content\/uploads\/2019\/07\/4_Manel_1200x1200.jpg","datePublished":"2020-11-23T09:07:43+00:00","dateModified":"2021-06-15T10:47:00+00:00","description":"Manel actuará el 9 de julio de 2021 en el Parc del Fòrum de Barcelona, dentro del Festival Cruïlla 2021. Entradas ya a la venta.","breadcrumb":{"@id":"https:\/\/www.cruillabarcelona.cat\/es\/artists\/manel\/#breadcrumb"},"inLanguage":"es","potentialAction":[{"@type":"ReadAction","target":["https:\/\/www.cruillabarcelona.cat\/es\/artists\/manel\/"]}]},{"@type":"ImageObject","inLanguage":"es","@id":"https:\/\/www.cruillabarcelona.cat\/es\/artists\/manel\/#primaryimage","url":"https:\/\/www.cruillabarcelona.cat\/wp-content\/uploads\/2019\/07\/4_Manel_1200x1200.jpg","contentUrl":"https:\/\/www.cruillabarcelona.cat\/wp-content\/uploads\/2019\/07\/4_Manel_1200x1200.jpg","width":1200,"height":1200,"caption":"Manel_Cruïlla_2021"},{"@type":"BreadcrumbList","@id":"https:\/\/www.cruillabarcelona.cat\/es\/artists\/manel\/#breadcrumb","itemListElement":[{"@type":"ListItem","position":1,"name":"Home","item":"https:\/\/www.cruillabarcelona.cat\/es\/"},{"@type":"ListItem","position":2,"name":"Manel"}]},{"@type":"WebSite","@id":"https:\/\/www.cruillabarcelona.cat\/es\/#website","url":"https:\/\/www.cruillabarcelona.cat\/es\/","name":"Festival Cruïlla","description":"","publisher":{"@id":"https:\/\/www.cruillabarcelona.cat\/es\/#organization"},"potentialAction":[{"@type":"SearchAction","target":{"@type":"EntryPoint","urlTemplate":"https:\/\/www.cruillabarcelona.cat\/es\/?s={search_term_string}"},"query-input":{"@type":"PropertyValueSpecification","valueRequired":true,"valueName":"search_term_string"}}],"inLanguage":"es"},{"@type":"Organization","@id":"https:\/\/www.cruillabarcelona.cat\/es\/#organization","name":"Festival Cruïlla","url":"https:\/\/www.cruillabarcelona.cat\/es\/","logo":{"@type":"ImageObject","inLanguage":"es","@id":"https:\/\/www.cruillabarcelona.cat\/es\/#\/schema\/logo\/image\/","url":"https:\/\/www.cruillabarcelona.cat\/wp-content\/uploads\/2025\/12\/cruill-logo-negativo.png","contentUrl":"https:\/\/www.cruillabarcelona.cat\/wp-content\/uploads\/2025\/12\/cruill-logo-negativo.png","width":400,"height":101,"caption":"Festival Cruïlla"},"image":{"@id":"https:\/\/www.cruillabarcelona.cat\/es\/#\/schema\/logo\/image\/"}}]}</script>
<!-- / Yoast SEO plugin. -->

Manel en concierto el 9 de julio en el Festival Cruïlla 2021

Manel actuará el 9 de julio de 2021 en el Parc del Fòrum de Barcelona, dentro del Festival Cruïlla 2021. Entradas ya a la venta.

Festival Cruïlla

Manel_Cruïlla_2021
