{"id":32397,"date":"2020-06-05T12:06:15","date_gmt":"2020-06-05T10:06:15","guid":{"rendered":"https:\/\/www.cruillabarcelona.cat\/?post_type=artists&#038;p=32397"},"modified":"2020-06-30T18:37:50","modified_gmt":"2020-06-30T16:37:50","slug":"dones-savies-moliere","status":"publish","type":"artists","link":"https:\/\/www.cruillabarcelona.cat\/es\/artists\/dones-savies-moliere\/","title":{"rendered":"Les dones s\u00e0vies de Moli\u00e8re"},"content":{"rendered":"<h2>Les dones s\u00e0vies de Moli\u00e8re en el Cru\u00eflla XXS<\/h2>\n<p>Los actores <strong>Ricard Farr\u00e9<\/strong> y <strong>Enric Cambray<\/strong> protagonizan el <em>remake<\/em> de la obra original de Moli\u00e8re, <em>Las mujeres sabias<\/em>. Cada uno de ellos interpreta (solo) cuatro personajes distintos, hombres y mujeres, y logran <strong>la proeza de ejecutar una obra coral en pareja<\/strong>.<\/p>\n<p><em>Les dones s\u00e0vies<\/em> es una comedia de costumbres cl\u00e1sica, que hace <strong>s\u00e1tira de las altas clases<\/strong> y sus maneras pedantes, pero adaptada al catal\u00e1n y actualizada a la manera de hablar de los tiempos que vivimos.<\/p>\n<ul>\n<li><strong>Fecha<\/strong>: Mi\u00e9rcoles 22 de julio a las 20:30h<\/li>\n<li><strong>Espacio<\/strong>: Teatre Vict\u00f2ria<\/li>\n<li><strong>Precio<\/strong>: 20\u20ac<\/li>\n<li><strong>Precio menores<\/strong>: Hasta 3 a\u00f1os, entrada gratuita si no ocupan asiento.<br \/>\nDe 4 a 16 a\u00f1os (incluidos): 5\u20ac<\/li>\n<\/ul>\n<hr \/>\n<p class=\"p1\" style=\"text-align: center;\"><span class=\"s1\">Entradas a la venta en exclusiva en el canal de<b>\u00a0TRESC<\/b>. Haz click aqu\u00ed:<\/span><\/p>\n<p class=\"p1\" style=\"text-align: center;\"><span class=\"s1\"><a class=\"efsbutton button \" target=\"_blank\">ENTRADAS<\/a><\/span><\/p>\n<!-- auto-added video if acf\/single-artist-video not used  --> <iframe style=\"width: 100%;max-width: 100%;height: auto;aspect-ratio: 16 \/ 9;\" src=\"https:\/\/www.youtube-nocookie.com\/embed\/5SdOOXbxB08\" frameborder=\"0\" allow=\"accelerometer; autoplay; encrypted-media; gyroscope; picture-in-picture\" allowfullscreen><\/iframe>","protected":false},"featured_media":32438,"template":"","meta":{"_acf_changed":false},"artists_edition":[795],"class_list":["post-32397","artists","type-artists","status-publish","has-post-thumbnail","hentry","artists_location-teatre-victoria","artists_edition-cruilla-xxs"],"acf":{"_thumbnail_id":32438,"youtube_player":"5SdOOXbxB08","artist_edition":[795],"artist_date":"20200722","artist_time":"20:30","artist_time_2":"","artist_location":[803],"artist_ticket_url":"https:\/\/cruillaxxs.seetickets.com\/event\/les-dones-s-vies-de-moli-re-cru-lla-xxs-\/teatro-victoria\/1572563?src=tresc","artist_ticket_status":"","artist_extra_date__show":false,"artist_extra_date_2":null,"artist_time_of_date2":"","artist_extra_date_3":null,"artist_time_of_date3":"","artist_extra_date_4":null,"artist_time_of_date4":"","artist_extra_date_5":null,"artist_time_of_date5":"","artist_date__show_month":true,"artist_sidebar_active":false,"show_in_agenda":false,"artist_sidebar__banner_img":null,"artist_sidebar__banner_link":"","artist_hero_content":"Cru\u00eflla XXS","artist_style":false,"artist_nationality":false,"artist_audience_age":false},"yoast_head":"<!-- This site is optimized with the Yoast SEO plugin v27.5 - https:\/\/yoast.com\/product\/yoast-seo-wordpress\/ -->\n<title>Les dones s\u00e0vies de Moli\u00e8re - Festival Cru\u00eflla<\/title>\n<meta name=\"robots\" content=\"index, follow, max-snippet:-1, max-image-preview:large, max-video-preview:-1\" \/>\n<link rel=\"canonical\" href=\"https:\/\/www.cruillabarcelona.cat\/es\/artists\/dones-savies-moliere\/\" \/>\n<meta property=\"og:locale\" content=\"es_ES\" \/>\n<meta property=\"og:type\" content=\"article\" \/>\n<meta property=\"og:title\" content=\"Les dones s\u00e0vies de Moli\u00e8re - Festival Cru\u00eflla\" \/>\n<meta property=\"og:description\" content=\"Les dones s\u00e0vies de Moli\u00e8re en el Cru\u00eflla XXS Los actores Ricard Farr\u00e9 y Enric Cambray protagonizan el remake de la obra original de Moli\u00e8re, Las [&hellip;]\" \/>\n<meta property=\"og:url\" content=\"https:\/\/www.cruillabarcelona.cat\/es\/artists\/dones-savies-moliere\/\" \/>\n<meta property=\"og:site_name\" content=\"Festival Cru\u00eflla\" \/>\n<meta property=\"article:modified_time\" content=\"2020-06-30T16:37:50+00:00\" \/>\n<meta property=\"og:image\" content=\"https:\/\/www.cruillabarcelona.cat\/wp-content\/uploads\/2020\/06\/S\u00e0vies-1-1.jpg\" \/>\n\t<meta property=\"og:image:width\" content=\"1080\" \/>\n\t<meta property=\"og:image:height\" content=\"1080\" \/>\n\t<meta property=\"og:image:type\" content=\"image\/jpeg\" \/>\n<meta name=\"twitter:card\" content=\"summary_large_image\" \/>\n<meta name=\"twitter:label1\" content=\"Tiempo de lectura\" \/>\n\t<meta name=\"twitter:data1\" content=\"1 minuto\" \/>\n<script type=\"application\/ld+json\" class=\"yoast-schema-graph\">{\"@context\":\"https:\\\/\\\/schema.org\",\"@graph\":[{\"@type\":\"WebPage\",\"@id\":\"https:\\\/\\\/www.cruillabarcelona.cat\\\/es\\\/artists\\\/dones-savies-moliere\\\/\",\"url\":\"https:\\\/\\\/www.cruillabarcelona.cat\\\/es\\\/artists\\\/dones-savies-moliere\\\/\",\"name\":\"Les dones s\u00e0vies de Moli\u00e8re - Festival Cru\u00eflla\",\"isPartOf\":{\"@id\":\"https:\\\/\\\/www.cruillabarcelona.cat\\\/es\\\/#website\"},\"primaryImageOfPage\":{\"@id\":\"https:\\\/\\\/www.cruillabarcelona.cat\\\/es\\\/artists\\\/dones-savies-moliere\\\/#primaryimage\"},\"image\":{\"@id\":\"https:\\\/\\\/www.cruillabarcelona.cat\\\/es\\\/artists\\\/dones-savies-moliere\\\/#primaryimage\"},\"thumbnailUrl\":\"https:\\\/\\\/www.cruillabarcelona.cat\\\/wp-content\\\/uploads\\\/2020\\\/06\\\/S\u00e0vies-1-1.jpg\",\"datePublished\":\"2020-06-05T10:06:15+00:00\",\"dateModified\":\"2020-06-30T16:37:50+00:00\",\"breadcrumb\":{\"@id\":\"https:\\\/\\\/www.cruillabarcelona.cat\\\/es\\\/artists\\\/dones-savies-moliere\\\/#breadcrumb\"},\"inLanguage\":\"es\",\"potentialAction\":[{\"@type\":\"ReadAction\",\"target\":[\"https:\\\/\\\/www.cruillabarcelona.cat\\\/es\\\/artists\\\/dones-savies-moliere\\\/\"]}]},{\"@type\":\"ImageObject\",\"inLanguage\":\"es\",\"@id\":\"https:\\\/\\\/www.cruillabarcelona.cat\\\/es\\\/artists\\\/dones-savies-moliere\\\/#primaryimage\",\"url\":\"https:\\\/\\\/www.cruillabarcelona.cat\\\/wp-content\\\/uploads\\\/2020\\\/06\\\/S\u00e0vies-1-1.jpg\",\"contentUrl\":\"https:\\\/\\\/www.cruillabarcelona.cat\\\/wp-content\\\/uploads\\\/2020\\\/06\\\/S\u00e0vies-1-1.jpg\",\"width\":1080,\"height\":1080},{\"@type\":\"BreadcrumbList\",\"@id\":\"https:\\\/\\\/www.cruillabarcelona.cat\\\/es\\\/artists\\\/dones-savies-moliere\\\/#breadcrumb\",\"itemListElement\":[{\"@type\":\"ListItem\",\"position\":1,\"name\":\"Home\",\"item\":\"https:\\\/\\\/www.cruillabarcelona.cat\\\/es\\\/\"},{\"@type\":\"ListItem\",\"position\":2,\"name\":\"Les dones s\u00e0vies de Moli\u00e8re\"}]},{\"@type\":\"WebSite\",\"@id\":\"https:\\\/\\\/www.cruillabarcelona.cat\\\/es\\\/#website\",\"url\":\"https:\\\/\\\/www.cruillabarcelona.cat\\\/es\\\/\",\"name\":\"Festival Cru\u00eflla\",\"description\":\"\",\"publisher\":{\"@id\":\"https:\\\/\\\/www.cruillabarcelona.cat\\\/es\\\/#organization\"},\"potentialAction\":[{\"@type\":\"SearchAction\",\"target\":{\"@type\":\"EntryPoint\",\"urlTemplate\":\"https:\\\/\\\/www.cruillabarcelona.cat\\\/es\\\/?s={search_term_string}\"},\"query-input\":{\"@type\":\"PropertyValueSpecification\",\"valueRequired\":true,\"valueName\":\"search_term_string\"}}],\"inLanguage\":\"es\"},{\"@type\":\"Organization\",\"@id\":\"https:\\\/\\\/www.cruillabarcelona.cat\\\/es\\\/#organization\",\"name\":\"Festival Cru\u00eflla\",\"url\":\"https:\\\/\\\/www.cruillabarcelona.cat\\\/es\\\/\",\"logo\":{\"@type\":\"ImageObject\",\"inLanguage\":\"es\",\"@id\":\"https:\\\/\\\/www.cruillabarcelona.cat\\\/es\\\/#\\\/schema\\\/logo\\\/image\\\/\",\"url\":\"https:\\\/\\\/www.cruillabarcelona.cat\\\/wp-content\\\/uploads\\\/2025\\\/12\\\/cruill-logo-negativo.png\",\"contentUrl\":\"https:\\\/\\\/www.cruillabarcelona.cat\\\/wp-content\\\/uploads\\\/2025\\\/12\\\/cruill-logo-negativo.png\",\"width\":400,\"height\":101,\"caption\":\"Festival Cru\u00eflla\"},\"image\":{\"@id\":\"https:\\\/\\\/www.cruillabarcelona.cat\\\/es\\\/#\\\/schema\\\/logo\\\/image\\\/\"}}]}<\/script>\n<!-- \/ Yoast SEO plugin. -->","yoast_head_json":{"title":"Les dones s\u00e0vies de Moli\u00e8re - Festival Cru\u00eflla","robots":{"index":"index","follow":"follow","max-snippet":"max-snippet:-1","max-image-preview":"max-image-preview:large","max-video-preview":"max-video-preview:-1"},"canonical":"https:\/\/www.cruillabarcelona.cat\/es\/artists\/dones-savies-moliere\/","og_locale":"es_ES","og_type":"article","og_title":"Les dones s\u00e0vies de Moli\u00e8re - Festival Cru\u00eflla","og_description":"Les dones s\u00e0vies de Moli\u00e8re en el Cru\u00eflla XXS Los actores Ricard Farr\u00e9 y Enric Cambray protagonizan el remake de la obra original de Moli\u00e8re, Las [&hellip;]","og_url":"https:\/\/www.cruillabarcelona.cat\/es\/artists\/dones-savies-moliere\/","og_site_name":"Festival Cru\u00eflla","article_modified_time":"2020-06-30T16:37:50+00:00","og_image":[{"width":1080,"height":1080,"url":"https:\/\/www.cruillabarcelona.cat\/wp-content\/uploads\/2020\/06\/S\u00e0vies-1-1.jpg","type":"image\/jpeg"}],"twitter_card":"summary_large_image","twitter_misc":{"Tiempo de lectura":"1 minuto"},"schema":{"@context":"https:\/\/schema.org","@graph":[{"@type":"WebPage","@id":"https:\/\/www.cruillabarcelona.cat\/es\/artists\/dones-savies-moliere\/","url":"https:\/\/www.cruillabarcelona.cat\/es\/artists\/dones-savies-moliere\/","name":"Les dones s\u00e0vies de Moli\u00e8re - Festival Cru\u00eflla","isPartOf":{"@id":"https:\/\/www.cruillabarcelona.cat\/es\/#website"},"primaryImageOfPage":{"@id":"https:\/\/www.cruillabarcelona.cat\/es\/artists\/dones-savies-moliere\/#primaryimage"},"image":{"@id":"https:\/\/www.cruillabarcelona.cat\/es\/artists\/dones-savies-moliere\/#primaryimage"},"thumbnailUrl":"https:\/\/www.cruillabarcelona.cat\/wp-content\/uploads\/2020\/06\/S\u00e0vies-1-1.jpg","datePublished":"2020-06-05T10:06:15+00:00","dateModified":"2020-06-30T16:37:50+00:00","breadcrumb":{"@id":"https:\/\/www.cruillabarcelona.cat\/es\/artists\/dones-savies-moliere\/#breadcrumb"},"inLanguage":"es","potentialAction":[{"@type":"ReadAction","target":["https:\/\/www.cruillabarcelona.cat\/es\/artists\/dones-savies-moliere\/"]}]},{"@type":"ImageObject","inLanguage":"es","@id":"https:\/\/www.cruillabarcelona.cat\/es\/artists\/dones-savies-moliere\/#primaryimage","url":"https:\/\/www.cruillabarcelona.cat\/wp-content\/uploads\/2020\/06\/S\u00e0vies-1-1.jpg","contentUrl":"https:\/\/www.cruillabarcelona.cat\/wp-content\/uploads\/2020\/06\/S\u00e0vies-1-1.jpg","width":1080,"height":1080},{"@type":"BreadcrumbList","@id":"https:\/\/www.cruillabarcelona.cat\/es\/artists\/dones-savies-moliere\/#breadcrumb","itemListElement":[{"@type":"ListItem","position":1,"name":"Home","item":"https:\/\/www.cruillabarcelona.cat\/es\/"},{"@type":"ListItem","position":2,"name":"Les dones s\u00e0vies de Moli\u00e8re"}]},{"@type":"WebSite","@id":"https:\/\/www.cruillabarcelona.cat\/es\/#website","url":"https:\/\/www.cruillabarcelona.cat\/es\/","name":"Festival Cru\u00eflla","description":"","publisher":{"@id":"https:\/\/www.cruillabarcelona.cat\/es\/#organization"},"potentialAction":[{"@type":"SearchAction","target":{"@type":"EntryPoint","urlTemplate":"https:\/\/www.cruillabarcelona.cat\/es\/?s={search_term_string}"},"query-input":{"@type":"PropertyValueSpecification","valueRequired":true,"valueName":"search_term_string"}}],"inLanguage":"es"},{"@type":"Organization","@id":"https:\/\/www.cruillabarcelona.cat\/es\/#organization","name":"Festival Cru\u00eflla","url":"https:\/\/www.cruillabarcelona.cat\/es\/","logo":{"@type":"ImageObject","inLanguage":"es","@id":"https:\/\/www.cruillabarcelona.cat\/es\/#\/schema\/logo\/image\/","url":"https:\/\/www.cruillabarcelona.cat\/wp-content\/uploads\/2025\/12\/cruill-logo-negativo.png","contentUrl":"https:\/\/www.cruillabarcelona.cat\/wp-content\/uploads\/2025\/12\/cruill-logo-negativo.png","width":400,"height":101,"caption":"Festival Cru\u00eflla"},"image":{"@id":"https:\/\/www.cruillabarcelona.cat\/es\/#\/schema\/logo\/image\/"}}]}},"_links":{"self":[{"href":"https:\/\/www.cruillabarcelona.cat\/es\/wp-json\/wp\/v2\/artists\/32397","targetHints":{"allow":["GET"]}}],"collection":[{"href":"https:\/\/www.cruillabarcelona.cat\/es\/wp-json\/wp\/v2\/artists"}],"about":[{"href":"https:\/\/www.cruillabarcelona.cat\/es\/wp-json\/wp\/v2\/types\/artists"}],"acf:term":[{"embeddable":true,"taxonomy":"artists_location","href":"https:\/\/www.cruillabarcelona.cat\/es\/wp-json\/wp\/v2\/artists_location\/803"},{"embeddable":true,"taxonomy":"artists_edition","href":"https:\/\/www.cruillabarcelona.cat\/es\/wp-json\/wp\/v2\/artists_edition\/795"}],"wp:featuredmedia":[{"embeddable":true,"href":"https:\/\/www.cruillabarcelona.cat\/es\/wp-json\/wp\/v2\/media\/32438"}],"wp:attachment":[{"href":"https:\/\/www.cruillabarcelona.cat\/es\/wp-json\/wp\/v2\/media?parent=32397"}],"wp:term":[{"taxonomy":"artists_edition","embeddable":true,"href":"https:\/\/www.cruillabarcelona.cat\/es\/wp-json\/wp\/v2\/artists_edition?post=32397"}],"curies":[{"name":"wp","href":"https:\/\/api.w.org\/{rel}","templated":true}]}}

Les dones sàvies de Molière

<h2>Les dones sàvies de Molière en el Cruïlla XXS</h2>
<p>Los actores <strong>Ricard Farré</strong> y <strong>Enric Cambray</strong> protagonizan el <em>remake</em> de la obra original de Molière, <em>Las mujeres sabias</em>. Cada uno de ellos interpreta (solo) cuatro personajes distintos, hombres y mujeres, y logran <strong>la proeza de ejecutar una obra coral en pareja</strong>.</p>
<p><em>Les dones sàvies</em> es una comedia de costumbres clásica, que hace <strong>sátira de las altas clases</strong> y sus maneras pedantes, pero adaptada al catalán y actualizada a la manera de hablar de los tiempos que vivimos.</p>
<ul>
<li><strong>Fecha</strong>: Miércoles 22 de julio a las 20:30h</li>
<li><strong>Espacio</strong>: Teatre Victòria</li>
<li><strong>Precio</strong>: 20€</li>
<li><strong>Precio menores</strong>: Hasta 3 años, entrada gratuita si no ocupan asiento.<br />
De 4 a 16 años (incluidos): 5€</li>
</ul>
<hr />
<p class="p1" style="text-align: center;"><span class="s1">Entradas a la venta en exclusiva en el canal de<b> TRESC</b>. Haz click aquí:</span></p>
<p class="p1" style="text-align: center;"><span class="s1"><a class="efsbutton button " target="_blank">ENTRADAS</a></span></p>
<!-- auto-added video if acf/single-artist-video not used  --> <iframe style="width: 100%;max-width: 100%;height: auto;aspect-ratio: 16 / 9;" src="https://www.youtube-nocookie.com/embed/5SdOOXbxB08" frameborder="0" allow="accelerometer; autoplay; encrypted-media; gyroscope; picture-in-picture" allowfullscreen></iframe>

Cruïlla XXS

<!-- This site is optimized with the Yoast SEO plugin v27.5 - https://yoast.com/product/yoast-seo-wordpress/ -->
<title>Les dones sàvies de Molière - Festival Cruïlla</title>
<meta name="robots" content="index, follow, max-snippet:-1, max-image-preview:large, max-video-preview:-1" />
<link rel="canonical" href="https://www.cruillabarcelona.cat/es/artists/dones-savies-moliere/" />
<meta property="og:locale" content="es_ES" />
<meta property="og:type" content="article" />
<meta property="og:title" content="Les dones sàvies de Molière - Festival Cruïlla" />
<meta property="og:description" content="Les dones sàvies de Molière en el Cruïlla XXS Los actores Ricard Farré y Enric Cambray protagonizan el remake de la obra original de Molière, Las [&hellip;]" />
<meta property="og:url" content="https://www.cruillabarcelona.cat/es/artists/dones-savies-moliere/" />
<meta property="og:site_name" content="Festival Cruïlla" />
<meta property="article:modified_time" content="2020-06-30T16:37:50+00:00" />
<meta property="og:image" content="https://www.cruillabarcelona.cat/wp-content/uploads/2020/06/Sàvies-1-1.jpg" />
	<meta property="og:image:width" content="1080" />
	<meta property="og:image:height" content="1080" />
	<meta property="og:image:type" content="image/jpeg" />
<meta name="twitter:card" content="summary_large_image" />
<meta name="twitter:label1" content="Tiempo de lectura" />
	<meta name="twitter:data1" content="1 minuto" />
<script type="application/ld+json" class="yoast-schema-graph">{"@context":"https:\/\/schema.org","@graph":[{"@type":"WebPage","@id":"https:\/\/www.cruillabarcelona.cat\/es\/artists\/dones-savies-moliere\/","url":"https:\/\/www.cruillabarcelona.cat\/es\/artists\/dones-savies-moliere\/","name":"Les dones sàvies de Molière - Festival Cruïlla","isPartOf":{"@id":"https:\/\/www.cruillabarcelona.cat\/es\/#website"},"primaryImageOfPage":{"@id":"https:\/\/www.cruillabarcelona.cat\/es\/artists\/dones-savies-moliere\/#primaryimage"},"image":{"@id":"https:\/\/www.cruillabarcelona.cat\/es\/artists\/dones-savies-moliere\/#primaryimage"},"thumbnailUrl":"https:\/\/www.cruillabarcelona.cat\/wp-content\/uploads\/2020\/06\/Sàvies-1-1.jpg","datePublished":"2020-06-05T10:06:15+00:00","dateModified":"2020-06-30T16:37:50+00:00","breadcrumb":{"@id":"https:\/\/www.cruillabarcelona.cat\/es\/artists\/dones-savies-moliere\/#breadcrumb"},"inLanguage":"es","potentialAction":[{"@type":"ReadAction","target":["https:\/\/www.cruillabarcelona.cat\/es\/artists\/dones-savies-moliere\/"]}]},{"@type":"ImageObject","inLanguage":"es","@id":"https:\/\/www.cruillabarcelona.cat\/es\/artists\/dones-savies-moliere\/#primaryimage","url":"https:\/\/www.cruillabarcelona.cat\/wp-content\/uploads\/2020\/06\/Sàvies-1-1.jpg","contentUrl":"https:\/\/www.cruillabarcelona.cat\/wp-content\/uploads\/2020\/06\/Sàvies-1-1.jpg","width":1080,"height":1080},{"@type":"BreadcrumbList","@id":"https:\/\/www.cruillabarcelona.cat\/es\/artists\/dones-savies-moliere\/#breadcrumb","itemListElement":[{"@type":"ListItem","position":1,"name":"Home","item":"https:\/\/www.cruillabarcelona.cat\/es\/"},{"@type":"ListItem","position":2,"name":"Les dones sàvies de Molière"}]},{"@type":"WebSite","@id":"https:\/\/www.cruillabarcelona.cat\/es\/#website","url":"https:\/\/www.cruillabarcelona.cat\/es\/","name":"Festival Cruïlla","description":"","publisher":{"@id":"https:\/\/www.cruillabarcelona.cat\/es\/#organization"},"potentialAction":[{"@type":"SearchAction","target":{"@type":"EntryPoint","urlTemplate":"https:\/\/www.cruillabarcelona.cat\/es\/?s={search_term_string}"},"query-input":{"@type":"PropertyValueSpecification","valueRequired":true,"valueName":"search_term_string"}}],"inLanguage":"es"},{"@type":"Organization","@id":"https:\/\/www.cruillabarcelona.cat\/es\/#organization","name":"Festival Cruïlla","url":"https:\/\/www.cruillabarcelona.cat\/es\/","logo":{"@type":"ImageObject","inLanguage":"es","@id":"https:\/\/www.cruillabarcelona.cat\/es\/#\/schema\/logo\/image\/","url":"https:\/\/www.cruillabarcelona.cat\/wp-content\/uploads\/2025\/12\/cruill-logo-negativo.png","contentUrl":"https:\/\/www.cruillabarcelona.cat\/wp-content\/uploads\/2025\/12\/cruill-logo-negativo.png","width":400,"height":101,"caption":"Festival Cruïlla"},"image":{"@id":"https:\/\/www.cruillabarcelona.cat\/es\/#\/schema\/logo\/image\/"}}]}</script>
<!-- / Yoast SEO plugin. -->

Les dones sàvies de Molière - Festival Cruïlla

Les dones sàvies de Molière en el Cruïlla XXS Los actores Ricard Farré y Enric Cambray protagonizan el remake de la obra original de Molière, Las [&hellip;]

Festival Cruïlla

https://www.cruillabarcelona.cat/wp-content/uploads/2020/06/Sàvies-1-1.jpg
