{"id":32646,"date":"2020-06-12T12:00:42","date_gmt":"2020-06-12T10:00:42","guid":{"rendered":"https:\/\/www.cruillabarcelona.cat\/?post_type=artists&#038;p=32646"},"modified":"2020-07-27T15:31:17","modified_gmt":"2020-07-27T13:31:17","slug":"los-chichos","status":"publish","type":"artists","link":"https:\/\/www.cruillabarcelona.cat\/es\/artists\/los-chichos\/","title":{"rendered":"Los Chichos"},"content":{"rendered":"<h2><span style=\"color: #ff0000;\">Espect\u00e1culo cancelado<\/span><\/h2>\n<p>Lamentablemente, este espect\u00e1culo ha sido cancelado. Si hab\u00edas adquirido una entrada, el importe se devolver\u00e1 autom\u00e1ticamente a la misma tarjeta que usaste durante la compra. \u00a1Disculpa las molestias!<\/p>\n<h2>Los Chichos en el Cru\u00eflla XXS<\/h2>\n<p>El mes de agosto lo estrenaremos <em>Ni m\u00e1s ni menos<\/em> que con una <strong>leyenda de la rumba flamenca gitana<\/strong>, <strong>Los Chichos<\/strong>. Un grupo que junta la <strong>pureza del cante flamenco<\/strong> con la <strong>rumba espa\u00f1ola<\/strong> para crear una lista interminable de hits bailables.<\/p>\n<p>Desde la d\u00e9cada de los 70, el tr\u00edo formado por los hermanos Julio y Emilio Gonz\u00e1lez Gabarre y ahora por el hijo de este \u00faltimo, Emilio Gonz\u00e1lez Junior, ha firmado <strong>20 discos<\/strong> y ha vendido <strong>m\u00e1s de 20 millones de copias<\/strong> en todo el mundo.<\/p>\n<p>Han <strong>influenciado a toda una generaci\u00f3n de m\u00fasicos<\/strong>, desde Estopa hasta Ketama. Pero, sobre todo, han animado los radiocassettes de la gente de a pie durante varias generaciones. Porque, desde hace a casi 50 a\u00f1os, padres e hijos se contagian de <strong>esa alegr\u00eda que desprende el arte que tienen Los Chichos.\u00a0<\/strong><\/p>\n<ul>\n<li><strong>Fecha<\/strong>: S\u00e1bado 1 de agosto a las 21:00h<\/li>\n<li><strong>Espacio<\/strong>: Anella Ol\u00edmpica<\/li>\n<li><strong>Precio<\/strong>: de 25\u20ac a 30\u20ac<\/li>\n<\/ul>\n<!-- auto-added video if acf\/single-artist-video not used  --> <iframe style=\"width: 100%;max-width: 100%;height: auto;aspect-ratio: 16 \/ 9;\" src=\"https:\/\/www.youtube-nocookie.com\/embed\/OoBpsUupO4k\" frameborder=\"0\" allow=\"accelerometer; autoplay; encrypted-media; gyroscope; picture-in-picture\" allowfullscreen><\/iframe>","protected":false},"featured_media":32644,"template":"","meta":{"_acf_changed":false},"artists_edition":[795],"class_list":["post-32646","artists","type-artists","status-publish","has-post-thumbnail","hentry","artists_edition-cruilla-xxs"],"acf":{"_thumbnail_id":32644,"youtube_player":"OoBpsUupO4k","artist_edition":[795],"artist_date":"20200801","artist_time":"<font color=\"C83010\">CANCEL\u00b7LAT<\/font color>","artist_time_2":"","artist_location":false,"artist_ticket_url":"","artist_ticket_status":"","artist_extra_date__show":false,"artist_extra_date_2":null,"artist_time_of_date2":"","artist_extra_date_3":null,"artist_time_of_date3":"","artist_extra_date_4":null,"artist_time_of_date4":"","artist_extra_date_5":null,"artist_time_of_date5":"","artist_date__show_month":true,"artist_sidebar_active":false,"show_in_agenda":false,"artist_sidebar__banner_img":null,"artist_sidebar__banner_link":"","artist_hero_content":"Cru\u00eflla XXS","artist_style":false,"artist_nationality":false,"artist_audience_age":false},"yoast_head":"<!-- This site is optimized with the Yoast SEO plugin v27.5 - https:\/\/yoast.com\/product\/yoast-seo-wordpress\/ -->\n<title>Los Chichos en el Cru\u00eflla XXS - 1 de agosto en la Anella Ol\u00edmpica de BCN<\/title>\n<meta name=\"description\" content=\"Compra tus entradas para el concierto de Los Chichos que tendr\u00e1 lugar el pr\u00f3xim0 1 de agosto de 2020 en la Anella Ol\u00edmica de Barcelona.\" \/>\n<meta name=\"robots\" content=\"index, follow, max-snippet:-1, max-image-preview:large, max-video-preview:-1\" \/>\n<link rel=\"canonical\" href=\"https:\/\/www.cruillabarcelona.cat\/es\/artists\/los-chichos\/\" \/>\n<meta property=\"og:locale\" content=\"es_ES\" \/>\n<meta property=\"og:type\" content=\"article\" \/>\n<meta property=\"og:title\" content=\"Los Chichos en el Cru\u00eflla XXS - 1 de agosto en la Anella Ol\u00edmpica de BCN\" \/>\n<meta property=\"og:description\" content=\"Compra tus entradas para el concierto de Los Chichos que tendr\u00e1 lugar el pr\u00f3xim0 1 de agosto de 2020 en la Anella Ol\u00edmica de Barcelona.\" \/>\n<meta property=\"og:url\" content=\"https:\/\/www.cruillabarcelona.cat\/es\/artists\/los-chichos\/\" \/>\n<meta property=\"og:site_name\" content=\"Festival Cru\u00eflla\" \/>\n<meta property=\"article:modified_time\" content=\"2020-07-27T13:31:17+00:00\" \/>\n<meta property=\"og:image\" content=\"https:\/\/www.cruillabarcelona.cat\/wp-content\/uploads\/2020\/06\/FOTO-2-1-1.jpg\" \/>\n\t<meta property=\"og:image:width\" content=\"1011\" \/>\n\t<meta property=\"og:image:height\" content=\"1011\" \/>\n\t<meta property=\"og:image:type\" content=\"image\/jpeg\" \/>\n<meta name=\"twitter:card\" content=\"summary_large_image\" \/>\n<meta name=\"twitter:label1\" content=\"Tiempo de lectura\" \/>\n\t<meta name=\"twitter:data1\" content=\"1 minuto\" \/>\n<script type=\"application\/ld+json\" class=\"yoast-schema-graph\">{\"@context\":\"https:\\\/\\\/schema.org\",\"@graph\":[{\"@type\":\"WebPage\",\"@id\":\"https:\\\/\\\/www.cruillabarcelona.cat\\\/es\\\/artists\\\/los-chichos\\\/\",\"url\":\"https:\\\/\\\/www.cruillabarcelona.cat\\\/es\\\/artists\\\/los-chichos\\\/\",\"name\":\"Los Chichos en el Cru\u00eflla XXS - 1 de agosto en la Anella Ol\u00edmpica de BCN\",\"isPartOf\":{\"@id\":\"https:\\\/\\\/www.cruillabarcelona.cat\\\/es\\\/#website\"},\"primaryImageOfPage\":{\"@id\":\"https:\\\/\\\/www.cruillabarcelona.cat\\\/es\\\/artists\\\/los-chichos\\\/#primaryimage\"},\"image\":{\"@id\":\"https:\\\/\\\/www.cruillabarcelona.cat\\\/es\\\/artists\\\/los-chichos\\\/#primaryimage\"},\"thumbnailUrl\":\"https:\\\/\\\/www.cruillabarcelona.cat\\\/wp-content\\\/uploads\\\/2020\\\/06\\\/FOTO-2-1-1.jpg\",\"datePublished\":\"2020-06-12T10:00:42+00:00\",\"dateModified\":\"2020-07-27T13:31:17+00:00\",\"description\":\"Compra tus entradas para el concierto de Los Chichos que tendr\u00e1 lugar el pr\u00f3xim0 1 de agosto de 2020 en la Anella Ol\u00edmica de Barcelona.\",\"breadcrumb\":{\"@id\":\"https:\\\/\\\/www.cruillabarcelona.cat\\\/es\\\/artists\\\/los-chichos\\\/#breadcrumb\"},\"inLanguage\":\"es\",\"potentialAction\":[{\"@type\":\"ReadAction\",\"target\":[\"https:\\\/\\\/www.cruillabarcelona.cat\\\/es\\\/artists\\\/los-chichos\\\/\"]}]},{\"@type\":\"ImageObject\",\"inLanguage\":\"es\",\"@id\":\"https:\\\/\\\/www.cruillabarcelona.cat\\\/es\\\/artists\\\/los-chichos\\\/#primaryimage\",\"url\":\"https:\\\/\\\/www.cruillabarcelona.cat\\\/wp-content\\\/uploads\\\/2020\\\/06\\\/FOTO-2-1-1.jpg\",\"contentUrl\":\"https:\\\/\\\/www.cruillabarcelona.cat\\\/wp-content\\\/uploads\\\/2020\\\/06\\\/FOTO-2-1-1.jpg\",\"width\":1011,\"height\":1011},{\"@type\":\"BreadcrumbList\",\"@id\":\"https:\\\/\\\/www.cruillabarcelona.cat\\\/es\\\/artists\\\/los-chichos\\\/#breadcrumb\",\"itemListElement\":[{\"@type\":\"ListItem\",\"position\":1,\"name\":\"Home\",\"item\":\"https:\\\/\\\/www.cruillabarcelona.cat\\\/es\\\/\"},{\"@type\":\"ListItem\",\"position\":2,\"name\":\"Los Chichos\"}]},{\"@type\":\"WebSite\",\"@id\":\"https:\\\/\\\/www.cruillabarcelona.cat\\\/es\\\/#website\",\"url\":\"https:\\\/\\\/www.cruillabarcelona.cat\\\/es\\\/\",\"name\":\"Festival Cru\u00eflla\",\"description\":\"\",\"publisher\":{\"@id\":\"https:\\\/\\\/www.cruillabarcelona.cat\\\/es\\\/#organization\"},\"potentialAction\":[{\"@type\":\"SearchAction\",\"target\":{\"@type\":\"EntryPoint\",\"urlTemplate\":\"https:\\\/\\\/www.cruillabarcelona.cat\\\/es\\\/?s={search_term_string}\"},\"query-input\":{\"@type\":\"PropertyValueSpecification\",\"valueRequired\":true,\"valueName\":\"search_term_string\"}}],\"inLanguage\":\"es\"},{\"@type\":\"Organization\",\"@id\":\"https:\\\/\\\/www.cruillabarcelona.cat\\\/es\\\/#organization\",\"name\":\"Festival Cru\u00eflla\",\"url\":\"https:\\\/\\\/www.cruillabarcelona.cat\\\/es\\\/\",\"logo\":{\"@type\":\"ImageObject\",\"inLanguage\":\"es\",\"@id\":\"https:\\\/\\\/www.cruillabarcelona.cat\\\/es\\\/#\\\/schema\\\/logo\\\/image\\\/\",\"url\":\"https:\\\/\\\/www.cruillabarcelona.cat\\\/wp-content\\\/uploads\\\/2025\\\/12\\\/cruill-logo-negativo.png\",\"contentUrl\":\"https:\\\/\\\/www.cruillabarcelona.cat\\\/wp-content\\\/uploads\\\/2025\\\/12\\\/cruill-logo-negativo.png\",\"width\":400,\"height\":101,\"caption\":\"Festival Cru\u00eflla\"},\"image\":{\"@id\":\"https:\\\/\\\/www.cruillabarcelona.cat\\\/es\\\/#\\\/schema\\\/logo\\\/image\\\/\"}}]}<\/script>\n<!-- \/ Yoast SEO plugin. -->","yoast_head_json":{"title":"Los Chichos en el Cru\u00eflla XXS - 1 de agosto en la Anella Ol\u00edmpica de BCN","description":"Compra tus entradas para el concierto de Los Chichos que tendr\u00e1 lugar el pr\u00f3xim0 1 de agosto de 2020 en la Anella Ol\u00edmica de Barcelona.","robots":{"index":"index","follow":"follow","max-snippet":"max-snippet:-1","max-image-preview":"max-image-preview:large","max-video-preview":"max-video-preview:-1"},"canonical":"https:\/\/www.cruillabarcelona.cat\/es\/artists\/los-chichos\/","og_locale":"es_ES","og_type":"article","og_title":"Los Chichos en el Cru\u00eflla XXS - 1 de agosto en la Anella Ol\u00edmpica de BCN","og_description":"Compra tus entradas para el concierto de Los Chichos que tendr\u00e1 lugar el pr\u00f3xim0 1 de agosto de 2020 en la Anella Ol\u00edmica de Barcelona.","og_url":"https:\/\/www.cruillabarcelona.cat\/es\/artists\/los-chichos\/","og_site_name":"Festival Cru\u00eflla","article_modified_time":"2020-07-27T13:31:17+00:00","og_image":[{"width":1011,"height":1011,"url":"https:\/\/www.cruillabarcelona.cat\/wp-content\/uploads\/2020\/06\/FOTO-2-1-1.jpg","type":"image\/jpeg"}],"twitter_card":"summary_large_image","twitter_misc":{"Tiempo de lectura":"1 minuto"},"schema":{"@context":"https:\/\/schema.org","@graph":[{"@type":"WebPage","@id":"https:\/\/www.cruillabarcelona.cat\/es\/artists\/los-chichos\/","url":"https:\/\/www.cruillabarcelona.cat\/es\/artists\/los-chichos\/","name":"Los Chichos en el Cru\u00eflla XXS - 1 de agosto en la Anella Ol\u00edmpica de BCN","isPartOf":{"@id":"https:\/\/www.cruillabarcelona.cat\/es\/#website"},"primaryImageOfPage":{"@id":"https:\/\/www.cruillabarcelona.cat\/es\/artists\/los-chichos\/#primaryimage"},"image":{"@id":"https:\/\/www.cruillabarcelona.cat\/es\/artists\/los-chichos\/#primaryimage"},"thumbnailUrl":"https:\/\/www.cruillabarcelona.cat\/wp-content\/uploads\/2020\/06\/FOTO-2-1-1.jpg","datePublished":"2020-06-12T10:00:42+00:00","dateModified":"2020-07-27T13:31:17+00:00","description":"Compra tus entradas para el concierto de Los Chichos que tendr\u00e1 lugar el pr\u00f3xim0 1 de agosto de 2020 en la Anella Ol\u00edmica de Barcelona.","breadcrumb":{"@id":"https:\/\/www.cruillabarcelona.cat\/es\/artists\/los-chichos\/#breadcrumb"},"inLanguage":"es","potentialAction":[{"@type":"ReadAction","target":["https:\/\/www.cruillabarcelona.cat\/es\/artists\/los-chichos\/"]}]},{"@type":"ImageObject","inLanguage":"es","@id":"https:\/\/www.cruillabarcelona.cat\/es\/artists\/los-chichos\/#primaryimage","url":"https:\/\/www.cruillabarcelona.cat\/wp-content\/uploads\/2020\/06\/FOTO-2-1-1.jpg","contentUrl":"https:\/\/www.cruillabarcelona.cat\/wp-content\/uploads\/2020\/06\/FOTO-2-1-1.jpg","width":1011,"height":1011},{"@type":"BreadcrumbList","@id":"https:\/\/www.cruillabarcelona.cat\/es\/artists\/los-chichos\/#breadcrumb","itemListElement":[{"@type":"ListItem","position":1,"name":"Home","item":"https:\/\/www.cruillabarcelona.cat\/es\/"},{"@type":"ListItem","position":2,"name":"Los Chichos"}]},{"@type":"WebSite","@id":"https:\/\/www.cruillabarcelona.cat\/es\/#website","url":"https:\/\/www.cruillabarcelona.cat\/es\/","name":"Festival Cru\u00eflla","description":"","publisher":{"@id":"https:\/\/www.cruillabarcelona.cat\/es\/#organization"},"potentialAction":[{"@type":"SearchAction","target":{"@type":"EntryPoint","urlTemplate":"https:\/\/www.cruillabarcelona.cat\/es\/?s={search_term_string}"},"query-input":{"@type":"PropertyValueSpecification","valueRequired":true,"valueName":"search_term_string"}}],"inLanguage":"es"},{"@type":"Organization","@id":"https:\/\/www.cruillabarcelona.cat\/es\/#organization","name":"Festival Cru\u00eflla","url":"https:\/\/www.cruillabarcelona.cat\/es\/","logo":{"@type":"ImageObject","inLanguage":"es","@id":"https:\/\/www.cruillabarcelona.cat\/es\/#\/schema\/logo\/image\/","url":"https:\/\/www.cruillabarcelona.cat\/wp-content\/uploads\/2025\/12\/cruill-logo-negativo.png","contentUrl":"https:\/\/www.cruillabarcelona.cat\/wp-content\/uploads\/2025\/12\/cruill-logo-negativo.png","width":400,"height":101,"caption":"Festival Cru\u00eflla"},"image":{"@id":"https:\/\/www.cruillabarcelona.cat\/es\/#\/schema\/logo\/image\/"}}]}},"_links":{"self":[{"href":"https:\/\/www.cruillabarcelona.cat\/es\/wp-json\/wp\/v2\/artists\/32646","targetHints":{"allow":["GET"]}}],"collection":[{"href":"https:\/\/www.cruillabarcelona.cat\/es\/wp-json\/wp\/v2\/artists"}],"about":[{"href":"https:\/\/www.cruillabarcelona.cat\/es\/wp-json\/wp\/v2\/types\/artists"}],"acf:term":[{"embeddable":true,"taxonomy":"artists_edition","href":"https:\/\/www.cruillabarcelona.cat\/es\/wp-json\/wp\/v2\/artists_edition\/795"}],"wp:featuredmedia":[{"embeddable":true,"href":"https:\/\/www.cruillabarcelona.cat\/es\/wp-json\/wp\/v2\/media\/32644"}],"wp:attachment":[{"href":"https:\/\/www.cruillabarcelona.cat\/es\/wp-json\/wp\/v2\/media?parent=32646"}],"wp:term":[{"taxonomy":"artists_edition","embeddable":true,"href":"https:\/\/www.cruillabarcelona.cat\/es\/wp-json\/wp\/v2\/artists_edition?post=32646"}],"curies":[{"name":"wp","href":"https:\/\/api.w.org\/{rel}","templated":true}]}}

<h2><span style="color: #ff0000;">Espectáculo cancelado</span></h2>
<p>Lamentablemente, este espectáculo ha sido cancelado. Si habías adquirido una entrada, el importe se devolverá automáticamente a la misma tarjeta que usaste durante la compra. ¡Disculpa las molestias!</p>
<h2>Los Chichos en el Cruïlla XXS</h2>
<p>El mes de agosto lo estrenaremos <em>Ni más ni menos</em> que con una <strong>leyenda de la rumba flamenca gitana</strong>, <strong>Los Chichos</strong>. Un grupo que junta la <strong>pureza del cante flamenco</strong> con la <strong>rumba española</strong> para crear una lista interminable de hits bailables.</p>
<p>Desde la década de los 70, el trío formado por los hermanos Julio y Emilio González Gabarre y ahora por el hijo de este último, Emilio González Junior, ha firmado <strong>20 discos</strong> y ha vendido <strong>más de 20 millones de copias</strong> en todo el mundo.</p>
<p>Han <strong>influenciado a toda una generación de músicos</strong>, desde Estopa hasta Ketama. Pero, sobre todo, han animado los radiocassettes de la gente de a pie durante varias generaciones. Porque, desde hace a casi 50 años, padres e hijos se contagian de <strong>esa alegría que desprende el arte que tienen Los Chichos. </strong></p>
<ul>
<li><strong>Fecha</strong>: Sábado 1 de agosto a las 21:00h</li>
<li><strong>Espacio</strong>: Anella Olímpica</li>
<li><strong>Precio</strong>: de 25€ a 30€</li>
</ul>
<!-- auto-added video if acf/single-artist-video not used  --> <iframe style="width: 100%;max-width: 100%;height: auto;aspect-ratio: 16 / 9;" src="https://www.youtube-nocookie.com/embed/OoBpsUupO4k" frameborder="0" allow="accelerometer; autoplay; encrypted-media; gyroscope; picture-in-picture" allowfullscreen></iframe>

Cruïlla XXS

<!-- This site is optimized with the Yoast SEO plugin v27.5 - https://yoast.com/product/yoast-seo-wordpress/ -->
<title>Los Chichos en el Cruïlla XXS - 1 de agosto en la Anella Olímpica de BCN</title>
<meta name="description" content="Compra tus entradas para el concierto de Los Chichos que tendrá lugar el próxim0 1 de agosto de 2020 en la Anella Olímica de Barcelona." />
<meta name="robots" content="index, follow, max-snippet:-1, max-image-preview:large, max-video-preview:-1" />
<link rel="canonical" href="https://www.cruillabarcelona.cat/es/artists/los-chichos/" />
<meta property="og:locale" content="es_ES" />
<meta property="og:type" content="article" />
<meta property="og:title" content="Los Chichos en el Cruïlla XXS - 1 de agosto en la Anella Olímpica de BCN" />
<meta property="og:description" content="Compra tus entradas para el concierto de Los Chichos que tendrá lugar el próxim0 1 de agosto de 2020 en la Anella Olímica de Barcelona." />
<meta property="og:url" content="https://www.cruillabarcelona.cat/es/artists/los-chichos/" />
<meta property="og:site_name" content="Festival Cruïlla" />
<meta property="article:modified_time" content="2020-07-27T13:31:17+00:00" />
<meta property="og:image" content="https://www.cruillabarcelona.cat/wp-content/uploads/2020/06/FOTO-2-1-1.jpg" />
	<meta property="og:image:width" content="1011" />
	<meta property="og:image:height" content="1011" />
	<meta property="og:image:type" content="image/jpeg" />
<meta name="twitter:card" content="summary_large_image" />
<meta name="twitter:label1" content="Tiempo de lectura" />
	<meta name="twitter:data1" content="1 minuto" />
<script type="application/ld+json" class="yoast-schema-graph">{"@context":"https:\/\/schema.org","@graph":[{"@type":"WebPage","@id":"https:\/\/www.cruillabarcelona.cat\/es\/artists\/los-chichos\/","url":"https:\/\/www.cruillabarcelona.cat\/es\/artists\/los-chichos\/","name":"Los Chichos en el Cruïlla XXS - 1 de agosto en la Anella Olímpica de BCN","isPartOf":{"@id":"https:\/\/www.cruillabarcelona.cat\/es\/#website"},"primaryImageOfPage":{"@id":"https:\/\/www.cruillabarcelona.cat\/es\/artists\/los-chichos\/#primaryimage"},"image":{"@id":"https:\/\/www.cruillabarcelona.cat\/es\/artists\/los-chichos\/#primaryimage"},"thumbnailUrl":"https:\/\/www.cruillabarcelona.cat\/wp-content\/uploads\/2020\/06\/FOTO-2-1-1.jpg","datePublished":"2020-06-12T10:00:42+00:00","dateModified":"2020-07-27T13:31:17+00:00","description":"Compra tus entradas para el concierto de Los Chichos que tendrá lugar el próxim0 1 de agosto de 2020 en la Anella Olímica de Barcelona.","breadcrumb":{"@id":"https:\/\/www.cruillabarcelona.cat\/es\/artists\/los-chichos\/#breadcrumb"},"inLanguage":"es","potentialAction":[{"@type":"ReadAction","target":["https:\/\/www.cruillabarcelona.cat\/es\/artists\/los-chichos\/"]}]},{"@type":"ImageObject","inLanguage":"es","@id":"https:\/\/www.cruillabarcelona.cat\/es\/artists\/los-chichos\/#primaryimage","url":"https:\/\/www.cruillabarcelona.cat\/wp-content\/uploads\/2020\/06\/FOTO-2-1-1.jpg","contentUrl":"https:\/\/www.cruillabarcelona.cat\/wp-content\/uploads\/2020\/06\/FOTO-2-1-1.jpg","width":1011,"height":1011},{"@type":"BreadcrumbList","@id":"https:\/\/www.cruillabarcelona.cat\/es\/artists\/los-chichos\/#breadcrumb","itemListElement":[{"@type":"ListItem","position":1,"name":"Home","item":"https:\/\/www.cruillabarcelona.cat\/es\/"},{"@type":"ListItem","position":2,"name":"Los Chichos"}]},{"@type":"WebSite","@id":"https:\/\/www.cruillabarcelona.cat\/es\/#website","url":"https:\/\/www.cruillabarcelona.cat\/es\/","name":"Festival Cruïlla","description":"","publisher":{"@id":"https:\/\/www.cruillabarcelona.cat\/es\/#organization"},"potentialAction":[{"@type":"SearchAction","target":{"@type":"EntryPoint","urlTemplate":"https:\/\/www.cruillabarcelona.cat\/es\/?s={search_term_string}"},"query-input":{"@type":"PropertyValueSpecification","valueRequired":true,"valueName":"search_term_string"}}],"inLanguage":"es"},{"@type":"Organization","@id":"https:\/\/www.cruillabarcelona.cat\/es\/#organization","name":"Festival Cruïlla","url":"https:\/\/www.cruillabarcelona.cat\/es\/","logo":{"@type":"ImageObject","inLanguage":"es","@id":"https:\/\/www.cruillabarcelona.cat\/es\/#\/schema\/logo\/image\/","url":"https:\/\/www.cruillabarcelona.cat\/wp-content\/uploads\/2025\/12\/cruill-logo-negativo.png","contentUrl":"https:\/\/www.cruillabarcelona.cat\/wp-content\/uploads\/2025\/12\/cruill-logo-negativo.png","width":400,"height":101,"caption":"Festival Cruïlla"},"image":{"@id":"https:\/\/www.cruillabarcelona.cat\/es\/#\/schema\/logo\/image\/"}}]}</script>
<!-- / Yoast SEO plugin. -->

Los Chichos en el Cruïlla XXS - 1 de agosto en la Anella Olímpica de BCN

Compra tus entradas para el concierto de Los Chichos que tendrá lugar el próxim0 1 de agosto de 2020 en la Anella Olímica de Barcelona.

Festival Cruïlla
