{"id":34364,"date":"2020-07-08T13:30:43","date_gmt":"2020-07-08T11:30:43","guid":{"rendered":"https:\/\/www.cruillabarcelona.cat\/?post_type=artists&#038;p=34364"},"modified":"2021-06-15T15:49:03","modified_gmt":"2021-06-15T13:49:03","slug":"celtas-cortos","status":"publish","type":"artists","link":"https:\/\/www.cruillabarcelona.cat\/es\/artists\/celtas-cortos\/","title":{"rendered":"Celtas Cortos"},"content":{"rendered":"<h2><span style=\"color: #ff0000;\">Espect\u00e1culo cancelado<\/span><\/h2>\n<p>Lamentablemente, este espect\u00e1culo ha sido cancelado. Si hab\u00edas adquirido una entrada, el importe se devolver\u00e1 autom\u00e1ticamente a la misma tarjeta que usaste durante la compra. \u00a1Disculpa las molestias!<\/p>\n<h2>Celtas Cortos en el Cru\u00eflla XXS<\/h2>\n<p>Le deben su nombre a una marca de tabaco, pero la m\u00fasica de <strong>Celtas Cortos<\/strong> no es un piti r\u00e1pido en un descanso de la oficina. Es uno de esos cigarros que te fumas tranquilamente en la terraza durante una noche de verano. Porque su m\u00fasica <strong>te hace sentir a gusto, te deja en un estado de felicidad absoluta<\/strong>.<\/p>\n<p>Aunque bueno, est\u00e1 claro que no os contamos nada nuevo, porque \u00bfqui\u00e9n no ha escuchado alguna vez a Celtas Cortos? <em>Cu\u00e9ntame un cuento<\/em>, <em>Retales de una vida<\/em> o <em>La senda del tiempo <\/em>son <strong>himnos que han transcendido los cambios generacionales<\/strong> y, este mismo a\u00f1o, se celebr\u00f3 el 30 aniversario de la que probablemente sea su canci\u00f3n m\u00e1s emblem\u00e1tica: <strong><em>20 de abril<\/em><\/strong>.<\/p>\n<p>Con 35 a\u00f1os de carrera, 2 millones de discos vendidos y m\u00e1s de 2.000 conciertos a sus espaldas, los <strong>Celtas Cortos llegan al Cru\u00eflla XXS<\/strong> dispuestos a demostrar que <strong>el \u00e9xito no les ha hecho perder sus se\u00f1as de identidad<\/strong>: denuncia social, mezcla de g\u00e9neros, pasi\u00f3n por la m\u00fasica celta y, por encima de todo, <strong>la voluntad de alegrarle la vida al p\u00fablico<\/strong>.<\/p>\n<ul>\n<li><strong>Fecha<\/strong>: Domingo 2 de agosto a las 21h<\/li>\n<li><strong>Espacio<\/strong>: Pla\u00e7a Univers<\/li>\n<li><strong>Precio<\/strong>: De 20 a 25\u20ac<\/li>\n<\/ul>\n<!-- auto-added video if acf\/single-artist-video not used  --> <iframe style=\"width: 100%;max-width: 100%;height: auto;aspect-ratio: 16 \/ 9;\" src=\"https:\/\/www.youtube-nocookie.com\/embed\/CDKGCDOzzBQ\" frameborder=\"0\" allow=\"accelerometer; autoplay; encrypted-media; gyroscope; picture-in-picture\" allowfullscreen><\/iframe>","protected":false},"featured_media":34359,"template":"","meta":{"_acf_changed":false},"artists_edition":[795],"class_list":["post-34364","artists","type-artists","status-publish","has-post-thumbnail","hentry","artists_location-placa-univers","artists_edition-cruilla-xxs"],"acf":{"_thumbnail_id":34359,"youtube_player":"CDKGCDOzzBQ","artist_edition":[795],"artist_date":"20200802","artist_time":"<font color=\"C83010\">CANCEL\u00b7LAT<\/font color>","artist_time_2":"","artist_location":[805],"artist_ticket_url":"","artist_ticket_status":"","artist_extra_date__show":false,"artist_extra_date_2":null,"artist_time_of_date2":"","artist_extra_date_3":null,"artist_time_of_date3":"","artist_extra_date_4":null,"artist_time_of_date4":"","artist_extra_date_5":null,"artist_time_of_date5":"","artist_date__show_month":true,"artist_sidebar_active":false,"show_in_agenda":false,"artist_sidebar__banner_img":null,"artist_sidebar__banner_link":"","artist_hero_content":"Cru\u00eflla XXS","artist_style":false,"artist_nationality":false,"artist_audience_age":false},"yoast_head":"<!-- This site is optimized with the Yoast SEO plugin v27.5 - https:\/\/yoast.com\/product\/yoast-seo-wordpress\/ -->\n<title>Celtas Cortos - Festival Cru\u00eflla<\/title>\n<meta name=\"robots\" content=\"index, follow, max-snippet:-1, max-image-preview:large, max-video-preview:-1\" \/>\n<link rel=\"canonical\" href=\"https:\/\/www.cruillabarcelona.cat\/es\/artists\/celtas-cortos\/\" \/>\n<meta property=\"og:locale\" content=\"es_ES\" \/>\n<meta property=\"og:type\" content=\"article\" \/>\n<meta property=\"og:title\" content=\"Celtas Cortos - Festival Cru\u00eflla\" \/>\n<meta property=\"og:description\" content=\"Espect\u00e1culo cancelado Lamentablemente, este espect\u00e1culo ha sido cancelado. Si hab\u00edas adquirido una entrada, el importe se devolver\u00e1 autom\u00e1ticamente a la misma tarjeta que usaste durante la [&hellip;]\" \/>\n<meta property=\"og:url\" content=\"https:\/\/www.cruillabarcelona.cat\/es\/artists\/celtas-cortos\/\" \/>\n<meta property=\"og:site_name\" content=\"Festival Cru\u00eflla\" \/>\n<meta property=\"article:modified_time\" content=\"2021-06-15T13:49:03+00:00\" \/>\n<meta property=\"og:image\" content=\"https:\/\/www.cruillabarcelona.cat\/wp-content\/uploads\/2020\/07\/FOTO-1.jpg\" \/>\n\t<meta property=\"og:image:width\" content=\"1098\" \/>\n\t<meta property=\"og:image:height\" content=\"1098\" \/>\n\t<meta property=\"og:image:type\" content=\"image\/jpeg\" \/>\n<meta name=\"twitter:card\" content=\"summary_large_image\" \/>\n<meta name=\"twitter:label1\" content=\"Tiempo de lectura\" \/>\n\t<meta name=\"twitter:data1\" content=\"1 minuto\" \/>\n<script type=\"application\/ld+json\" class=\"yoast-schema-graph\">{\"@context\":\"https:\\\/\\\/schema.org\",\"@graph\":[{\"@type\":\"WebPage\",\"@id\":\"https:\\\/\\\/www.cruillabarcelona.cat\\\/es\\\/artists\\\/celtas-cortos\\\/\",\"url\":\"https:\\\/\\\/www.cruillabarcelona.cat\\\/es\\\/artists\\\/celtas-cortos\\\/\",\"name\":\"Celtas Cortos - Festival Cru\u00eflla\",\"isPartOf\":{\"@id\":\"https:\\\/\\\/www.cruillabarcelona.cat\\\/es\\\/#website\"},\"primaryImageOfPage\":{\"@id\":\"https:\\\/\\\/www.cruillabarcelona.cat\\\/es\\\/artists\\\/celtas-cortos\\\/#primaryimage\"},\"image\":{\"@id\":\"https:\\\/\\\/www.cruillabarcelona.cat\\\/es\\\/artists\\\/celtas-cortos\\\/#primaryimage\"},\"thumbnailUrl\":\"https:\\\/\\\/www.cruillabarcelona.cat\\\/wp-content\\\/uploads\\\/2020\\\/07\\\/FOTO-1.jpg\",\"datePublished\":\"2020-07-08T11:30:43+00:00\",\"dateModified\":\"2021-06-15T13:49:03+00:00\",\"breadcrumb\":{\"@id\":\"https:\\\/\\\/www.cruillabarcelona.cat\\\/es\\\/artists\\\/celtas-cortos\\\/#breadcrumb\"},\"inLanguage\":\"es\",\"potentialAction\":[{\"@type\":\"ReadAction\",\"target\":[\"https:\\\/\\\/www.cruillabarcelona.cat\\\/es\\\/artists\\\/celtas-cortos\\\/\"]}]},{\"@type\":\"ImageObject\",\"inLanguage\":\"es\",\"@id\":\"https:\\\/\\\/www.cruillabarcelona.cat\\\/es\\\/artists\\\/celtas-cortos\\\/#primaryimage\",\"url\":\"https:\\\/\\\/www.cruillabarcelona.cat\\\/wp-content\\\/uploads\\\/2020\\\/07\\\/FOTO-1.jpg\",\"contentUrl\":\"https:\\\/\\\/www.cruillabarcelona.cat\\\/wp-content\\\/uploads\\\/2020\\\/07\\\/FOTO-1.jpg\",\"width\":1098,\"height\":1098},{\"@type\":\"BreadcrumbList\",\"@id\":\"https:\\\/\\\/www.cruillabarcelona.cat\\\/es\\\/artists\\\/celtas-cortos\\\/#breadcrumb\",\"itemListElement\":[{\"@type\":\"ListItem\",\"position\":1,\"name\":\"Home\",\"item\":\"https:\\\/\\\/www.cruillabarcelona.cat\\\/es\\\/\"},{\"@type\":\"ListItem\",\"position\":2,\"name\":\"Celtas Cortos\"}]},{\"@type\":\"WebSite\",\"@id\":\"https:\\\/\\\/www.cruillabarcelona.cat\\\/es\\\/#website\",\"url\":\"https:\\\/\\\/www.cruillabarcelona.cat\\\/es\\\/\",\"name\":\"Festival Cru\u00eflla\",\"description\":\"\",\"publisher\":{\"@id\":\"https:\\\/\\\/www.cruillabarcelona.cat\\\/es\\\/#organization\"},\"potentialAction\":[{\"@type\":\"SearchAction\",\"target\":{\"@type\":\"EntryPoint\",\"urlTemplate\":\"https:\\\/\\\/www.cruillabarcelona.cat\\\/es\\\/?s={search_term_string}\"},\"query-input\":{\"@type\":\"PropertyValueSpecification\",\"valueRequired\":true,\"valueName\":\"search_term_string\"}}],\"inLanguage\":\"es\"},{\"@type\":\"Organization\",\"@id\":\"https:\\\/\\\/www.cruillabarcelona.cat\\\/es\\\/#organization\",\"name\":\"Festival Cru\u00eflla\",\"url\":\"https:\\\/\\\/www.cruillabarcelona.cat\\\/es\\\/\",\"logo\":{\"@type\":\"ImageObject\",\"inLanguage\":\"es\",\"@id\":\"https:\\\/\\\/www.cruillabarcelona.cat\\\/es\\\/#\\\/schema\\\/logo\\\/image\\\/\",\"url\":\"https:\\\/\\\/www.cruillabarcelona.cat\\\/wp-content\\\/uploads\\\/2025\\\/12\\\/cruill-logo-negativo.png\",\"contentUrl\":\"https:\\\/\\\/www.cruillabarcelona.cat\\\/wp-content\\\/uploads\\\/2025\\\/12\\\/cruill-logo-negativo.png\",\"width\":400,\"height\":101,\"caption\":\"Festival Cru\u00eflla\"},\"image\":{\"@id\":\"https:\\\/\\\/www.cruillabarcelona.cat\\\/es\\\/#\\\/schema\\\/logo\\\/image\\\/\"}}]}<\/script>\n<!-- \/ Yoast SEO plugin. -->","yoast_head_json":{"title":"Celtas Cortos - Festival Cru\u00eflla","robots":{"index":"index","follow":"follow","max-snippet":"max-snippet:-1","max-image-preview":"max-image-preview:large","max-video-preview":"max-video-preview:-1"},"canonical":"https:\/\/www.cruillabarcelona.cat\/es\/artists\/celtas-cortos\/","og_locale":"es_ES","og_type":"article","og_title":"Celtas Cortos - Festival Cru\u00eflla","og_description":"Espect\u00e1culo cancelado Lamentablemente, este espect\u00e1culo ha sido cancelado. Si hab\u00edas adquirido una entrada, el importe se devolver\u00e1 autom\u00e1ticamente a la misma tarjeta que usaste durante la [&hellip;]","og_url":"https:\/\/www.cruillabarcelona.cat\/es\/artists\/celtas-cortos\/","og_site_name":"Festival Cru\u00eflla","article_modified_time":"2021-06-15T13:49:03+00:00","og_image":[{"width":1098,"height":1098,"url":"https:\/\/www.cruillabarcelona.cat\/wp-content\/uploads\/2020\/07\/FOTO-1.jpg","type":"image\/jpeg"}],"twitter_card":"summary_large_image","twitter_misc":{"Tiempo de lectura":"1 minuto"},"schema":{"@context":"https:\/\/schema.org","@graph":[{"@type":"WebPage","@id":"https:\/\/www.cruillabarcelona.cat\/es\/artists\/celtas-cortos\/","url":"https:\/\/www.cruillabarcelona.cat\/es\/artists\/celtas-cortos\/","name":"Celtas Cortos - Festival Cru\u00eflla","isPartOf":{"@id":"https:\/\/www.cruillabarcelona.cat\/es\/#website"},"primaryImageOfPage":{"@id":"https:\/\/www.cruillabarcelona.cat\/es\/artists\/celtas-cortos\/#primaryimage"},"image":{"@id":"https:\/\/www.cruillabarcelona.cat\/es\/artists\/celtas-cortos\/#primaryimage"},"thumbnailUrl":"https:\/\/www.cruillabarcelona.cat\/wp-content\/uploads\/2020\/07\/FOTO-1.jpg","datePublished":"2020-07-08T11:30:43+00:00","dateModified":"2021-06-15T13:49:03+00:00","breadcrumb":{"@id":"https:\/\/www.cruillabarcelona.cat\/es\/artists\/celtas-cortos\/#breadcrumb"},"inLanguage":"es","potentialAction":[{"@type":"ReadAction","target":["https:\/\/www.cruillabarcelona.cat\/es\/artists\/celtas-cortos\/"]}]},{"@type":"ImageObject","inLanguage":"es","@id":"https:\/\/www.cruillabarcelona.cat\/es\/artists\/celtas-cortos\/#primaryimage","url":"https:\/\/www.cruillabarcelona.cat\/wp-content\/uploads\/2020\/07\/FOTO-1.jpg","contentUrl":"https:\/\/www.cruillabarcelona.cat\/wp-content\/uploads\/2020\/07\/FOTO-1.jpg","width":1098,"height":1098},{"@type":"BreadcrumbList","@id":"https:\/\/www.cruillabarcelona.cat\/es\/artists\/celtas-cortos\/#breadcrumb","itemListElement":[{"@type":"ListItem","position":1,"name":"Home","item":"https:\/\/www.cruillabarcelona.cat\/es\/"},{"@type":"ListItem","position":2,"name":"Celtas Cortos"}]},{"@type":"WebSite","@id":"https:\/\/www.cruillabarcelona.cat\/es\/#website","url":"https:\/\/www.cruillabarcelona.cat\/es\/","name":"Festival Cru\u00eflla","description":"","publisher":{"@id":"https:\/\/www.cruillabarcelona.cat\/es\/#organization"},"potentialAction":[{"@type":"SearchAction","target":{"@type":"EntryPoint","urlTemplate":"https:\/\/www.cruillabarcelona.cat\/es\/?s={search_term_string}"},"query-input":{"@type":"PropertyValueSpecification","valueRequired":true,"valueName":"search_term_string"}}],"inLanguage":"es"},{"@type":"Organization","@id":"https:\/\/www.cruillabarcelona.cat\/es\/#organization","name":"Festival Cru\u00eflla","url":"https:\/\/www.cruillabarcelona.cat\/es\/","logo":{"@type":"ImageObject","inLanguage":"es","@id":"https:\/\/www.cruillabarcelona.cat\/es\/#\/schema\/logo\/image\/","url":"https:\/\/www.cruillabarcelona.cat\/wp-content\/uploads\/2025\/12\/cruill-logo-negativo.png","contentUrl":"https:\/\/www.cruillabarcelona.cat\/wp-content\/uploads\/2025\/12\/cruill-logo-negativo.png","width":400,"height":101,"caption":"Festival Cru\u00eflla"},"image":{"@id":"https:\/\/www.cruillabarcelona.cat\/es\/#\/schema\/logo\/image\/"}}]}},"_links":{"self":[{"href":"https:\/\/www.cruillabarcelona.cat\/es\/wp-json\/wp\/v2\/artists\/34364","targetHints":{"allow":["GET"]}}],"collection":[{"href":"https:\/\/www.cruillabarcelona.cat\/es\/wp-json\/wp\/v2\/artists"}],"about":[{"href":"https:\/\/www.cruillabarcelona.cat\/es\/wp-json\/wp\/v2\/types\/artists"}],"acf:term":[{"embeddable":true,"taxonomy":"artists_location","href":"https:\/\/www.cruillabarcelona.cat\/es\/wp-json\/wp\/v2\/artists_location\/805"},{"embeddable":true,"taxonomy":"artists_edition","href":"https:\/\/www.cruillabarcelona.cat\/es\/wp-json\/wp\/v2\/artists_edition\/795"}],"wp:featuredmedia":[{"embeddable":true,"href":"https:\/\/www.cruillabarcelona.cat\/es\/wp-json\/wp\/v2\/media\/34359"}],"wp:attachment":[{"href":"https:\/\/www.cruillabarcelona.cat\/es\/wp-json\/wp\/v2\/media?parent=34364"}],"wp:term":[{"taxonomy":"artists_edition","embeddable":true,"href":"https:\/\/www.cruillabarcelona.cat\/es\/wp-json\/wp\/v2\/artists_edition?post=34364"}],"curies":[{"name":"wp","href":"https:\/\/api.w.org\/{rel}","templated":true}]}}

<h2><span style="color: #ff0000;">Espectáculo cancelado</span></h2>
<p>Lamentablemente, este espectáculo ha sido cancelado. Si habías adquirido una entrada, el importe se devolverá automáticamente a la misma tarjeta que usaste durante la compra. ¡Disculpa las molestias!</p>
<h2>Celtas Cortos en el Cruïlla XXS</h2>
<p>Le deben su nombre a una marca de tabaco, pero la música de <strong>Celtas Cortos</strong> no es un piti rápido en un descanso de la oficina. Es uno de esos cigarros que te fumas tranquilamente en la terraza durante una noche de verano. Porque su música <strong>te hace sentir a gusto, te deja en un estado de felicidad absoluta</strong>.</p>
<p>Aunque bueno, está claro que no os contamos nada nuevo, porque ¿quién no ha escuchado alguna vez a Celtas Cortos? <em>Cuéntame un cuento</em>, <em>Retales de una vida</em> o <em>La senda del tiempo </em>son <strong>himnos que han transcendido los cambios generacionales</strong> y, este mismo año, se celebró el 30 aniversario de la que probablemente sea su canción más emblemática: <strong><em>20 de abril</em></strong>.</p>
<p>Con 35 años de carrera, 2 millones de discos vendidos y más de 2.000 conciertos a sus espaldas, los <strong>Celtas Cortos llegan al Cruïlla XXS</strong> dispuestos a demostrar que <strong>el éxito no les ha hecho perder sus señas de identidad</strong>: denuncia social, mezcla de géneros, pasión por la música celta y, por encima de todo, <strong>la voluntad de alegrarle la vida al público</strong>.</p>
<ul>
<li><strong>Fecha</strong>: Domingo 2 de agosto a las 21h</li>
<li><strong>Espacio</strong>: Plaça Univers</li>
<li><strong>Precio</strong>: De 20 a 25€</li>
</ul>
<!-- auto-added video if acf/single-artist-video not used  --> <iframe style="width: 100%;max-width: 100%;height: auto;aspect-ratio: 16 / 9;" src="https://www.youtube-nocookie.com/embed/CDKGCDOzzBQ" frameborder="0" allow="accelerometer; autoplay; encrypted-media; gyroscope; picture-in-picture" allowfullscreen></iframe>

Cruïlla XXS

<!-- This site is optimized with the Yoast SEO plugin v27.5 - https://yoast.com/product/yoast-seo-wordpress/ -->
<title>Celtas Cortos - Festival Cruïlla</title>
<meta name="robots" content="index, follow, max-snippet:-1, max-image-preview:large, max-video-preview:-1" />
<link rel="canonical" href="https://www.cruillabarcelona.cat/es/artists/celtas-cortos/" />
<meta property="og:locale" content="es_ES" />
<meta property="og:type" content="article" />
<meta property="og:title" content="Celtas Cortos - Festival Cruïlla" />
<meta property="og:description" content="Espectáculo cancelado Lamentablemente, este espectáculo ha sido cancelado. Si habías adquirido una entrada, el importe se devolverá automáticamente a la misma tarjeta que usaste durante la [&hellip;]" />
<meta property="og:url" content="https://www.cruillabarcelona.cat/es/artists/celtas-cortos/" />
<meta property="og:site_name" content="Festival Cruïlla" />
<meta property="article:modified_time" content="2021-06-15T13:49:03+00:00" />
<meta property="og:image" content="https://www.cruillabarcelona.cat/wp-content/uploads/2020/07/FOTO-1.jpg" />
	<meta property="og:image:width" content="1098" />
	<meta property="og:image:height" content="1098" />
	<meta property="og:image:type" content="image/jpeg" />
<meta name="twitter:card" content="summary_large_image" />
<meta name="twitter:label1" content="Tiempo de lectura" />
	<meta name="twitter:data1" content="1 minuto" />
<script type="application/ld+json" class="yoast-schema-graph">{"@context":"https:\/\/schema.org","@graph":[{"@type":"WebPage","@id":"https:\/\/www.cruillabarcelona.cat\/es\/artists\/celtas-cortos\/","url":"https:\/\/www.cruillabarcelona.cat\/es\/artists\/celtas-cortos\/","name":"Celtas Cortos - Festival Cruïlla","isPartOf":{"@id":"https:\/\/www.cruillabarcelona.cat\/es\/#website"},"primaryImageOfPage":{"@id":"https:\/\/www.cruillabarcelona.cat\/es\/artists\/celtas-cortos\/#primaryimage"},"image":{"@id":"https:\/\/www.cruillabarcelona.cat\/es\/artists\/celtas-cortos\/#primaryimage"},"thumbnailUrl":"https:\/\/www.cruillabarcelona.cat\/wp-content\/uploads\/2020\/07\/FOTO-1.jpg","datePublished":"2020-07-08T11:30:43+00:00","dateModified":"2021-06-15T13:49:03+00:00","breadcrumb":{"@id":"https:\/\/www.cruillabarcelona.cat\/es\/artists\/celtas-cortos\/#breadcrumb"},"inLanguage":"es","potentialAction":[{"@type":"ReadAction","target":["https:\/\/www.cruillabarcelona.cat\/es\/artists\/celtas-cortos\/"]}]},{"@type":"ImageObject","inLanguage":"es","@id":"https:\/\/www.cruillabarcelona.cat\/es\/artists\/celtas-cortos\/#primaryimage","url":"https:\/\/www.cruillabarcelona.cat\/wp-content\/uploads\/2020\/07\/FOTO-1.jpg","contentUrl":"https:\/\/www.cruillabarcelona.cat\/wp-content\/uploads\/2020\/07\/FOTO-1.jpg","width":1098,"height":1098},{"@type":"BreadcrumbList","@id":"https:\/\/www.cruillabarcelona.cat\/es\/artists\/celtas-cortos\/#breadcrumb","itemListElement":[{"@type":"ListItem","position":1,"name":"Home","item":"https:\/\/www.cruillabarcelona.cat\/es\/"},{"@type":"ListItem","position":2,"name":"Celtas Cortos"}]},{"@type":"WebSite","@id":"https:\/\/www.cruillabarcelona.cat\/es\/#website","url":"https:\/\/www.cruillabarcelona.cat\/es\/","name":"Festival Cruïlla","description":"","publisher":{"@id":"https:\/\/www.cruillabarcelona.cat\/es\/#organization"},"potentialAction":[{"@type":"SearchAction","target":{"@type":"EntryPoint","urlTemplate":"https:\/\/www.cruillabarcelona.cat\/es\/?s={search_term_string}"},"query-input":{"@type":"PropertyValueSpecification","valueRequired":true,"valueName":"search_term_string"}}],"inLanguage":"es"},{"@type":"Organization","@id":"https:\/\/www.cruillabarcelona.cat\/es\/#organization","name":"Festival Cruïlla","url":"https:\/\/www.cruillabarcelona.cat\/es\/","logo":{"@type":"ImageObject","inLanguage":"es","@id":"https:\/\/www.cruillabarcelona.cat\/es\/#\/schema\/logo\/image\/","url":"https:\/\/www.cruillabarcelona.cat\/wp-content\/uploads\/2025\/12\/cruill-logo-negativo.png","contentUrl":"https:\/\/www.cruillabarcelona.cat\/wp-content\/uploads\/2025\/12\/cruill-logo-negativo.png","width":400,"height":101,"caption":"Festival Cruïlla"},"image":{"@id":"https:\/\/www.cruillabarcelona.cat\/es\/#\/schema\/logo\/image\/"}}]}</script>
<!-- / Yoast SEO plugin. -->

Celtas Cortos - Festival Cruïlla

Espectáculo cancelado Lamentablemente, este espectáculo ha sido cancelado. Si habías adquirido una entrada, el importe se devolverá automáticamente a la misma tarjeta que usaste durante la [&hellip;]

Festival Cruïlla
