{"id":41103,"date":"2022-02-16T14:17:51","date_gmt":"2022-02-16T12:17:51","guid":{"rendered":"https:\/\/www.cruillabarcelona.cat\/?post_type=artists&#038;p=41103"},"modified":"2022-07-08T13:18:40","modified_gmt":"2022-07-08T11:18:40","slug":"colectivo-da-silva","status":"publish","type":"artists","link":"https:\/\/www.cruillabarcelona.cat\/es\/artists\/colectivo-da-silva\/","title":{"rendered":"Colectivo Da Silva"},"content":{"rendered":"<h2>No llores m\u00e1s: Colectivo Da Silva en el Festival Cru\u00eflla 2022<\/h2>\n<p><strong>Recuerda que el Escenario Four Roses tiene aforo limitado. Si quieres ver a este artista, ven antes del inicio del concierto.<\/strong><\/p>\n<p>Sonando como <strong>un casete de la \u00e9poca\u00a0yey\u00e9<\/strong>,\u00a0<strong>Colectivo\u00a0Da Silva<\/strong> se presenta como un organismo colorista que se mueve entre los espectros del <strong>lo-fi<\/strong>, el atardecer del <strong>pop<\/strong> y el oscuro sonido de la <strong>psicodelia<\/strong>. Practican la <strong>rebeld\u00eda pop<\/strong> que busca, pero no encuentra a pesar de garantizar <strong>un gran jaleo<\/strong> encima del escenario.<\/p>\n<p>Despu\u00e9s de convertirse en una aut\u00e9ntica revoluci\u00f3n gracias a su primer single <em>&#8230;Y era verano<\/em>, llega <em>Casa Vargas<\/em>, el <strong>primer \u00e1lbum<\/strong> que los granadinos han convertido en la caja donde guardan hits como <em>Que Dios Bendiga el Reguet\u00f3n<\/em>, una parodia del g\u00e9nero a golpe de sintetizador, <em>Nos Vemos Luego<\/em> o <em>Llorar\u00e9 por Ti<\/em>.<\/p>\n<p>Pero no hace falta llorar m\u00e1s porque <strong>Colectivo Da Silva<\/strong> llega el <strong>9 de julio al Festival Cru\u00eflla 2022<\/strong> en un directo que no dejar\u00e1 indiferente a nadie.<\/p>\n<hr \/>\n<p style=\"text-align: center;\"><strong>Compra aqu\u00ed tus entradas<\/strong><\/p>\n<p style=\"text-align: center;\"><a class=\"efsbutton button \" target=\"_blank\">ENTRADAS<\/a><\/p>\n<hr \/>\n<p>&nbsp;<\/p>\n<!-- auto-added video if acf\/single-artist-video not used  --> <iframe style=\"width: 100%;max-width: 100%;height: auto;aspect-ratio: 16 \/ 9;\" src=\"https:\/\/www.youtube-nocookie.com\/embed\/9cmmi4DDJwk\" frameborder=\"0\" allow=\"accelerometer; autoplay; encrypted-media; gyroscope; picture-in-picture\" allowfullscreen><\/iframe>","protected":false},"featured_media":41123,"template":"","meta":{"_acf_changed":false},"artists_edition":[834],"class_list":["post-41103","artists","type-artists","status-publish","has-post-thumbnail","hentry","artists_edition-834"],"acf":{"_thumbnail_id":41123,"youtube_player":"9cmmi4DDJwk","artist_edition":[834],"artist_date":"20220709","artist_time":"22:45","artist_time_2":"","artist_location":false,"artist_ticket_url":"https:\/\/www.cruillabarcelona.cat\/es\/tickets","artist_ticket_status":"","artist_extra_date__show":false,"artist_extra_date_2":null,"artist_time_of_date2":"","artist_extra_date_3":null,"artist_time_of_date3":"","artist_extra_date_4":null,"artist_time_of_date4":"","artist_extra_date_5":null,"artist_time_of_date5":"","artist_date__show_month":true,"artist_sidebar_active":true,"show_in_agenda":false,"artist_sidebar__banner_img":"","artist_sidebar__banner_link":"","artist_hero_content":"Festival Cru\u00eflla 2022","artist_style":false,"artist_nationality":false,"artist_audience_age":false},"yoast_head":"<!-- This site is optimized with the Yoast SEO plugin v27.5 - https:\/\/yoast.com\/product\/yoast-seo-wordpress\/ -->\n<title>Concierto de Colectivo Da Silva en el Festival Cru\u00eflla, 9 de julio de 2022<\/title>\n<meta name=\"description\" content=\"Compra entradas para el concierto de Colectivo Da Silva en el Festival Cru\u00eflla 2022, el 9 de julio en el Parc del F\u00f2rum de Barcelona\" \/>\n<meta name=\"robots\" content=\"index, follow, max-snippet:-1, max-image-preview:large, max-video-preview:-1\" \/>\n<link rel=\"canonical\" href=\"https:\/\/www.cruillabarcelona.cat\/es\/artists\/colectivo-da-silva\/\" \/>\n<meta property=\"og:locale\" content=\"es_ES\" \/>\n<meta property=\"og:type\" content=\"article\" \/>\n<meta property=\"og:title\" content=\"Concierto de Colectivo Da Silva en el Festival Cru\u00eflla, 9 de julio de 2022\" \/>\n<meta property=\"og:description\" content=\"Compra entradas para el concierto de Colectivo Da Silva en el Festival Cru\u00eflla 2022, el 9 de julio en el Parc del F\u00f2rum de Barcelona\" \/>\n<meta property=\"og:url\" content=\"https:\/\/www.cruillabarcelona.cat\/es\/artists\/colectivo-da-silva\/\" \/>\n<meta property=\"og:site_name\" content=\"Festival Cru\u00eflla\" \/>\n<meta property=\"article:modified_time\" content=\"2022-07-08T11:18:40+00:00\" \/>\n<meta property=\"og:image\" content=\"https:\/\/www.cruillabarcelona.cat\/wp-content\/uploads\/2022\/02\/ColectivoDaSilva.jpeg\" \/>\n\t<meta property=\"og:image:width\" content=\"600\" \/>\n\t<meta property=\"og:image:height\" content=\"600\" \/>\n\t<meta property=\"og:image:type\" content=\"image\/jpeg\" \/>\n<meta name=\"twitter:card\" content=\"summary_large_image\" \/>\n<meta name=\"twitter:label1\" content=\"Tiempo de lectura\" \/>\n\t<meta name=\"twitter:data1\" content=\"1 minuto\" \/>\n<script type=\"application\/ld+json\" class=\"yoast-schema-graph\">{\"@context\":\"https:\\\/\\\/schema.org\",\"@graph\":[{\"@type\":\"WebPage\",\"@id\":\"https:\\\/\\\/www.cruillabarcelona.cat\\\/es\\\/artists\\\/colectivo-da-silva\\\/\",\"url\":\"https:\\\/\\\/www.cruillabarcelona.cat\\\/es\\\/artists\\\/colectivo-da-silva\\\/\",\"name\":\"Concierto de Colectivo Da Silva en el Festival Cru\u00eflla, 9 de julio de 2022\",\"isPartOf\":{\"@id\":\"https:\\\/\\\/www.cruillabarcelona.cat\\\/es\\\/#website\"},\"primaryImageOfPage\":{\"@id\":\"https:\\\/\\\/www.cruillabarcelona.cat\\\/es\\\/artists\\\/colectivo-da-silva\\\/#primaryimage\"},\"image\":{\"@id\":\"https:\\\/\\\/www.cruillabarcelona.cat\\\/es\\\/artists\\\/colectivo-da-silva\\\/#primaryimage\"},\"thumbnailUrl\":\"https:\\\/\\\/www.cruillabarcelona.cat\\\/wp-content\\\/uploads\\\/2022\\\/02\\\/ColectivoDaSilva.jpeg\",\"datePublished\":\"2022-02-16T12:17:51+00:00\",\"dateModified\":\"2022-07-08T11:18:40+00:00\",\"description\":\"Compra entradas para el concierto de Colectivo Da Silva en el Festival Cru\u00eflla 2022, el 9 de julio en el Parc del F\u00f2rum de Barcelona\",\"breadcrumb\":{\"@id\":\"https:\\\/\\\/www.cruillabarcelona.cat\\\/es\\\/artists\\\/colectivo-da-silva\\\/#breadcrumb\"},\"inLanguage\":\"es\",\"potentialAction\":[{\"@type\":\"ReadAction\",\"target\":[\"https:\\\/\\\/www.cruillabarcelona.cat\\\/es\\\/artists\\\/colectivo-da-silva\\\/\"]}]},{\"@type\":\"ImageObject\",\"inLanguage\":\"es\",\"@id\":\"https:\\\/\\\/www.cruillabarcelona.cat\\\/es\\\/artists\\\/colectivo-da-silva\\\/#primaryimage\",\"url\":\"https:\\\/\\\/www.cruillabarcelona.cat\\\/wp-content\\\/uploads\\\/2022\\\/02\\\/ColectivoDaSilva.jpeg\",\"contentUrl\":\"https:\\\/\\\/www.cruillabarcelona.cat\\\/wp-content\\\/uploads\\\/2022\\\/02\\\/ColectivoDaSilva.jpeg\",\"width\":600,\"height\":600,\"caption\":\"Colectivo Da Silva Festival Cru\u00eflla\"},{\"@type\":\"BreadcrumbList\",\"@id\":\"https:\\\/\\\/www.cruillabarcelona.cat\\\/es\\\/artists\\\/colectivo-da-silva\\\/#breadcrumb\",\"itemListElement\":[{\"@type\":\"ListItem\",\"position\":1,\"name\":\"Home\",\"item\":\"https:\\\/\\\/www.cruillabarcelona.cat\\\/es\\\/\"},{\"@type\":\"ListItem\",\"position\":2,\"name\":\"Colectivo Da Silva\"}]},{\"@type\":\"WebSite\",\"@id\":\"https:\\\/\\\/www.cruillabarcelona.cat\\\/es\\\/#website\",\"url\":\"https:\\\/\\\/www.cruillabarcelona.cat\\\/es\\\/\",\"name\":\"Festival Cru\u00eflla\",\"description\":\"\",\"publisher\":{\"@id\":\"https:\\\/\\\/www.cruillabarcelona.cat\\\/es\\\/#organization\"},\"potentialAction\":[{\"@type\":\"SearchAction\",\"target\":{\"@type\":\"EntryPoint\",\"urlTemplate\":\"https:\\\/\\\/www.cruillabarcelona.cat\\\/es\\\/?s={search_term_string}\"},\"query-input\":{\"@type\":\"PropertyValueSpecification\",\"valueRequired\":true,\"valueName\":\"search_term_string\"}}],\"inLanguage\":\"es\"},{\"@type\":\"Organization\",\"@id\":\"https:\\\/\\\/www.cruillabarcelona.cat\\\/es\\\/#organization\",\"name\":\"Festival Cru\u00eflla\",\"url\":\"https:\\\/\\\/www.cruillabarcelona.cat\\\/es\\\/\",\"logo\":{\"@type\":\"ImageObject\",\"inLanguage\":\"es\",\"@id\":\"https:\\\/\\\/www.cruillabarcelona.cat\\\/es\\\/#\\\/schema\\\/logo\\\/image\\\/\",\"url\":\"https:\\\/\\\/www.cruillabarcelona.cat\\\/wp-content\\\/uploads\\\/2025\\\/12\\\/cruill-logo-negativo.png\",\"contentUrl\":\"https:\\\/\\\/www.cruillabarcelona.cat\\\/wp-content\\\/uploads\\\/2025\\\/12\\\/cruill-logo-negativo.png\",\"width\":400,\"height\":101,\"caption\":\"Festival Cru\u00eflla\"},\"image\":{\"@id\":\"https:\\\/\\\/www.cruillabarcelona.cat\\\/es\\\/#\\\/schema\\\/logo\\\/image\\\/\"}}]}<\/script>\n<!-- \/ Yoast SEO plugin. -->","yoast_head_json":{"title":"Concierto de Colectivo Da Silva en el Festival Cru\u00eflla, 9 de julio de 2022","description":"Compra entradas para el concierto de Colectivo Da Silva en el Festival Cru\u00eflla 2022, el 9 de julio en el Parc del F\u00f2rum de Barcelona","robots":{"index":"index","follow":"follow","max-snippet":"max-snippet:-1","max-image-preview":"max-image-preview:large","max-video-preview":"max-video-preview:-1"},"canonical":"https:\/\/www.cruillabarcelona.cat\/es\/artists\/colectivo-da-silva\/","og_locale":"es_ES","og_type":"article","og_title":"Concierto de Colectivo Da Silva en el Festival Cru\u00eflla, 9 de julio de 2022","og_description":"Compra entradas para el concierto de Colectivo Da Silva en el Festival Cru\u00eflla 2022, el 9 de julio en el Parc del F\u00f2rum de Barcelona","og_url":"https:\/\/www.cruillabarcelona.cat\/es\/artists\/colectivo-da-silva\/","og_site_name":"Festival Cru\u00eflla","article_modified_time":"2022-07-08T11:18:40+00:00","og_image":[{"width":600,"height":600,"url":"https:\/\/www.cruillabarcelona.cat\/wp-content\/uploads\/2022\/02\/ColectivoDaSilva.jpeg","type":"image\/jpeg"}],"twitter_card":"summary_large_image","twitter_misc":{"Tiempo de lectura":"1 minuto"},"schema":{"@context":"https:\/\/schema.org","@graph":[{"@type":"WebPage","@id":"https:\/\/www.cruillabarcelona.cat\/es\/artists\/colectivo-da-silva\/","url":"https:\/\/www.cruillabarcelona.cat\/es\/artists\/colectivo-da-silva\/","name":"Concierto de Colectivo Da Silva en el Festival Cru\u00eflla, 9 de julio de 2022","isPartOf":{"@id":"https:\/\/www.cruillabarcelona.cat\/es\/#website"},"primaryImageOfPage":{"@id":"https:\/\/www.cruillabarcelona.cat\/es\/artists\/colectivo-da-silva\/#primaryimage"},"image":{"@id":"https:\/\/www.cruillabarcelona.cat\/es\/artists\/colectivo-da-silva\/#primaryimage"},"thumbnailUrl":"https:\/\/www.cruillabarcelona.cat\/wp-content\/uploads\/2022\/02\/ColectivoDaSilva.jpeg","datePublished":"2022-02-16T12:17:51+00:00","dateModified":"2022-07-08T11:18:40+00:00","description":"Compra entradas para el concierto de Colectivo Da Silva en el Festival Cru\u00eflla 2022, el 9 de julio en el Parc del F\u00f2rum de Barcelona","breadcrumb":{"@id":"https:\/\/www.cruillabarcelona.cat\/es\/artists\/colectivo-da-silva\/#breadcrumb"},"inLanguage":"es","potentialAction":[{"@type":"ReadAction","target":["https:\/\/www.cruillabarcelona.cat\/es\/artists\/colectivo-da-silva\/"]}]},{"@type":"ImageObject","inLanguage":"es","@id":"https:\/\/www.cruillabarcelona.cat\/es\/artists\/colectivo-da-silva\/#primaryimage","url":"https:\/\/www.cruillabarcelona.cat\/wp-content\/uploads\/2022\/02\/ColectivoDaSilva.jpeg","contentUrl":"https:\/\/www.cruillabarcelona.cat\/wp-content\/uploads\/2022\/02\/ColectivoDaSilva.jpeg","width":600,"height":600,"caption":"Colectivo Da Silva Festival Cru\u00eflla"},{"@type":"BreadcrumbList","@id":"https:\/\/www.cruillabarcelona.cat\/es\/artists\/colectivo-da-silva\/#breadcrumb","itemListElement":[{"@type":"ListItem","position":1,"name":"Home","item":"https:\/\/www.cruillabarcelona.cat\/es\/"},{"@type":"ListItem","position":2,"name":"Colectivo Da Silva"}]},{"@type":"WebSite","@id":"https:\/\/www.cruillabarcelona.cat\/es\/#website","url":"https:\/\/www.cruillabarcelona.cat\/es\/","name":"Festival Cru\u00eflla","description":"","publisher":{"@id":"https:\/\/www.cruillabarcelona.cat\/es\/#organization"},"potentialAction":[{"@type":"SearchAction","target":{"@type":"EntryPoint","urlTemplate":"https:\/\/www.cruillabarcelona.cat\/es\/?s={search_term_string}"},"query-input":{"@type":"PropertyValueSpecification","valueRequired":true,"valueName":"search_term_string"}}],"inLanguage":"es"},{"@type":"Organization","@id":"https:\/\/www.cruillabarcelona.cat\/es\/#organization","name":"Festival Cru\u00eflla","url":"https:\/\/www.cruillabarcelona.cat\/es\/","logo":{"@type":"ImageObject","inLanguage":"es","@id":"https:\/\/www.cruillabarcelona.cat\/es\/#\/schema\/logo\/image\/","url":"https:\/\/www.cruillabarcelona.cat\/wp-content\/uploads\/2025\/12\/cruill-logo-negativo.png","contentUrl":"https:\/\/www.cruillabarcelona.cat\/wp-content\/uploads\/2025\/12\/cruill-logo-negativo.png","width":400,"height":101,"caption":"Festival Cru\u00eflla"},"image":{"@id":"https:\/\/www.cruillabarcelona.cat\/es\/#\/schema\/logo\/image\/"}}]}},"_links":{"self":[{"href":"https:\/\/www.cruillabarcelona.cat\/es\/wp-json\/wp\/v2\/artists\/41103","targetHints":{"allow":["GET"]}}],"collection":[{"href":"https:\/\/www.cruillabarcelona.cat\/es\/wp-json\/wp\/v2\/artists"}],"about":[{"href":"https:\/\/www.cruillabarcelona.cat\/es\/wp-json\/wp\/v2\/types\/artists"}],"acf:term":[{"embeddable":true,"taxonomy":"artists_edition","href":"https:\/\/www.cruillabarcelona.cat\/es\/wp-json\/wp\/v2\/artists_edition\/834"}],"wp:featuredmedia":[{"embeddable":true,"href":"https:\/\/www.cruillabarcelona.cat\/es\/wp-json\/wp\/v2\/media\/41123"}],"wp:attachment":[{"href":"https:\/\/www.cruillabarcelona.cat\/es\/wp-json\/wp\/v2\/media?parent=41103"}],"wp:term":[{"taxonomy":"artists_edition","embeddable":true,"href":"https:\/\/www.cruillabarcelona.cat\/es\/wp-json\/wp\/v2\/artists_edition?post=41103"}],"curies":[{"name":"wp","href":"https:\/\/api.w.org\/{rel}","templated":true}]}}

<h2>No llores más: Colectivo Da Silva en el Festival Cruïlla 2022</h2>
<p><strong>Recuerda que el Escenario Four Roses tiene aforo limitado. Si quieres ver a este artista, ven antes del inicio del concierto.</strong></p>
<p>Sonando como <strong>un casete de la época yeyé</strong>, <strong>Colectivo Da Silva</strong> se presenta como un organismo colorista que se mueve entre los espectros del <strong>lo-fi</strong>, el atardecer del <strong>pop</strong> y el oscuro sonido de la <strong>psicodelia</strong>. Practican la <strong>rebeldía pop</strong> que busca, pero no encuentra a pesar de garantizar <strong>un gran jaleo</strong> encima del escenario.</p>
<p>Después de convertirse en una auténtica revolución gracias a su primer single <em>&#8230;Y era verano</em>, llega <em>Casa Vargas</em>, el <strong>primer álbum</strong> que los granadinos han convertido en la caja donde guardan hits como <em>Que Dios Bendiga el Reguetón</em>, una parodia del género a golpe de sintetizador, <em>Nos Vemos Luego</em> o <em>Lloraré por Ti</em>.</p>
<p>Pero no hace falta llorar más porque <strong>Colectivo Da Silva</strong> llega el <strong>9 de julio al Festival Cruïlla 2022</strong> en un directo que no dejará indiferente a nadie.</p>
<hr />
<p style="text-align: center;"><strong>Compra aquí tus entradas</strong></p>
<p style="text-align: center;"><a class="efsbutton button " target="_blank">ENTRADAS</a></p>
<hr />
<p>&nbsp;</p>
<!-- auto-added video if acf/single-artist-video not used  --> <iframe style="width: 100%;max-width: 100%;height: auto;aspect-ratio: 16 / 9;" src="https://www.youtube-nocookie.com/embed/9cmmi4DDJwk" frameborder="0" allow="accelerometer; autoplay; encrypted-media; gyroscope; picture-in-picture" allowfullscreen></iframe>

Festival Cruïlla 2022

<!-- This site is optimized with the Yoast SEO plugin v27.5 - https://yoast.com/product/yoast-seo-wordpress/ -->
<title>Concierto de Colectivo Da Silva en el Festival Cruïlla, 9 de julio de 2022</title>
<meta name="description" content="Compra entradas para el concierto de Colectivo Da Silva en el Festival Cruïlla 2022, el 9 de julio en el Parc del Fòrum de Barcelona" />
<meta name="robots" content="index, follow, max-snippet:-1, max-image-preview:large, max-video-preview:-1" />
<link rel="canonical" href="https://www.cruillabarcelona.cat/es/artists/colectivo-da-silva/" />
<meta property="og:locale" content="es_ES" />
<meta property="og:type" content="article" />
<meta property="og:title" content="Concierto de Colectivo Da Silva en el Festival Cruïlla, 9 de julio de 2022" />
<meta property="og:description" content="Compra entradas para el concierto de Colectivo Da Silva en el Festival Cruïlla 2022, el 9 de julio en el Parc del Fòrum de Barcelona" />
<meta property="og:url" content="https://www.cruillabarcelona.cat/es/artists/colectivo-da-silva/" />
<meta property="og:site_name" content="Festival Cruïlla" />
<meta property="article:modified_time" content="2022-07-08T11:18:40+00:00" />
<meta property="og:image" content="https://www.cruillabarcelona.cat/wp-content/uploads/2022/02/ColectivoDaSilva.jpeg" />
	<meta property="og:image:width" content="600" />
	<meta property="og:image:height" content="600" />
	<meta property="og:image:type" content="image/jpeg" />
<meta name="twitter:card" content="summary_large_image" />
<meta name="twitter:label1" content="Tiempo de lectura" />
	<meta name="twitter:data1" content="1 minuto" />
<script type="application/ld+json" class="yoast-schema-graph">{"@context":"https:\/\/schema.org","@graph":[{"@type":"WebPage","@id":"https:\/\/www.cruillabarcelona.cat\/es\/artists\/colectivo-da-silva\/","url":"https:\/\/www.cruillabarcelona.cat\/es\/artists\/colectivo-da-silva\/","name":"Concierto de Colectivo Da Silva en el Festival Cruïlla, 9 de julio de 2022","isPartOf":{"@id":"https:\/\/www.cruillabarcelona.cat\/es\/#website"},"primaryImageOfPage":{"@id":"https:\/\/www.cruillabarcelona.cat\/es\/artists\/colectivo-da-silva\/#primaryimage"},"image":{"@id":"https:\/\/www.cruillabarcelona.cat\/es\/artists\/colectivo-da-silva\/#primaryimage"},"thumbnailUrl":"https:\/\/www.cruillabarcelona.cat\/wp-content\/uploads\/2022\/02\/ColectivoDaSilva.jpeg","datePublished":"2022-02-16T12:17:51+00:00","dateModified":"2022-07-08T11:18:40+00:00","description":"Compra entradas para el concierto de Colectivo Da Silva en el Festival Cruïlla 2022, el 9 de julio en el Parc del Fòrum de Barcelona","breadcrumb":{"@id":"https:\/\/www.cruillabarcelona.cat\/es\/artists\/colectivo-da-silva\/#breadcrumb"},"inLanguage":"es","potentialAction":[{"@type":"ReadAction","target":["https:\/\/www.cruillabarcelona.cat\/es\/artists\/colectivo-da-silva\/"]}]},{"@type":"ImageObject","inLanguage":"es","@id":"https:\/\/www.cruillabarcelona.cat\/es\/artists\/colectivo-da-silva\/#primaryimage","url":"https:\/\/www.cruillabarcelona.cat\/wp-content\/uploads\/2022\/02\/ColectivoDaSilva.jpeg","contentUrl":"https:\/\/www.cruillabarcelona.cat\/wp-content\/uploads\/2022\/02\/ColectivoDaSilva.jpeg","width":600,"height":600,"caption":"Colectivo Da Silva Festival Cruïlla"},{"@type":"BreadcrumbList","@id":"https:\/\/www.cruillabarcelona.cat\/es\/artists\/colectivo-da-silva\/#breadcrumb","itemListElement":[{"@type":"ListItem","position":1,"name":"Home","item":"https:\/\/www.cruillabarcelona.cat\/es\/"},{"@type":"ListItem","position":2,"name":"Colectivo Da Silva"}]},{"@type":"WebSite","@id":"https:\/\/www.cruillabarcelona.cat\/es\/#website","url":"https:\/\/www.cruillabarcelona.cat\/es\/","name":"Festival Cruïlla","description":"","publisher":{"@id":"https:\/\/www.cruillabarcelona.cat\/es\/#organization"},"potentialAction":[{"@type":"SearchAction","target":{"@type":"EntryPoint","urlTemplate":"https:\/\/www.cruillabarcelona.cat\/es\/?s={search_term_string}"},"query-input":{"@type":"PropertyValueSpecification","valueRequired":true,"valueName":"search_term_string"}}],"inLanguage":"es"},{"@type":"Organization","@id":"https:\/\/www.cruillabarcelona.cat\/es\/#organization","name":"Festival Cruïlla","url":"https:\/\/www.cruillabarcelona.cat\/es\/","logo":{"@type":"ImageObject","inLanguage":"es","@id":"https:\/\/www.cruillabarcelona.cat\/es\/#\/schema\/logo\/image\/","url":"https:\/\/www.cruillabarcelona.cat\/wp-content\/uploads\/2025\/12\/cruill-logo-negativo.png","contentUrl":"https:\/\/www.cruillabarcelona.cat\/wp-content\/uploads\/2025\/12\/cruill-logo-negativo.png","width":400,"height":101,"caption":"Festival Cruïlla"},"image":{"@id":"https:\/\/www.cruillabarcelona.cat\/es\/#\/schema\/logo\/image\/"}}]}</script>
<!-- / Yoast SEO plugin. -->

Concierto de Colectivo Da Silva en el Festival Cruïlla, 9 de julio de 2022

Compra entradas para el concierto de Colectivo Da Silva en el Festival Cruïlla 2022, el 9 de julio en el Parc del Fòrum de Barcelona

Festival Cruïlla

Colectivo Da Silva Festival Cruïlla
