{"id":42214,"date":"2022-03-30T11:52:50","date_gmt":"2022-03-30T09:52:50","guid":{"rendered":"https:\/\/www.cruillabarcelona.cat\/?post_type=artists&#038;p=42214"},"modified":"2022-05-06T17:48:50","modified_gmt":"2022-05-06T15:48:50","slug":"marcel-i-julia","status":"publish","type":"artists","link":"https:\/\/www.cruillabarcelona.cat\/es\/artists\/marcel-i-julia\/","title":{"rendered":"Marcel i J\u00falia"},"content":{"rendered":"<h2>Ponte en \u00f3rbita: Marcel y J\u00falia en el Festival Cru\u00eflla 2022<\/h2>\n<p>Dec\u00eda la c\u00e9lebre Edith Piaf que \u00ab<em>cantar es una forma de escapar. Es otro mundo\u00bb<\/em>. Pero, \u00bfy si cantar no s\u00f3lo fuera una manera de escapar hacia otro mundo, sino tambi\u00e9n de promoverlo? Esto se platean <strong>Marcel y J\u00falia<\/strong>. Aprovechan sus canciones para transmitir y hacer pensar en otra forma de relacionarse con el entorno. Menos artificial, m\u00e1s libre y natural.<\/p>\n<p><strong>Marcel y J\u00falia<\/strong> presentan<em> En \u00d2rbita<\/em>, un disco que, a pesar de ser su segundo trabajo de estudio despu\u00e9s de <em>Pedalant endins<\/em>, quieren que sea el pistoletazo de salida de una nueva etapa. Ahora invitan al p\u00fablico a <strong>reflexionar<\/strong>, con una propuesta <strong>alegre y constructiva<\/strong>, sobre el cambio clim\u00e1tico y la sostenibilidad de un modelo de sociedad que vive alejada de los ciclos naturales de la vida.<\/p>\n<p>Pero que nadie dude que la reflexi\u00f3n ser\u00e1 presentada en forma de <strong>fiesta<\/strong> el pr\u00f3ximo <strong>7 de julio<\/strong> en el Parc del F\u00f2rum cuando <strong>Marcel y J\u00falia<\/strong> act\u00faen en el <strong>Festival Cru\u00eflla 2022<\/strong>.<\/p>\n<hr \/>\n<p style=\"text-align: center;\"><strong>Compra aqu\u00ed tus entradas<\/strong><\/p>\n<p style=\"text-align: center;\"><a class=\"efsbutton button \" target=\"_blank\">ENTRADAS<\/a><\/p>\n<p>&nbsp;<\/p>\n<!-- auto-added video if acf\/single-artist-video not used  --> <iframe style=\"width: 100%;max-width: 100%;height: auto;aspect-ratio: 16 \/ 9;\" src=\"https:\/\/www.youtube-nocookie.com\/embed\/ZhhRM0C4IIY\" frameborder=\"0\" allow=\"accelerometer; autoplay; encrypted-media; gyroscope; picture-in-picture\" allowfullscreen><\/iframe>","protected":false},"featured_media":42308,"template":"","meta":{"_acf_changed":false},"artists_edition":[834],"class_list":["post-42214","artists","type-artists","status-publish","has-post-thumbnail","hentry","artists_edition-834"],"acf":{"_thumbnail_id":42308,"youtube_player":"ZhhRM0C4IIY","artist_edition":[834],"artist_date":"20220707","artist_time":"21:30","artist_time_2":"","artist_location":false,"artist_ticket_url":"https:\/\/www.cruillabarcelona.cat\/es\/tickets\/","artist_ticket_status":"","artist_extra_date__show":false,"artist_extra_date_2":null,"artist_time_of_date2":"","artist_extra_date_3":null,"artist_time_of_date3":"","artist_extra_date_4":null,"artist_time_of_date4":"","artist_extra_date_5":null,"artist_time_of_date5":"","artist_date__show_month":true,"artist_sidebar_active":true,"show_in_agenda":false,"artist_sidebar__banner_img":"","artist_sidebar__banner_link":"","artist_hero_content":"Festival Cru\u00eflla 2022","artist_style":false,"artist_nationality":false,"artist_audience_age":false},"yoast_head":"<!-- This site is optimized with the Yoast SEO plugin v27.5 - https:\/\/yoast.com\/product\/yoast-seo-wordpress\/ -->\n<title>Concierto de Marcel i J\u00falia en el Festival Cru\u00eflla, 7 de julio en Barcelona<\/title>\n<meta name=\"description\" content=\"Compra entradas para el concierto de Marcel i J\u00falia en el Festival Cru\u00eflla 2022, el 7 de julio de 2022 en el Parc del F\u00f2rum de Barcelona\" \/>\n<meta name=\"robots\" content=\"index, follow, max-snippet:-1, max-image-preview:large, max-video-preview:-1\" \/>\n<link rel=\"canonical\" href=\"https:\/\/www.cruillabarcelona.cat\/es\/artists\/marcel-i-julia\/\" \/>\n<meta property=\"og:locale\" content=\"es_ES\" \/>\n<meta property=\"og:type\" content=\"article\" \/>\n<meta property=\"og:title\" content=\"Concierto de Marcel i J\u00falia en el Festival Cru\u00eflla, 7 de julio en Barcelona\" \/>\n<meta property=\"og:description\" content=\"Compra entradas para el concierto de Marcel i J\u00falia en el Festival Cru\u00eflla 2022, el 7 de julio de 2022 en el Parc del F\u00f2rum de Barcelona\" \/>\n<meta property=\"og:url\" content=\"https:\/\/www.cruillabarcelona.cat\/es\/artists\/marcel-i-julia\/\" \/>\n<meta property=\"og:site_name\" content=\"Festival Cru\u00eflla\" \/>\n<meta property=\"article:modified_time\" content=\"2022-05-06T15:48:50+00:00\" \/>\n<meta property=\"og:image\" content=\"https:\/\/www.cruillabarcelona.cat\/wp-content\/uploads\/2022\/03\/foto.jpeg\" \/>\n\t<meta property=\"og:image:width\" content=\"864\" \/>\n\t<meta property=\"og:image:height\" content=\"864\" \/>\n\t<meta property=\"og:image:type\" content=\"image\/jpeg\" \/>\n<meta name=\"twitter:card\" content=\"summary_large_image\" \/>\n<meta name=\"twitter:label1\" content=\"Tiempo de lectura\" \/>\n\t<meta name=\"twitter:data1\" content=\"2 minutos\" \/>\n<script type=\"application\/ld+json\" class=\"yoast-schema-graph\">{\"@context\":\"https:\\\/\\\/schema.org\",\"@graph\":[{\"@type\":\"WebPage\",\"@id\":\"https:\\\/\\\/www.cruillabarcelona.cat\\\/es\\\/artists\\\/marcel-i-julia\\\/\",\"url\":\"https:\\\/\\\/www.cruillabarcelona.cat\\\/es\\\/artists\\\/marcel-i-julia\\\/\",\"name\":\"Concierto de Marcel i J\u00falia en el Festival Cru\u00eflla, 7 de julio en Barcelona\",\"isPartOf\":{\"@id\":\"https:\\\/\\\/www.cruillabarcelona.cat\\\/es\\\/#website\"},\"primaryImageOfPage\":{\"@id\":\"https:\\\/\\\/www.cruillabarcelona.cat\\\/es\\\/artists\\\/marcel-i-julia\\\/#primaryimage\"},\"image\":{\"@id\":\"https:\\\/\\\/www.cruillabarcelona.cat\\\/es\\\/artists\\\/marcel-i-julia\\\/#primaryimage\"},\"thumbnailUrl\":\"https:\\\/\\\/www.cruillabarcelona.cat\\\/wp-content\\\/uploads\\\/2022\\\/03\\\/foto.jpeg\",\"datePublished\":\"2022-03-30T09:52:50+00:00\",\"dateModified\":\"2022-05-06T15:48:50+00:00\",\"description\":\"Compra entradas para el concierto de Marcel i J\u00falia en el Festival Cru\u00eflla 2022, el 7 de julio de 2022 en el Parc del F\u00f2rum de Barcelona\",\"breadcrumb\":{\"@id\":\"https:\\\/\\\/www.cruillabarcelona.cat\\\/es\\\/artists\\\/marcel-i-julia\\\/#breadcrumb\"},\"inLanguage\":\"es\",\"potentialAction\":[{\"@type\":\"ReadAction\",\"target\":[\"https:\\\/\\\/www.cruillabarcelona.cat\\\/es\\\/artists\\\/marcel-i-julia\\\/\"]}]},{\"@type\":\"ImageObject\",\"inLanguage\":\"es\",\"@id\":\"https:\\\/\\\/www.cruillabarcelona.cat\\\/es\\\/artists\\\/marcel-i-julia\\\/#primaryimage\",\"url\":\"https:\\\/\\\/www.cruillabarcelona.cat\\\/wp-content\\\/uploads\\\/2022\\\/03\\\/foto.jpeg\",\"contentUrl\":\"https:\\\/\\\/www.cruillabarcelona.cat\\\/wp-content\\\/uploads\\\/2022\\\/03\\\/foto.jpeg\",\"width\":864,\"height\":864},{\"@type\":\"BreadcrumbList\",\"@id\":\"https:\\\/\\\/www.cruillabarcelona.cat\\\/es\\\/artists\\\/marcel-i-julia\\\/#breadcrumb\",\"itemListElement\":[{\"@type\":\"ListItem\",\"position\":1,\"name\":\"Home\",\"item\":\"https:\\\/\\\/www.cruillabarcelona.cat\\\/es\\\/\"},{\"@type\":\"ListItem\",\"position\":2,\"name\":\"Marcel i J\u00falia\"}]},{\"@type\":\"WebSite\",\"@id\":\"https:\\\/\\\/www.cruillabarcelona.cat\\\/es\\\/#website\",\"url\":\"https:\\\/\\\/www.cruillabarcelona.cat\\\/es\\\/\",\"name\":\"Festival Cru\u00eflla\",\"description\":\"\",\"publisher\":{\"@id\":\"https:\\\/\\\/www.cruillabarcelona.cat\\\/es\\\/#organization\"},\"potentialAction\":[{\"@type\":\"SearchAction\",\"target\":{\"@type\":\"EntryPoint\",\"urlTemplate\":\"https:\\\/\\\/www.cruillabarcelona.cat\\\/es\\\/?s={search_term_string}\"},\"query-input\":{\"@type\":\"PropertyValueSpecification\",\"valueRequired\":true,\"valueName\":\"search_term_string\"}}],\"inLanguage\":\"es\"},{\"@type\":\"Organization\",\"@id\":\"https:\\\/\\\/www.cruillabarcelona.cat\\\/es\\\/#organization\",\"name\":\"Festival Cru\u00eflla\",\"url\":\"https:\\\/\\\/www.cruillabarcelona.cat\\\/es\\\/\",\"logo\":{\"@type\":\"ImageObject\",\"inLanguage\":\"es\",\"@id\":\"https:\\\/\\\/www.cruillabarcelona.cat\\\/es\\\/#\\\/schema\\\/logo\\\/image\\\/\",\"url\":\"https:\\\/\\\/www.cruillabarcelona.cat\\\/wp-content\\\/uploads\\\/2025\\\/12\\\/cruill-logo-negativo.png\",\"contentUrl\":\"https:\\\/\\\/www.cruillabarcelona.cat\\\/wp-content\\\/uploads\\\/2025\\\/12\\\/cruill-logo-negativo.png\",\"width\":400,\"height\":101,\"caption\":\"Festival Cru\u00eflla\"},\"image\":{\"@id\":\"https:\\\/\\\/www.cruillabarcelona.cat\\\/es\\\/#\\\/schema\\\/logo\\\/image\\\/\"}}]}<\/script>\n<!-- \/ Yoast SEO plugin. -->","yoast_head_json":{"title":"Concierto de Marcel i J\u00falia en el Festival Cru\u00eflla, 7 de julio en Barcelona","description":"Compra entradas para el concierto de Marcel i J\u00falia en el Festival Cru\u00eflla 2022, el 7 de julio de 2022 en el Parc del F\u00f2rum de Barcelona","robots":{"index":"index","follow":"follow","max-snippet":"max-snippet:-1","max-image-preview":"max-image-preview:large","max-video-preview":"max-video-preview:-1"},"canonical":"https:\/\/www.cruillabarcelona.cat\/es\/artists\/marcel-i-julia\/","og_locale":"es_ES","og_type":"article","og_title":"Concierto de Marcel i J\u00falia en el Festival Cru\u00eflla, 7 de julio en Barcelona","og_description":"Compra entradas para el concierto de Marcel i J\u00falia en el Festival Cru\u00eflla 2022, el 7 de julio de 2022 en el Parc del F\u00f2rum de Barcelona","og_url":"https:\/\/www.cruillabarcelona.cat\/es\/artists\/marcel-i-julia\/","og_site_name":"Festival Cru\u00eflla","article_modified_time":"2022-05-06T15:48:50+00:00","og_image":[{"width":864,"height":864,"url":"https:\/\/www.cruillabarcelona.cat\/wp-content\/uploads\/2022\/03\/foto.jpeg","type":"image\/jpeg"}],"twitter_card":"summary_large_image","twitter_misc":{"Tiempo de lectura":"2 minutos"},"schema":{"@context":"https:\/\/schema.org","@graph":[{"@type":"WebPage","@id":"https:\/\/www.cruillabarcelona.cat\/es\/artists\/marcel-i-julia\/","url":"https:\/\/www.cruillabarcelona.cat\/es\/artists\/marcel-i-julia\/","name":"Concierto de Marcel i J\u00falia en el Festival Cru\u00eflla, 7 de julio en Barcelona","isPartOf":{"@id":"https:\/\/www.cruillabarcelona.cat\/es\/#website"},"primaryImageOfPage":{"@id":"https:\/\/www.cruillabarcelona.cat\/es\/artists\/marcel-i-julia\/#primaryimage"},"image":{"@id":"https:\/\/www.cruillabarcelona.cat\/es\/artists\/marcel-i-julia\/#primaryimage"},"thumbnailUrl":"https:\/\/www.cruillabarcelona.cat\/wp-content\/uploads\/2022\/03\/foto.jpeg","datePublished":"2022-03-30T09:52:50+00:00","dateModified":"2022-05-06T15:48:50+00:00","description":"Compra entradas para el concierto de Marcel i J\u00falia en el Festival Cru\u00eflla 2022, el 7 de julio de 2022 en el Parc del F\u00f2rum de Barcelona","breadcrumb":{"@id":"https:\/\/www.cruillabarcelona.cat\/es\/artists\/marcel-i-julia\/#breadcrumb"},"inLanguage":"es","potentialAction":[{"@type":"ReadAction","target":["https:\/\/www.cruillabarcelona.cat\/es\/artists\/marcel-i-julia\/"]}]},{"@type":"ImageObject","inLanguage":"es","@id":"https:\/\/www.cruillabarcelona.cat\/es\/artists\/marcel-i-julia\/#primaryimage","url":"https:\/\/www.cruillabarcelona.cat\/wp-content\/uploads\/2022\/03\/foto.jpeg","contentUrl":"https:\/\/www.cruillabarcelona.cat\/wp-content\/uploads\/2022\/03\/foto.jpeg","width":864,"height":864},{"@type":"BreadcrumbList","@id":"https:\/\/www.cruillabarcelona.cat\/es\/artists\/marcel-i-julia\/#breadcrumb","itemListElement":[{"@type":"ListItem","position":1,"name":"Home","item":"https:\/\/www.cruillabarcelona.cat\/es\/"},{"@type":"ListItem","position":2,"name":"Marcel i J\u00falia"}]},{"@type":"WebSite","@id":"https:\/\/www.cruillabarcelona.cat\/es\/#website","url":"https:\/\/www.cruillabarcelona.cat\/es\/","name":"Festival Cru\u00eflla","description":"","publisher":{"@id":"https:\/\/www.cruillabarcelona.cat\/es\/#organization"},"potentialAction":[{"@type":"SearchAction","target":{"@type":"EntryPoint","urlTemplate":"https:\/\/www.cruillabarcelona.cat\/es\/?s={search_term_string}"},"query-input":{"@type":"PropertyValueSpecification","valueRequired":true,"valueName":"search_term_string"}}],"inLanguage":"es"},{"@type":"Organization","@id":"https:\/\/www.cruillabarcelona.cat\/es\/#organization","name":"Festival Cru\u00eflla","url":"https:\/\/www.cruillabarcelona.cat\/es\/","logo":{"@type":"ImageObject","inLanguage":"es","@id":"https:\/\/www.cruillabarcelona.cat\/es\/#\/schema\/logo\/image\/","url":"https:\/\/www.cruillabarcelona.cat\/wp-content\/uploads\/2025\/12\/cruill-logo-negativo.png","contentUrl":"https:\/\/www.cruillabarcelona.cat\/wp-content\/uploads\/2025\/12\/cruill-logo-negativo.png","width":400,"height":101,"caption":"Festival Cru\u00eflla"},"image":{"@id":"https:\/\/www.cruillabarcelona.cat\/es\/#\/schema\/logo\/image\/"}}]}},"_links":{"self":[{"href":"https:\/\/www.cruillabarcelona.cat\/es\/wp-json\/wp\/v2\/artists\/42214","targetHints":{"allow":["GET"]}}],"collection":[{"href":"https:\/\/www.cruillabarcelona.cat\/es\/wp-json\/wp\/v2\/artists"}],"about":[{"href":"https:\/\/www.cruillabarcelona.cat\/es\/wp-json\/wp\/v2\/types\/artists"}],"acf:term":[{"embeddable":true,"taxonomy":"artists_edition","href":"https:\/\/www.cruillabarcelona.cat\/es\/wp-json\/wp\/v2\/artists_edition\/834"}],"wp:featuredmedia":[{"embeddable":true,"href":"https:\/\/www.cruillabarcelona.cat\/es\/wp-json\/wp\/v2\/media\/42308"}],"wp:attachment":[{"href":"https:\/\/www.cruillabarcelona.cat\/es\/wp-json\/wp\/v2\/media?parent=42214"}],"wp:term":[{"taxonomy":"artists_edition","embeddable":true,"href":"https:\/\/www.cruillabarcelona.cat\/es\/wp-json\/wp\/v2\/artists_edition?post=42214"}],"curies":[{"name":"wp","href":"https:\/\/api.w.org\/{rel}","templated":true}]}}

Marcel i Júlia

<h2>Ponte en órbita: Marcel y Júlia en el Festival Cruïlla 2022</h2>
<p>Decía la célebre Edith Piaf que «<em>cantar es una forma de escapar. Es otro mundo»</em>. Pero, ¿y si cantar no sólo fuera una manera de escapar hacia otro mundo, sino también de promoverlo? Esto se platean <strong>Marcel y Júlia</strong>. Aprovechan sus canciones para transmitir y hacer pensar en otra forma de relacionarse con el entorno. Menos artificial, más libre y natural.</p>
<p><strong>Marcel y Júlia</strong> presentan<em> En Òrbita</em>, un disco que, a pesar de ser su segundo trabajo de estudio después de <em>Pedalant endins</em>, quieren que sea el pistoletazo de salida de una nueva etapa. Ahora invitan al público a <strong>reflexionar</strong>, con una propuesta <strong>alegre y constructiva</strong>, sobre el cambio climático y la sostenibilidad de un modelo de sociedad que vive alejada de los ciclos naturales de la vida.</p>
<p>Pero que nadie dude que la reflexión será presentada en forma de <strong>fiesta</strong> el próximo <strong>7 de julio</strong> en el Parc del Fòrum cuando <strong>Marcel y Júlia</strong> actúen en el <strong>Festival Cruïlla 2022</strong>.</p>
<hr />
<p style="text-align: center;"><strong>Compra aquí tus entradas</strong></p>
<p style="text-align: center;"><a class="efsbutton button " target="_blank">ENTRADAS</a></p>
<p>&nbsp;</p>
<!-- auto-added video if acf/single-artist-video not used  --> <iframe style="width: 100%;max-width: 100%;height: auto;aspect-ratio: 16 / 9;" src="https://www.youtube-nocookie.com/embed/ZhhRM0C4IIY" frameborder="0" allow="accelerometer; autoplay; encrypted-media; gyroscope; picture-in-picture" allowfullscreen></iframe>

Festival Cruïlla 2022

<!-- This site is optimized with the Yoast SEO plugin v27.5 - https://yoast.com/product/yoast-seo-wordpress/ -->
<title>Concierto de Marcel i Júlia en el Festival Cruïlla, 7 de julio en Barcelona</title>
<meta name="description" content="Compra entradas para el concierto de Marcel i Júlia en el Festival Cruïlla 2022, el 7 de julio de 2022 en el Parc del Fòrum de Barcelona" />
<meta name="robots" content="index, follow, max-snippet:-1, max-image-preview:large, max-video-preview:-1" />
<link rel="canonical" href="https://www.cruillabarcelona.cat/es/artists/marcel-i-julia/" />
<meta property="og:locale" content="es_ES" />
<meta property="og:type" content="article" />
<meta property="og:title" content="Concierto de Marcel i Júlia en el Festival Cruïlla, 7 de julio en Barcelona" />
<meta property="og:description" content="Compra entradas para el concierto de Marcel i Júlia en el Festival Cruïlla 2022, el 7 de julio de 2022 en el Parc del Fòrum de Barcelona" />
<meta property="og:url" content="https://www.cruillabarcelona.cat/es/artists/marcel-i-julia/" />
<meta property="og:site_name" content="Festival Cruïlla" />
<meta property="article:modified_time" content="2022-05-06T15:48:50+00:00" />
<meta property="og:image" content="https://www.cruillabarcelona.cat/wp-content/uploads/2022/03/foto.jpeg" />
	<meta property="og:image:width" content="864" />
	<meta property="og:image:height" content="864" />
	<meta property="og:image:type" content="image/jpeg" />
<meta name="twitter:card" content="summary_large_image" />
<meta name="twitter:label1" content="Tiempo de lectura" />
	<meta name="twitter:data1" content="2 minutos" />
<script type="application/ld+json" class="yoast-schema-graph">{"@context":"https:\/\/schema.org","@graph":[{"@type":"WebPage","@id":"https:\/\/www.cruillabarcelona.cat\/es\/artists\/marcel-i-julia\/","url":"https:\/\/www.cruillabarcelona.cat\/es\/artists\/marcel-i-julia\/","name":"Concierto de Marcel i Júlia en el Festival Cruïlla, 7 de julio en Barcelona","isPartOf":{"@id":"https:\/\/www.cruillabarcelona.cat\/es\/#website"},"primaryImageOfPage":{"@id":"https:\/\/www.cruillabarcelona.cat\/es\/artists\/marcel-i-julia\/#primaryimage"},"image":{"@id":"https:\/\/www.cruillabarcelona.cat\/es\/artists\/marcel-i-julia\/#primaryimage"},"thumbnailUrl":"https:\/\/www.cruillabarcelona.cat\/wp-content\/uploads\/2022\/03\/foto.jpeg","datePublished":"2022-03-30T09:52:50+00:00","dateModified":"2022-05-06T15:48:50+00:00","description":"Compra entradas para el concierto de Marcel i Júlia en el Festival Cruïlla 2022, el 7 de julio de 2022 en el Parc del Fòrum de Barcelona","breadcrumb":{"@id":"https:\/\/www.cruillabarcelona.cat\/es\/artists\/marcel-i-julia\/#breadcrumb"},"inLanguage":"es","potentialAction":[{"@type":"ReadAction","target":["https:\/\/www.cruillabarcelona.cat\/es\/artists\/marcel-i-julia\/"]}]},{"@type":"ImageObject","inLanguage":"es","@id":"https:\/\/www.cruillabarcelona.cat\/es\/artists\/marcel-i-julia\/#primaryimage","url":"https:\/\/www.cruillabarcelona.cat\/wp-content\/uploads\/2022\/03\/foto.jpeg","contentUrl":"https:\/\/www.cruillabarcelona.cat\/wp-content\/uploads\/2022\/03\/foto.jpeg","width":864,"height":864},{"@type":"BreadcrumbList","@id":"https:\/\/www.cruillabarcelona.cat\/es\/artists\/marcel-i-julia\/#breadcrumb","itemListElement":[{"@type":"ListItem","position":1,"name":"Home","item":"https:\/\/www.cruillabarcelona.cat\/es\/"},{"@type":"ListItem","position":2,"name":"Marcel i Júlia"}]},{"@type":"WebSite","@id":"https:\/\/www.cruillabarcelona.cat\/es\/#website","url":"https:\/\/www.cruillabarcelona.cat\/es\/","name":"Festival Cruïlla","description":"","publisher":{"@id":"https:\/\/www.cruillabarcelona.cat\/es\/#organization"},"potentialAction":[{"@type":"SearchAction","target":{"@type":"EntryPoint","urlTemplate":"https:\/\/www.cruillabarcelona.cat\/es\/?s={search_term_string}"},"query-input":{"@type":"PropertyValueSpecification","valueRequired":true,"valueName":"search_term_string"}}],"inLanguage":"es"},{"@type":"Organization","@id":"https:\/\/www.cruillabarcelona.cat\/es\/#organization","name":"Festival Cruïlla","url":"https:\/\/www.cruillabarcelona.cat\/es\/","logo":{"@type":"ImageObject","inLanguage":"es","@id":"https:\/\/www.cruillabarcelona.cat\/es\/#\/schema\/logo\/image\/","url":"https:\/\/www.cruillabarcelona.cat\/wp-content\/uploads\/2025\/12\/cruill-logo-negativo.png","contentUrl":"https:\/\/www.cruillabarcelona.cat\/wp-content\/uploads\/2025\/12\/cruill-logo-negativo.png","width":400,"height":101,"caption":"Festival Cruïlla"},"image":{"@id":"https:\/\/www.cruillabarcelona.cat\/es\/#\/schema\/logo\/image\/"}}]}</script>
<!-- / Yoast SEO plugin. -->

Concierto de Marcel i Júlia en el Festival Cruïlla, 7 de julio en Barcelona

Compra entradas para el concierto de Marcel i Júlia en el Festival Cruïlla 2022, el 7 de julio de 2022 en el Parc del Fòrum de Barcelona

Festival Cruïlla
