{"id":42679,"date":"2022-04-07T12:30:05","date_gmt":"2022-04-07T10:30:05","guid":{"rendered":"https:\/\/www.cruillabarcelona.cat\/?post_type=artists&#038;p=42679"},"modified":"2023-03-27T11:22:17","modified_gmt":"2023-03-27T09:22:17","slug":"tomas-fuentes","status":"publish","type":"artists","link":"https:\/\/www.cruillabarcelona.cat\/es\/artists\/tomas-fuentes\/","title":{"rendered":"Tom\u00e0s Fuentes"},"content":{"rendered":"<h2>Tom\u00e0s Fuentes en el Cru\u00eflla Comedy 2023<\/h2>\n<p><strong>\u00a1Tom\u00e0s Fuentes<\/strong>\u00a0est\u00e1 metido en todo! Es guionista de\u00a0<em>La Compet\u00e8ncia<\/em>\u00a0y\u00a0<em>El Mundo Today<\/em>. Es una parte de\u00a0<em>La Ruina Show<\/em>\u00a0y las\u00a0<em>Charlas Talks<\/em>, la parodia de las TED Talks.<\/p>\n<p>Y por si no fuera suficiente, \u00a1tambi\u00e9n es nuestro fiel maestro de ceremonias del <strong>Cru\u00eflla Comedy 2023!\u00a0<\/strong>No te pierdas este referente del humor catal\u00e1n este verano.<\/p>\n<hr \/>\n<p style=\"text-align: center;\"><strong>C<\/strong><b>ompra aqu\u00ed tus entradas<\/b><\/p>\n<p style=\"text-align: center;\"><a class=\"efsbutton button \" target=\"_blank\">ENTRADAS<\/a><\/p>\n<p style=\"text-align: center;\"><em>Todos los humoristas del Comedy actuar\u00e1n el <strong>7 y 8 de julio<\/strong> en el Escenario Vallformosa, dentro del <strong>Festival Cru\u00eflla 2023<\/strong>. Para ver los espect\u00e1culos del Comedy, puedes comprar cualquier <strong>Abono Weekend, de tres o cuatro d\u00edas<\/strong>, o bien conseguir una <strong>entrada de d\u00eda<\/strong> del viernes o el s\u00e1bado.<\/em><\/p>\n","protected":false},"featured_media":42677,"template":"","meta":{"_acf_changed":false},"artists_edition":[881],"class_list":["post-42679","artists","type-artists","status-publish","has-post-thumbnail","hentry","artists_location-escenari-vallformosa","artists_edition-comedy-2023"],"acf":{"_thumbnail_id":42677,"youtube_player":"","artist_edition":[881],"artist_date":"20230708","artist_time":"19:45","artist_time_2":"","artist_location":[868],"artist_ticket_url":"https:\/\/www.cruillabarcelona.cat\/es\/tickets\/","artist_ticket_status":"","artist_extra_date__show":false,"artist_extra_date_2":null,"artist_time_of_date2":"","artist_extra_date_3":null,"artist_time_of_date3":"","artist_extra_date_4":null,"artist_time_of_date4":"","artist_extra_date_5":null,"artist_time_of_date5":"","artist_date__show_month":false,"artist_sidebar_active":true,"show_in_agenda":false,"artist_sidebar__banner_img":"","artist_sidebar__banner_link":"","artist_hero_content":"Festival Cru\u00eflla 2023","artist_style":false,"artist_nationality":false,"artist_audience_age":false},"yoast_head":"<!-- This site is optimized with the Yoast SEO plugin v27.5 - https:\/\/yoast.com\/product\/yoast-seo-wordpress\/ -->\n<title>Tom\u00e0s Fuentes en el Cru\u00eflla Comedy, el 8 de julio en Barcelona<\/title>\n<meta name=\"description\" content=\"Compra entradas para el Festival Cru\u00eflla, con Tom\u00e0s Fuentes en el Cru\u00eflla Comedy, el 8 de julio de 2023 en el Parc del F\u00f2rum de Barcelona\" \/>\n<meta name=\"robots\" content=\"index, follow, max-snippet:-1, max-image-preview:large, max-video-preview:-1\" \/>\n<link rel=\"canonical\" href=\"https:\/\/www.cruillabarcelona.cat\/es\/artists\/tomas-fuentes\/\" \/>\n<meta property=\"og:locale\" content=\"es_ES\" \/>\n<meta property=\"og:type\" content=\"article\" \/>\n<meta property=\"og:title\" content=\"Tom\u00e0s Fuentes en el Cru\u00eflla Comedy, el 8 de julio en Barcelona\" \/>\n<meta property=\"og:description\" content=\"Compra entradas para el Festival Cru\u00eflla, con Tom\u00e0s Fuentes en el Cru\u00eflla Comedy, el 8 de julio de 2023 en el Parc del F\u00f2rum de Barcelona\" \/>\n<meta property=\"og:url\" content=\"https:\/\/www.cruillabarcelona.cat\/es\/artists\/tomas-fuentes\/\" \/>\n<meta property=\"og:site_name\" content=\"Festival Cru\u00eflla\" \/>\n<meta property=\"article:modified_time\" content=\"2023-03-27T09:22:17+00:00\" \/>\n<meta property=\"og:image\" content=\"https:\/\/www.cruillabarcelona.cat\/wp-content\/uploads\/2022\/04\/CG-bn-Tomas-Fuentes-1-1-1024x684-1.jpeg\" \/>\n\t<meta property=\"og:image:width\" content=\"1024\" \/>\n\t<meta property=\"og:image:height\" content=\"684\" \/>\n\t<meta property=\"og:image:type\" content=\"image\/jpeg\" \/>\n<meta name=\"twitter:card\" content=\"summary_large_image\" \/>\n<meta name=\"twitter:label1\" content=\"Tiempo de lectura\" \/>\n\t<meta name=\"twitter:data1\" content=\"1 minuto\" \/>\n<script type=\"application\/ld+json\" class=\"yoast-schema-graph\">{\"@context\":\"https:\\\/\\\/schema.org\",\"@graph\":[{\"@type\":\"WebPage\",\"@id\":\"https:\\\/\\\/www.cruillabarcelona.cat\\\/es\\\/artists\\\/tomas-fuentes\\\/\",\"url\":\"https:\\\/\\\/www.cruillabarcelona.cat\\\/es\\\/artists\\\/tomas-fuentes\\\/\",\"name\":\"Tom\u00e0s Fuentes en el Cru\u00eflla Comedy, el 8 de julio en Barcelona\",\"isPartOf\":{\"@id\":\"https:\\\/\\\/www.cruillabarcelona.cat\\\/es\\\/#website\"},\"primaryImageOfPage\":{\"@id\":\"https:\\\/\\\/www.cruillabarcelona.cat\\\/es\\\/artists\\\/tomas-fuentes\\\/#primaryimage\"},\"image\":{\"@id\":\"https:\\\/\\\/www.cruillabarcelona.cat\\\/es\\\/artists\\\/tomas-fuentes\\\/#primaryimage\"},\"thumbnailUrl\":\"https:\\\/\\\/www.cruillabarcelona.cat\\\/wp-content\\\/uploads\\\/2022\\\/04\\\/CG-bn-Tomas-Fuentes-1-1-1024x684-1.jpeg\",\"datePublished\":\"2022-04-07T10:30:05+00:00\",\"dateModified\":\"2023-03-27T09:22:17+00:00\",\"description\":\"Compra entradas para el Festival Cru\u00eflla, con Tom\u00e0s Fuentes en el Cru\u00eflla Comedy, el 8 de julio de 2023 en el Parc del F\u00f2rum de Barcelona\",\"breadcrumb\":{\"@id\":\"https:\\\/\\\/www.cruillabarcelona.cat\\\/es\\\/artists\\\/tomas-fuentes\\\/#breadcrumb\"},\"inLanguage\":\"es\",\"potentialAction\":[{\"@type\":\"ReadAction\",\"target\":[\"https:\\\/\\\/www.cruillabarcelona.cat\\\/es\\\/artists\\\/tomas-fuentes\\\/\"]}]},{\"@type\":\"ImageObject\",\"inLanguage\":\"es\",\"@id\":\"https:\\\/\\\/www.cruillabarcelona.cat\\\/es\\\/artists\\\/tomas-fuentes\\\/#primaryimage\",\"url\":\"https:\\\/\\\/www.cruillabarcelona.cat\\\/wp-content\\\/uploads\\\/2022\\\/04\\\/CG-bn-Tomas-Fuentes-1-1-1024x684-1.jpeg\",\"contentUrl\":\"https:\\\/\\\/www.cruillabarcelona.cat\\\/wp-content\\\/uploads\\\/2022\\\/04\\\/CG-bn-Tomas-Fuentes-1-1-1024x684-1.jpeg\",\"width\":1024,\"height\":684},{\"@type\":\"BreadcrumbList\",\"@id\":\"https:\\\/\\\/www.cruillabarcelona.cat\\\/es\\\/artists\\\/tomas-fuentes\\\/#breadcrumb\",\"itemListElement\":[{\"@type\":\"ListItem\",\"position\":1,\"name\":\"Home\",\"item\":\"https:\\\/\\\/www.cruillabarcelona.cat\\\/es\\\/\"},{\"@type\":\"ListItem\",\"position\":2,\"name\":\"Tom\u00e0s Fuentes\"}]},{\"@type\":\"WebSite\",\"@id\":\"https:\\\/\\\/www.cruillabarcelona.cat\\\/es\\\/#website\",\"url\":\"https:\\\/\\\/www.cruillabarcelona.cat\\\/es\\\/\",\"name\":\"Festival Cru\u00eflla\",\"description\":\"\",\"publisher\":{\"@id\":\"https:\\\/\\\/www.cruillabarcelona.cat\\\/es\\\/#organization\"},\"potentialAction\":[{\"@type\":\"SearchAction\",\"target\":{\"@type\":\"EntryPoint\",\"urlTemplate\":\"https:\\\/\\\/www.cruillabarcelona.cat\\\/es\\\/?s={search_term_string}\"},\"query-input\":{\"@type\":\"PropertyValueSpecification\",\"valueRequired\":true,\"valueName\":\"search_term_string\"}}],\"inLanguage\":\"es\"},{\"@type\":\"Organization\",\"@id\":\"https:\\\/\\\/www.cruillabarcelona.cat\\\/es\\\/#organization\",\"name\":\"Festival Cru\u00eflla\",\"url\":\"https:\\\/\\\/www.cruillabarcelona.cat\\\/es\\\/\",\"logo\":{\"@type\":\"ImageObject\",\"inLanguage\":\"es\",\"@id\":\"https:\\\/\\\/www.cruillabarcelona.cat\\\/es\\\/#\\\/schema\\\/logo\\\/image\\\/\",\"url\":\"https:\\\/\\\/www.cruillabarcelona.cat\\\/wp-content\\\/uploads\\\/2025\\\/12\\\/cruill-logo-negativo.png\",\"contentUrl\":\"https:\\\/\\\/www.cruillabarcelona.cat\\\/wp-content\\\/uploads\\\/2025\\\/12\\\/cruill-logo-negativo.png\",\"width\":400,\"height\":101,\"caption\":\"Festival Cru\u00eflla\"},\"image\":{\"@id\":\"https:\\\/\\\/www.cruillabarcelona.cat\\\/es\\\/#\\\/schema\\\/logo\\\/image\\\/\"}}]}<\/script>\n<!-- \/ Yoast SEO plugin. -->","yoast_head_json":{"title":"Tom\u00e0s Fuentes en el Cru\u00eflla Comedy, el 8 de julio en Barcelona","description":"Compra entradas para el Festival Cru\u00eflla, con Tom\u00e0s Fuentes en el Cru\u00eflla Comedy, el 8 de julio de 2023 en el Parc del F\u00f2rum de Barcelona","robots":{"index":"index","follow":"follow","max-snippet":"max-snippet:-1","max-image-preview":"max-image-preview:large","max-video-preview":"max-video-preview:-1"},"canonical":"https:\/\/www.cruillabarcelona.cat\/es\/artists\/tomas-fuentes\/","og_locale":"es_ES","og_type":"article","og_title":"Tom\u00e0s Fuentes en el Cru\u00eflla Comedy, el 8 de julio en Barcelona","og_description":"Compra entradas para el Festival Cru\u00eflla, con Tom\u00e0s Fuentes en el Cru\u00eflla Comedy, el 8 de julio de 2023 en el Parc del F\u00f2rum de Barcelona","og_url":"https:\/\/www.cruillabarcelona.cat\/es\/artists\/tomas-fuentes\/","og_site_name":"Festival Cru\u00eflla","article_modified_time":"2023-03-27T09:22:17+00:00","og_image":[{"width":1024,"height":684,"url":"https:\/\/www.cruillabarcelona.cat\/wp-content\/uploads\/2022\/04\/CG-bn-Tomas-Fuentes-1-1-1024x684-1.jpeg","type":"image\/jpeg"}],"twitter_card":"summary_large_image","twitter_misc":{"Tiempo de lectura":"1 minuto"},"schema":{"@context":"https:\/\/schema.org","@graph":[{"@type":"WebPage","@id":"https:\/\/www.cruillabarcelona.cat\/es\/artists\/tomas-fuentes\/","url":"https:\/\/www.cruillabarcelona.cat\/es\/artists\/tomas-fuentes\/","name":"Tom\u00e0s Fuentes en el Cru\u00eflla Comedy, el 8 de julio en Barcelona","isPartOf":{"@id":"https:\/\/www.cruillabarcelona.cat\/es\/#website"},"primaryImageOfPage":{"@id":"https:\/\/www.cruillabarcelona.cat\/es\/artists\/tomas-fuentes\/#primaryimage"},"image":{"@id":"https:\/\/www.cruillabarcelona.cat\/es\/artists\/tomas-fuentes\/#primaryimage"},"thumbnailUrl":"https:\/\/www.cruillabarcelona.cat\/wp-content\/uploads\/2022\/04\/CG-bn-Tomas-Fuentes-1-1-1024x684-1.jpeg","datePublished":"2022-04-07T10:30:05+00:00","dateModified":"2023-03-27T09:22:17+00:00","description":"Compra entradas para el Festival Cru\u00eflla, con Tom\u00e0s Fuentes en el Cru\u00eflla Comedy, el 8 de julio de 2023 en el Parc del F\u00f2rum de Barcelona","breadcrumb":{"@id":"https:\/\/www.cruillabarcelona.cat\/es\/artists\/tomas-fuentes\/#breadcrumb"},"inLanguage":"es","potentialAction":[{"@type":"ReadAction","target":["https:\/\/www.cruillabarcelona.cat\/es\/artists\/tomas-fuentes\/"]}]},{"@type":"ImageObject","inLanguage":"es","@id":"https:\/\/www.cruillabarcelona.cat\/es\/artists\/tomas-fuentes\/#primaryimage","url":"https:\/\/www.cruillabarcelona.cat\/wp-content\/uploads\/2022\/04\/CG-bn-Tomas-Fuentes-1-1-1024x684-1.jpeg","contentUrl":"https:\/\/www.cruillabarcelona.cat\/wp-content\/uploads\/2022\/04\/CG-bn-Tomas-Fuentes-1-1-1024x684-1.jpeg","width":1024,"height":684},{"@type":"BreadcrumbList","@id":"https:\/\/www.cruillabarcelona.cat\/es\/artists\/tomas-fuentes\/#breadcrumb","itemListElement":[{"@type":"ListItem","position":1,"name":"Home","item":"https:\/\/www.cruillabarcelona.cat\/es\/"},{"@type":"ListItem","position":2,"name":"Tom\u00e0s Fuentes"}]},{"@type":"WebSite","@id":"https:\/\/www.cruillabarcelona.cat\/es\/#website","url":"https:\/\/www.cruillabarcelona.cat\/es\/","name":"Festival Cru\u00eflla","description":"","publisher":{"@id":"https:\/\/www.cruillabarcelona.cat\/es\/#organization"},"potentialAction":[{"@type":"SearchAction","target":{"@type":"EntryPoint","urlTemplate":"https:\/\/www.cruillabarcelona.cat\/es\/?s={search_term_string}"},"query-input":{"@type":"PropertyValueSpecification","valueRequired":true,"valueName":"search_term_string"}}],"inLanguage":"es"},{"@type":"Organization","@id":"https:\/\/www.cruillabarcelona.cat\/es\/#organization","name":"Festival Cru\u00eflla","url":"https:\/\/www.cruillabarcelona.cat\/es\/","logo":{"@type":"ImageObject","inLanguage":"es","@id":"https:\/\/www.cruillabarcelona.cat\/es\/#\/schema\/logo\/image\/","url":"https:\/\/www.cruillabarcelona.cat\/wp-content\/uploads\/2025\/12\/cruill-logo-negativo.png","contentUrl":"https:\/\/www.cruillabarcelona.cat\/wp-content\/uploads\/2025\/12\/cruill-logo-negativo.png","width":400,"height":101,"caption":"Festival Cru\u00eflla"},"image":{"@id":"https:\/\/www.cruillabarcelona.cat\/es\/#\/schema\/logo\/image\/"}}]}},"_links":{"self":[{"href":"https:\/\/www.cruillabarcelona.cat\/es\/wp-json\/wp\/v2\/artists\/42679","targetHints":{"allow":["GET"]}}],"collection":[{"href":"https:\/\/www.cruillabarcelona.cat\/es\/wp-json\/wp\/v2\/artists"}],"about":[{"href":"https:\/\/www.cruillabarcelona.cat\/es\/wp-json\/wp\/v2\/types\/artists"}],"acf:term":[{"embeddable":true,"taxonomy":"artists_location","href":"https:\/\/www.cruillabarcelona.cat\/es\/wp-json\/wp\/v2\/artists_location\/868"},{"embeddable":true,"taxonomy":"artists_edition","href":"https:\/\/www.cruillabarcelona.cat\/es\/wp-json\/wp\/v2\/artists_edition\/881"}],"wp:featuredmedia":[{"embeddable":true,"href":"https:\/\/www.cruillabarcelona.cat\/es\/wp-json\/wp\/v2\/media\/42677"}],"wp:attachment":[{"href":"https:\/\/www.cruillabarcelona.cat\/es\/wp-json\/wp\/v2\/media?parent=42679"}],"wp:term":[{"taxonomy":"artists_edition","embeddable":true,"href":"https:\/\/www.cruillabarcelona.cat\/es\/wp-json\/wp\/v2\/artists_edition?post=42679"}],"curies":[{"name":"wp","href":"https:\/\/api.w.org\/{rel}","templated":true}]}}

Tomàs Fuentes

<h2>Tomàs Fuentes en el Cruïlla Comedy 2023</h2>
<p><strong>¡Tomàs Fuentes</strong> está metido en todo! Es guionista de <em>La Competència</em> y <em>El Mundo Today</em>. Es una parte de <em>La Ruina Show</em> y las <em>Charlas Talks</em>, la parodia de las TED Talks.</p>
<p>Y por si no fuera suficiente, ¡también es nuestro fiel maestro de ceremonias del <strong>Cruïlla Comedy 2023! </strong>No te pierdas este referente del humor catalán este verano.</p>
<hr />
<p style="text-align: center;"><strong>C</strong><b>ompra aquí tus entradas</b></p>
<p style="text-align: center;"><a class="efsbutton button " target="_blank">ENTRADAS</a></p>
<p style="text-align: center;"><em>Todos los humoristas del Comedy actuarán el <strong>7 y 8 de julio</strong> en el Escenario Vallformosa, dentro del <strong>Festival Cruïlla 2023</strong>. Para ver los espectáculos del Comedy, puedes comprar cualquier <strong>Abono Weekend, de tres o cuatro días</strong>, o bien conseguir una <strong>entrada de día</strong> del viernes o el sábado.</em></p>

Festival Cruïlla 2023

<!-- This site is optimized with the Yoast SEO plugin v27.5 - https://yoast.com/product/yoast-seo-wordpress/ -->
<title>Tomàs Fuentes en el Cruïlla Comedy, el 8 de julio en Barcelona</title>
<meta name="description" content="Compra entradas para el Festival Cruïlla, con Tomàs Fuentes en el Cruïlla Comedy, el 8 de julio de 2023 en el Parc del Fòrum de Barcelona" />
<meta name="robots" content="index, follow, max-snippet:-1, max-image-preview:large, max-video-preview:-1" />
<link rel="canonical" href="https://www.cruillabarcelona.cat/es/artists/tomas-fuentes/" />
<meta property="og:locale" content="es_ES" />
<meta property="og:type" content="article" />
<meta property="og:title" content="Tomàs Fuentes en el Cruïlla Comedy, el 8 de julio en Barcelona" />
<meta property="og:description" content="Compra entradas para el Festival Cruïlla, con Tomàs Fuentes en el Cruïlla Comedy, el 8 de julio de 2023 en el Parc del Fòrum de Barcelona" />
<meta property="og:url" content="https://www.cruillabarcelona.cat/es/artists/tomas-fuentes/" />
<meta property="og:site_name" content="Festival Cruïlla" />
<meta property="article:modified_time" content="2023-03-27T09:22:17+00:00" />
<meta property="og:image" content="https://www.cruillabarcelona.cat/wp-content/uploads/2022/04/CG-bn-Tomas-Fuentes-1-1-1024x684-1.jpeg" />
	<meta property="og:image:width" content="1024" />
	<meta property="og:image:height" content="684" />
	<meta property="og:image:type" content="image/jpeg" />
<meta name="twitter:card" content="summary_large_image" />
<meta name="twitter:label1" content="Tiempo de lectura" />
	<meta name="twitter:data1" content="1 minuto" />
<script type="application/ld+json" class="yoast-schema-graph">{"@context":"https:\/\/schema.org","@graph":[{"@type":"WebPage","@id":"https:\/\/www.cruillabarcelona.cat\/es\/artists\/tomas-fuentes\/","url":"https:\/\/www.cruillabarcelona.cat\/es\/artists\/tomas-fuentes\/","name":"Tomàs Fuentes en el Cruïlla Comedy, el 8 de julio en Barcelona","isPartOf":{"@id":"https:\/\/www.cruillabarcelona.cat\/es\/#website"},"primaryImageOfPage":{"@id":"https:\/\/www.cruillabarcelona.cat\/es\/artists\/tomas-fuentes\/#primaryimage"},"image":{"@id":"https:\/\/www.cruillabarcelona.cat\/es\/artists\/tomas-fuentes\/#primaryimage"},"thumbnailUrl":"https:\/\/www.cruillabarcelona.cat\/wp-content\/uploads\/2022\/04\/CG-bn-Tomas-Fuentes-1-1-1024x684-1.jpeg","datePublished":"2022-04-07T10:30:05+00:00","dateModified":"2023-03-27T09:22:17+00:00","description":"Compra entradas para el Festival Cruïlla, con Tomàs Fuentes en el Cruïlla Comedy, el 8 de julio de 2023 en el Parc del Fòrum de Barcelona","breadcrumb":{"@id":"https:\/\/www.cruillabarcelona.cat\/es\/artists\/tomas-fuentes\/#breadcrumb"},"inLanguage":"es","potentialAction":[{"@type":"ReadAction","target":["https:\/\/www.cruillabarcelona.cat\/es\/artists\/tomas-fuentes\/"]}]},{"@type":"ImageObject","inLanguage":"es","@id":"https:\/\/www.cruillabarcelona.cat\/es\/artists\/tomas-fuentes\/#primaryimage","url":"https:\/\/www.cruillabarcelona.cat\/wp-content\/uploads\/2022\/04\/CG-bn-Tomas-Fuentes-1-1-1024x684-1.jpeg","contentUrl":"https:\/\/www.cruillabarcelona.cat\/wp-content\/uploads\/2022\/04\/CG-bn-Tomas-Fuentes-1-1-1024x684-1.jpeg","width":1024,"height":684},{"@type":"BreadcrumbList","@id":"https:\/\/www.cruillabarcelona.cat\/es\/artists\/tomas-fuentes\/#breadcrumb","itemListElement":[{"@type":"ListItem","position":1,"name":"Home","item":"https:\/\/www.cruillabarcelona.cat\/es\/"},{"@type":"ListItem","position":2,"name":"Tomàs Fuentes"}]},{"@type":"WebSite","@id":"https:\/\/www.cruillabarcelona.cat\/es\/#website","url":"https:\/\/www.cruillabarcelona.cat\/es\/","name":"Festival Cruïlla","description":"","publisher":{"@id":"https:\/\/www.cruillabarcelona.cat\/es\/#organization"},"potentialAction":[{"@type":"SearchAction","target":{"@type":"EntryPoint","urlTemplate":"https:\/\/www.cruillabarcelona.cat\/es\/?s={search_term_string}"},"query-input":{"@type":"PropertyValueSpecification","valueRequired":true,"valueName":"search_term_string"}}],"inLanguage":"es"},{"@type":"Organization","@id":"https:\/\/www.cruillabarcelona.cat\/es\/#organization","name":"Festival Cruïlla","url":"https:\/\/www.cruillabarcelona.cat\/es\/","logo":{"@type":"ImageObject","inLanguage":"es","@id":"https:\/\/www.cruillabarcelona.cat\/es\/#\/schema\/logo\/image\/","url":"https:\/\/www.cruillabarcelona.cat\/wp-content\/uploads\/2025\/12\/cruill-logo-negativo.png","contentUrl":"https:\/\/www.cruillabarcelona.cat\/wp-content\/uploads\/2025\/12\/cruill-logo-negativo.png","width":400,"height":101,"caption":"Festival Cruïlla"},"image":{"@id":"https:\/\/www.cruillabarcelona.cat\/es\/#\/schema\/logo\/image\/"}}]}</script>
<!-- / Yoast SEO plugin. -->

Tomàs Fuentes en el Cruïlla Comedy, el 8 de julio en Barcelona

Compra entradas para el Festival Cruïlla, con Tomàs Fuentes en el Cruïlla Comedy, el 8 de julio de 2023 en el Parc del Fòrum de Barcelona

Festival Cruïlla
