{"id":46270,"date":"2022-12-14T13:02:58","date_gmt":"2022-12-14T11:02:58","guid":{"rendered":"https:\/\/www.cruillabarcelona.cat\/?post_type=artists&#038;p=46270"},"modified":"2023-05-12T18:25:10","modified_gmt":"2023-05-12T16:25:10","slug":"amaia","status":"publish","type":"artists","link":"https:\/\/www.cruillabarcelona.cat\/es\/artists\/amaia\/","title":{"rendered":"Amaia"},"content":{"rendered":"<h2>Amaia en concierto en el Festival Cru\u00eflla 2023<\/h2>\n<h3>Naturalidad inesperada<\/h3>\n<p><strong>Amaia no hace lo que se espera.<\/strong> Y en la \u00faltima edici\u00f3n del festival, <strong>aunque no lo esper\u00e1bamos, estuvo.<\/strong> Apareci\u00f3 por sorpresa en el concierto de <strong>Rigoberta Bandini<\/strong> y, juntas, <strong>hicieron vibrar al p\u00fablico con el himno feminista <em>As\u00ed bailaba<\/em><\/strong>, que son\u00f3 por primera vez en directo.<\/p>\n<p>Y ahora, <strong>llega al escenario del Festival Cru\u00eflla 2023<\/strong> para presentarnos el \u00e1lbum <strong><em>Cuando no s\u00e9 qui\u00e9n soy<\/em> <\/strong>(2022). La artista empez\u00f3 su carrera discogr\u00e1fica compartiendo el miedo que le hac\u00edamos observando cada uno de sus pasos \u201ca trav\u00e9s del cristal\u201d y unos a\u00f1os y una pandemia despu\u00e9s, nos abre su coraz\u00f3n para hablar de la dualidad de la edad en la que se encuentra: \u201c<strong>Ya no soy peque\u00f1a, tampoco soy mayor. Quiero ser lo que se espera de m\u00ed y seguir siendo yo a la vez<\/strong>\u201d. \u00bfY qui\u00e9n no se ha sentido identificado en alg\u00fan momento de la vida (o a menudo!) con estas contradicciones?<\/p>\n<p>El pr\u00f3ximo<strong> s\u00e1bado 8 de julio Amaia llegar\u00e1 al Festival Cru\u00eflla 2023 de forma esperada para darnos la bienvenida a su show<\/strong>, con todas las contradicciones posibles, con delicadeza, frenetismo, \u00a1pero sobre todo con la naturalidad que la identifica!<\/p>\n<hr \/>\n<p style=\"text-align: center;\"><em>Consigue tu entrada o abono del Cru\u00eflla 2023:<\/em><\/p>\n<p style=\"text-align: center;\"><a class=\"efsbutton button \" target=\"_blank\">ENTRADAS<\/a><\/p>\n<!-- auto-added video if acf\/single-artist-video not used  --> <iframe style=\"width: 100%;max-width: 100%;height: auto;aspect-ratio: 16 \/ 9;\" src=\"https:\/\/www.youtube-nocookie.com\/embed\/DfhjLszBll8\" frameborder=\"0\" allow=\"accelerometer; autoplay; encrypted-media; gyroscope; picture-in-picture\" allowfullscreen><\/iframe>","protected":false},"featured_media":46378,"template":"","meta":{"_acf_changed":false},"artists_edition":[877],"class_list":["post-46270","artists","type-artists","status-publish","has-post-thumbnail","hentry","artists_location-escenari-vueling","artists_edition-877"],"acf":{"_thumbnail_id":46378,"youtube_player":"DfhjLszBll8","artist_edition":[877],"artist_date":"20230708","artist_time":"22:30","artist_time_2":"","artist_location":[875],"artist_ticket_url":"https:\/\/www.cruillabarcelona.cat\/es\/tickets\/\"","artist_ticket_status":"","artist_extra_date__show":false,"artist_extra_date_2":null,"artist_time_of_date2":"","artist_extra_date_3":null,"artist_time_of_date3":"","artist_extra_date_4":null,"artist_time_of_date4":"","artist_extra_date_5":null,"artist_time_of_date5":"","artist_date__show_month":true,"artist_sidebar_active":true,"show_in_agenda":false,"artist_sidebar__banner_img":"","artist_sidebar__banner_link":"https:\/\/www.cruillabarcelona.cat\/tickets\/","artist_hero_content":"Festival Cru\u00eflla 2023","artist_style":false,"artist_nationality":false,"artist_audience_age":false},"yoast_head":"<!-- This site is optimized with the Yoast SEO plugin v27.5 - https:\/\/yoast.com\/product\/yoast-seo-wordpress\/ -->\n<title>Amaia en concierto en el Festival Cru\u00eflla 2023<\/title>\n<meta name=\"description\" content=\"Compra entradas para el concierto de Amaia en el Festival Cru\u00eflla, el 8 de julio de 2023 en el Parc del F\u00f2rum de Barcelona\" \/>\n<meta name=\"robots\" content=\"index, follow, max-snippet:-1, max-image-preview:large, max-video-preview:-1\" \/>\n<link rel=\"canonical\" href=\"https:\/\/www.cruillabarcelona.cat\/es\/artists\/amaia\/\" \/>\n<meta property=\"og:locale\" content=\"es_ES\" \/>\n<meta property=\"og:type\" content=\"article\" \/>\n<meta property=\"og:title\" content=\"Amaia en concierto en el Festival Cru\u00eflla 2023\" \/>\n<meta property=\"og:description\" content=\"Compra entradas para el concierto de Amaia en el Festival Cru\u00eflla, el 8 de julio de 2023 en el Parc del F\u00f2rum de Barcelona\" \/>\n<meta property=\"og:url\" content=\"https:\/\/www.cruillabarcelona.cat\/es\/artists\/amaia\/\" \/>\n<meta property=\"og:site_name\" content=\"Festival Cru\u00eflla\" \/>\n<meta property=\"article:modified_time\" content=\"2023-05-12T16:25:10+00:00\" \/>\n<meta property=\"og:image\" content=\"https:\/\/www.cruillabarcelona.cat\/wp-content\/uploads\/2022\/12\/1_AMAIAXVIRGILIJUBERO_05-2.jpg\" \/>\n\t<meta property=\"og:image:width\" content=\"1570\" \/>\n\t<meta property=\"og:image:height\" content=\"1569\" \/>\n\t<meta property=\"og:image:type\" content=\"image\/jpeg\" \/>\n<meta name=\"twitter:card\" content=\"summary_large_image\" \/>\n<meta name=\"twitter:label1\" content=\"Tiempo de lectura\" \/>\n\t<meta name=\"twitter:data1\" content=\"2 minutos\" \/>\n<script type=\"application\/ld+json\" class=\"yoast-schema-graph\">{\"@context\":\"https:\\\/\\\/schema.org\",\"@graph\":[{\"@type\":\"WebPage\",\"@id\":\"https:\\\/\\\/www.cruillabarcelona.cat\\\/es\\\/artists\\\/amaia\\\/\",\"url\":\"https:\\\/\\\/www.cruillabarcelona.cat\\\/es\\\/artists\\\/amaia\\\/\",\"name\":\"Amaia en concierto en el Festival Cru\u00eflla 2023\",\"isPartOf\":{\"@id\":\"https:\\\/\\\/www.cruillabarcelona.cat\\\/es\\\/#website\"},\"primaryImageOfPage\":{\"@id\":\"https:\\\/\\\/www.cruillabarcelona.cat\\\/es\\\/artists\\\/amaia\\\/#primaryimage\"},\"image\":{\"@id\":\"https:\\\/\\\/www.cruillabarcelona.cat\\\/es\\\/artists\\\/amaia\\\/#primaryimage\"},\"thumbnailUrl\":\"https:\\\/\\\/www.cruillabarcelona.cat\\\/wp-content\\\/uploads\\\/2022\\\/12\\\/1_AMAIAXVIRGILIJUBERO_05-2.jpg\",\"datePublished\":\"2022-12-14T11:02:58+00:00\",\"dateModified\":\"2023-05-12T16:25:10+00:00\",\"description\":\"Compra entradas para el concierto de Amaia en el Festival Cru\u00eflla, el 8 de julio de 2023 en el Parc del F\u00f2rum de Barcelona\",\"breadcrumb\":{\"@id\":\"https:\\\/\\\/www.cruillabarcelona.cat\\\/es\\\/artists\\\/amaia\\\/#breadcrumb\"},\"inLanguage\":\"es\",\"potentialAction\":[{\"@type\":\"ReadAction\",\"target\":[\"https:\\\/\\\/www.cruillabarcelona.cat\\\/es\\\/artists\\\/amaia\\\/\"]}]},{\"@type\":\"ImageObject\",\"inLanguage\":\"es\",\"@id\":\"https:\\\/\\\/www.cruillabarcelona.cat\\\/es\\\/artists\\\/amaia\\\/#primaryimage\",\"url\":\"https:\\\/\\\/www.cruillabarcelona.cat\\\/wp-content\\\/uploads\\\/2022\\\/12\\\/1_AMAIAXVIRGILIJUBERO_05-2.jpg\",\"contentUrl\":\"https:\\\/\\\/www.cruillabarcelona.cat\\\/wp-content\\\/uploads\\\/2022\\\/12\\\/1_AMAIAXVIRGILIJUBERO_05-2.jpg\",\"width\":1570,\"height\":1569},{\"@type\":\"BreadcrumbList\",\"@id\":\"https:\\\/\\\/www.cruillabarcelona.cat\\\/es\\\/artists\\\/amaia\\\/#breadcrumb\",\"itemListElement\":[{\"@type\":\"ListItem\",\"position\":1,\"name\":\"Home\",\"item\":\"https:\\\/\\\/www.cruillabarcelona.cat\\\/es\\\/\"},{\"@type\":\"ListItem\",\"position\":2,\"name\":\"Amaia\"}]},{\"@type\":\"WebSite\",\"@id\":\"https:\\\/\\\/www.cruillabarcelona.cat\\\/es\\\/#website\",\"url\":\"https:\\\/\\\/www.cruillabarcelona.cat\\\/es\\\/\",\"name\":\"Festival Cru\u00eflla\",\"description\":\"\",\"publisher\":{\"@id\":\"https:\\\/\\\/www.cruillabarcelona.cat\\\/es\\\/#organization\"},\"potentialAction\":[{\"@type\":\"SearchAction\",\"target\":{\"@type\":\"EntryPoint\",\"urlTemplate\":\"https:\\\/\\\/www.cruillabarcelona.cat\\\/es\\\/?s={search_term_string}\"},\"query-input\":{\"@type\":\"PropertyValueSpecification\",\"valueRequired\":true,\"valueName\":\"search_term_string\"}}],\"inLanguage\":\"es\"},{\"@type\":\"Organization\",\"@id\":\"https:\\\/\\\/www.cruillabarcelona.cat\\\/es\\\/#organization\",\"name\":\"Festival Cru\u00eflla\",\"url\":\"https:\\\/\\\/www.cruillabarcelona.cat\\\/es\\\/\",\"logo\":{\"@type\":\"ImageObject\",\"inLanguage\":\"es\",\"@id\":\"https:\\\/\\\/www.cruillabarcelona.cat\\\/es\\\/#\\\/schema\\\/logo\\\/image\\\/\",\"url\":\"https:\\\/\\\/www.cruillabarcelona.cat\\\/wp-content\\\/uploads\\\/2025\\\/12\\\/cruill-logo-negativo.png\",\"contentUrl\":\"https:\\\/\\\/www.cruillabarcelona.cat\\\/wp-content\\\/uploads\\\/2025\\\/12\\\/cruill-logo-negativo.png\",\"width\":400,\"height\":101,\"caption\":\"Festival Cru\u00eflla\"},\"image\":{\"@id\":\"https:\\\/\\\/www.cruillabarcelona.cat\\\/es\\\/#\\\/schema\\\/logo\\\/image\\\/\"}}]}<\/script>\n<!-- \/ Yoast SEO plugin. -->","yoast_head_json":{"title":"Amaia en concierto en el Festival Cru\u00eflla 2023","description":"Compra entradas para el concierto de Amaia en el Festival Cru\u00eflla, el 8 de julio de 2023 en el Parc del F\u00f2rum de Barcelona","robots":{"index":"index","follow":"follow","max-snippet":"max-snippet:-1","max-image-preview":"max-image-preview:large","max-video-preview":"max-video-preview:-1"},"canonical":"https:\/\/www.cruillabarcelona.cat\/es\/artists\/amaia\/","og_locale":"es_ES","og_type":"article","og_title":"Amaia en concierto en el Festival Cru\u00eflla 2023","og_description":"Compra entradas para el concierto de Amaia en el Festival Cru\u00eflla, el 8 de julio de 2023 en el Parc del F\u00f2rum de Barcelona","og_url":"https:\/\/www.cruillabarcelona.cat\/es\/artists\/amaia\/","og_site_name":"Festival Cru\u00eflla","article_modified_time":"2023-05-12T16:25:10+00:00","og_image":[{"width":1570,"height":1569,"url":"https:\/\/www.cruillabarcelona.cat\/wp-content\/uploads\/2022\/12\/1_AMAIAXVIRGILIJUBERO_05-2.jpg","type":"image\/jpeg"}],"twitter_card":"summary_large_image","twitter_misc":{"Tiempo de lectura":"2 minutos"},"schema":{"@context":"https:\/\/schema.org","@graph":[{"@type":"WebPage","@id":"https:\/\/www.cruillabarcelona.cat\/es\/artists\/amaia\/","url":"https:\/\/www.cruillabarcelona.cat\/es\/artists\/amaia\/","name":"Amaia en concierto en el Festival Cru\u00eflla 2023","isPartOf":{"@id":"https:\/\/www.cruillabarcelona.cat\/es\/#website"},"primaryImageOfPage":{"@id":"https:\/\/www.cruillabarcelona.cat\/es\/artists\/amaia\/#primaryimage"},"image":{"@id":"https:\/\/www.cruillabarcelona.cat\/es\/artists\/amaia\/#primaryimage"},"thumbnailUrl":"https:\/\/www.cruillabarcelona.cat\/wp-content\/uploads\/2022\/12\/1_AMAIAXVIRGILIJUBERO_05-2.jpg","datePublished":"2022-12-14T11:02:58+00:00","dateModified":"2023-05-12T16:25:10+00:00","description":"Compra entradas para el concierto de Amaia en el Festival Cru\u00eflla, el 8 de julio de 2023 en el Parc del F\u00f2rum de Barcelona","breadcrumb":{"@id":"https:\/\/www.cruillabarcelona.cat\/es\/artists\/amaia\/#breadcrumb"},"inLanguage":"es","potentialAction":[{"@type":"ReadAction","target":["https:\/\/www.cruillabarcelona.cat\/es\/artists\/amaia\/"]}]},{"@type":"ImageObject","inLanguage":"es","@id":"https:\/\/www.cruillabarcelona.cat\/es\/artists\/amaia\/#primaryimage","url":"https:\/\/www.cruillabarcelona.cat\/wp-content\/uploads\/2022\/12\/1_AMAIAXVIRGILIJUBERO_05-2.jpg","contentUrl":"https:\/\/www.cruillabarcelona.cat\/wp-content\/uploads\/2022\/12\/1_AMAIAXVIRGILIJUBERO_05-2.jpg","width":1570,"height":1569},{"@type":"BreadcrumbList","@id":"https:\/\/www.cruillabarcelona.cat\/es\/artists\/amaia\/#breadcrumb","itemListElement":[{"@type":"ListItem","position":1,"name":"Home","item":"https:\/\/www.cruillabarcelona.cat\/es\/"},{"@type":"ListItem","position":2,"name":"Amaia"}]},{"@type":"WebSite","@id":"https:\/\/www.cruillabarcelona.cat\/es\/#website","url":"https:\/\/www.cruillabarcelona.cat\/es\/","name":"Festival Cru\u00eflla","description":"","publisher":{"@id":"https:\/\/www.cruillabarcelona.cat\/es\/#organization"},"potentialAction":[{"@type":"SearchAction","target":{"@type":"EntryPoint","urlTemplate":"https:\/\/www.cruillabarcelona.cat\/es\/?s={search_term_string}"},"query-input":{"@type":"PropertyValueSpecification","valueRequired":true,"valueName":"search_term_string"}}],"inLanguage":"es"},{"@type":"Organization","@id":"https:\/\/www.cruillabarcelona.cat\/es\/#organization","name":"Festival Cru\u00eflla","url":"https:\/\/www.cruillabarcelona.cat\/es\/","logo":{"@type":"ImageObject","inLanguage":"es","@id":"https:\/\/www.cruillabarcelona.cat\/es\/#\/schema\/logo\/image\/","url":"https:\/\/www.cruillabarcelona.cat\/wp-content\/uploads\/2025\/12\/cruill-logo-negativo.png","contentUrl":"https:\/\/www.cruillabarcelona.cat\/wp-content\/uploads\/2025\/12\/cruill-logo-negativo.png","width":400,"height":101,"caption":"Festival Cru\u00eflla"},"image":{"@id":"https:\/\/www.cruillabarcelona.cat\/es\/#\/schema\/logo\/image\/"}}]}},"_links":{"self":[{"href":"https:\/\/www.cruillabarcelona.cat\/es\/wp-json\/wp\/v2\/artists\/46270","targetHints":{"allow":["GET"]}}],"collection":[{"href":"https:\/\/www.cruillabarcelona.cat\/es\/wp-json\/wp\/v2\/artists"}],"about":[{"href":"https:\/\/www.cruillabarcelona.cat\/es\/wp-json\/wp\/v2\/types\/artists"}],"acf:term":[{"embeddable":true,"taxonomy":"artists_location","href":"https:\/\/www.cruillabarcelona.cat\/es\/wp-json\/wp\/v2\/artists_location\/875"},{"embeddable":true,"taxonomy":"artists_edition","href":"https:\/\/www.cruillabarcelona.cat\/es\/wp-json\/wp\/v2\/artists_edition\/877"}],"wp:featuredmedia":[{"embeddable":true,"href":"https:\/\/www.cruillabarcelona.cat\/es\/wp-json\/wp\/v2\/media\/46378"}],"wp:attachment":[{"href":"https:\/\/www.cruillabarcelona.cat\/es\/wp-json\/wp\/v2\/media?parent=46270"}],"wp:term":[{"taxonomy":"artists_edition","embeddable":true,"href":"https:\/\/www.cruillabarcelona.cat\/es\/wp-json\/wp\/v2\/artists_edition?post=46270"}],"curies":[{"name":"wp","href":"https:\/\/api.w.org\/{rel}","templated":true}]}}

<h2>Amaia en concierto en el Festival Cruïlla 2023</h2>
<h3>Naturalidad inesperada</h3>
<p><strong>Amaia no hace lo que se espera.</strong> Y en la última edición del festival, <strong>aunque no lo esperábamos, estuvo.</strong> Apareció por sorpresa en el concierto de <strong>Rigoberta Bandini</strong> y, juntas, <strong>hicieron vibrar al público con el himno feminista <em>Así bailaba</em></strong>, que sonó por primera vez en directo.</p>
<p>Y ahora, <strong>llega al escenario del Festival Cruïlla 2023</strong> para presentarnos el álbum <strong><em>Cuando no sé quién soy</em> </strong>(2022). La artista empezó su carrera discográfica compartiendo el miedo que le hacíamos observando cada uno de sus pasos “a través del cristal” y unos años y una pandemia después, nos abre su corazón para hablar de la dualidad de la edad en la que se encuentra: “<strong>Ya no soy pequeña, tampoco soy mayor. Quiero ser lo que se espera de mí y seguir siendo yo a la vez</strong>”. ¿Y quién no se ha sentido identificado en algún momento de la vida (o a menudo!) con estas contradicciones?</p>
<p>El próximo<strong> sábado 8 de julio Amaia llegará al Festival Cruïlla 2023 de forma esperada para darnos la bienvenida a su show</strong>, con todas las contradicciones posibles, con delicadeza, frenetismo, ¡pero sobre todo con la naturalidad que la identifica!</p>
<hr />
<p style="text-align: center;"><em>Consigue tu entrada o abono del Cruïlla 2023:</em></p>
<p style="text-align: center;"><a class="efsbutton button " target="_blank">ENTRADAS</a></p>
<!-- auto-added video if acf/single-artist-video not used  --> <iframe style="width: 100%;max-width: 100%;height: auto;aspect-ratio: 16 / 9;" src="https://www.youtube-nocookie.com/embed/DfhjLszBll8" frameborder="0" allow="accelerometer; autoplay; encrypted-media; gyroscope; picture-in-picture" allowfullscreen></iframe>

Festival Cruïlla 2023

<!-- This site is optimized with the Yoast SEO plugin v27.5 - https://yoast.com/product/yoast-seo-wordpress/ -->
<title>Amaia en concierto en el Festival Cruïlla 2023</title>
<meta name="description" content="Compra entradas para el concierto de Amaia en el Festival Cruïlla, el 8 de julio de 2023 en el Parc del Fòrum de Barcelona" />
<meta name="robots" content="index, follow, max-snippet:-1, max-image-preview:large, max-video-preview:-1" />
<link rel="canonical" href="https://www.cruillabarcelona.cat/es/artists/amaia/" />
<meta property="og:locale" content="es_ES" />
<meta property="og:type" content="article" />
<meta property="og:title" content="Amaia en concierto en el Festival Cruïlla 2023" />
<meta property="og:description" content="Compra entradas para el concierto de Amaia en el Festival Cruïlla, el 8 de julio de 2023 en el Parc del Fòrum de Barcelona" />
<meta property="og:url" content="https://www.cruillabarcelona.cat/es/artists/amaia/" />
<meta property="og:site_name" content="Festival Cruïlla" />
<meta property="article:modified_time" content="2023-05-12T16:25:10+00:00" />
<meta property="og:image" content="https://www.cruillabarcelona.cat/wp-content/uploads/2022/12/1_AMAIAXVIRGILIJUBERO_05-2.jpg" />
	<meta property="og:image:width" content="1570" />
	<meta property="og:image:height" content="1569" />
	<meta property="og:image:type" content="image/jpeg" />
<meta name="twitter:card" content="summary_large_image" />
<meta name="twitter:label1" content="Tiempo de lectura" />
	<meta name="twitter:data1" content="2 minutos" />
<script type="application/ld+json" class="yoast-schema-graph">{"@context":"https:\/\/schema.org","@graph":[{"@type":"WebPage","@id":"https:\/\/www.cruillabarcelona.cat\/es\/artists\/amaia\/","url":"https:\/\/www.cruillabarcelona.cat\/es\/artists\/amaia\/","name":"Amaia en concierto en el Festival Cruïlla 2023","isPartOf":{"@id":"https:\/\/www.cruillabarcelona.cat\/es\/#website"},"primaryImageOfPage":{"@id":"https:\/\/www.cruillabarcelona.cat\/es\/artists\/amaia\/#primaryimage"},"image":{"@id":"https:\/\/www.cruillabarcelona.cat\/es\/artists\/amaia\/#primaryimage"},"thumbnailUrl":"https:\/\/www.cruillabarcelona.cat\/wp-content\/uploads\/2022\/12\/1_AMAIAXVIRGILIJUBERO_05-2.jpg","datePublished":"2022-12-14T11:02:58+00:00","dateModified":"2023-05-12T16:25:10+00:00","description":"Compra entradas para el concierto de Amaia en el Festival Cruïlla, el 8 de julio de 2023 en el Parc del Fòrum de Barcelona","breadcrumb":{"@id":"https:\/\/www.cruillabarcelona.cat\/es\/artists\/amaia\/#breadcrumb"},"inLanguage":"es","potentialAction":[{"@type":"ReadAction","target":["https:\/\/www.cruillabarcelona.cat\/es\/artists\/amaia\/"]}]},{"@type":"ImageObject","inLanguage":"es","@id":"https:\/\/www.cruillabarcelona.cat\/es\/artists\/amaia\/#primaryimage","url":"https:\/\/www.cruillabarcelona.cat\/wp-content\/uploads\/2022\/12\/1_AMAIAXVIRGILIJUBERO_05-2.jpg","contentUrl":"https:\/\/www.cruillabarcelona.cat\/wp-content\/uploads\/2022\/12\/1_AMAIAXVIRGILIJUBERO_05-2.jpg","width":1570,"height":1569},{"@type":"BreadcrumbList","@id":"https:\/\/www.cruillabarcelona.cat\/es\/artists\/amaia\/#breadcrumb","itemListElement":[{"@type":"ListItem","position":1,"name":"Home","item":"https:\/\/www.cruillabarcelona.cat\/es\/"},{"@type":"ListItem","position":2,"name":"Amaia"}]},{"@type":"WebSite","@id":"https:\/\/www.cruillabarcelona.cat\/es\/#website","url":"https:\/\/www.cruillabarcelona.cat\/es\/","name":"Festival Cruïlla","description":"","publisher":{"@id":"https:\/\/www.cruillabarcelona.cat\/es\/#organization"},"potentialAction":[{"@type":"SearchAction","target":{"@type":"EntryPoint","urlTemplate":"https:\/\/www.cruillabarcelona.cat\/es\/?s={search_term_string}"},"query-input":{"@type":"PropertyValueSpecification","valueRequired":true,"valueName":"search_term_string"}}],"inLanguage":"es"},{"@type":"Organization","@id":"https:\/\/www.cruillabarcelona.cat\/es\/#organization","name":"Festival Cruïlla","url":"https:\/\/www.cruillabarcelona.cat\/es\/","logo":{"@type":"ImageObject","inLanguage":"es","@id":"https:\/\/www.cruillabarcelona.cat\/es\/#\/schema\/logo\/image\/","url":"https:\/\/www.cruillabarcelona.cat\/wp-content\/uploads\/2025\/12\/cruill-logo-negativo.png","contentUrl":"https:\/\/www.cruillabarcelona.cat\/wp-content\/uploads\/2025\/12\/cruill-logo-negativo.png","width":400,"height":101,"caption":"Festival Cruïlla"},"image":{"@id":"https:\/\/www.cruillabarcelona.cat\/es\/#\/schema\/logo\/image\/"}}]}</script>
<!-- / Yoast SEO plugin. -->

Amaia en concierto en el Festival Cruïlla 2023

Compra entradas para el concierto de Amaia en el Festival Cruïlla, el 8 de julio de 2023 en el Parc del Fòrum de Barcelona

Festival Cruïlla
