{"id":46819,"date":"2022-12-14T13:09:07","date_gmt":"2022-12-14T11:09:07","guid":{"rendered":"https:\/\/www.cruillabarcelona.cat\/artists\/leiva\/"},"modified":"2023-05-23T16:30:29","modified_gmt":"2023-05-23T14:30:29","slug":"leiva","status":"publish","type":"artists","link":"https:\/\/www.cruillabarcelona.cat\/es\/artists\/leiva\/","title":{"rendered":"Leiva"},"content":{"rendered":"<h2>\u00a1Leiva en concierto en el Cru\u00eflla 2023!<\/h2>\n<h3>Entre la hipnosis y la dinamita<\/h3>\n<p>A\u00f1o 1999. Un grupo de amigos se unen para crear una banda de rock y le llaman <strong>Pereza<\/strong>. Poco despu\u00e9s, el \u00e1lbum <strong><em>Animales<\/em><\/strong> les convierte en un fen\u00f3meno nacional e internacional. Y uno de sus miembros destaca a base de trabajo constante, brillo compositivo y pasi\u00f3n por la m\u00fasica: <strong>Leiva<\/strong> desprend\u00eda una <strong>magia especial.<\/strong><\/p>\n<p>Sucedi\u00f3 lo inevitable: la carrera en solitario de <strong>Leiva<\/strong> es una sucesi\u00f3n de \u00e9xitos que empez\u00f3 con el \u00e1lbum <strong><em>Diciembre<\/em><\/strong> y culmin\u00f3 en una gran explosi\u00f3n, <strong><em>Nuclear<\/em><\/strong>, un \u00e1lbum que rompi\u00f3 todos los esquemas.<\/p>\n<p>Leiva llega al <strong>Festival Cru\u00eflla<\/strong> el pr\u00f3ximo <strong>s\u00e1bado 8 de julio<\/strong>, con <span style=\"color: #000000;\"><strong><em>Cuando te muerdes el labio<\/em><\/strong><\/span> y todas las alegr\u00edas que nos prepara para el <strong>2023<\/strong>.<\/p>\n<hr \/>\n<p style=\"text-align: center;\"><i>Consigue tu entrada o abono del Cru\u00eflla 2023:<\/i><\/p>\n<p style=\"text-align: center;\"><a class=\"efsbutton button \" target=\"_blank\">ENTRADAS<\/a><\/p>\n<hr \/>\n<p>Lo vimos en el <strong>Festival Cru\u00eflla 2021<\/strong> y en el <strong>Cru\u00eflla XXS 2022,<\/strong> con un doble sold out. En ambos casos, <strong>Leiva<\/strong> nos tuvo en el bolsillo de principio a fin. Porque s\u00f3lo \u00e9l es capaz de <strong>himnotizarnos<\/strong> con una canci\u00f3n y <strong>dinamitarnos los pies<\/strong> con la siguiente.<\/p>\n<!-- auto-added video if acf\/single-artist-video not used  --> <iframe style=\"width: 100%;max-width: 100%;height: auto;aspect-ratio: 16 \/ 9;\" src=\"https:\/\/www.youtube-nocookie.com\/embed\/7uCOX-BbT_4\" frameborder=\"0\" allow=\"accelerometer; autoplay; encrypted-media; gyroscope; picture-in-picture\" allowfullscreen><\/iframe>","protected":false},"featured_media":46585,"template":"","meta":{"_acf_changed":false},"artists_edition":[877],"class_list":["post-46819","artists","type-artists","status-publish","has-post-thumbnail","hentry","artists_edition-877"],"acf":{"_thumbnail_id":46585,"youtube_player":"7uCOX-BbT_4","artist_edition":[877],"artist_date":"20230708","artist_time":"22:00","artist_time_2":"","artist_location":false,"artist_ticket_url":"https:\/\/www.cruillabarcelona.cat\/es\/tickets\/","artist_ticket_status":"","artist_extra_date__show":false,"artist_extra_date_2":null,"artist_time_of_date2":"","artist_extra_date_3":null,"artist_time_of_date3":"","artist_extra_date_4":null,"artist_time_of_date4":"","artist_extra_date_5":null,"artist_time_of_date5":"","artist_date__show_month":true,"artist_sidebar_active":true,"show_in_agenda":false,"artist_sidebar__banner_img":"","artist_sidebar__banner_link":"https:\/\/www.cruillabarcelona.cat\/tickets\/","artist_hero_content":"Festival Cru\u00eflla 2023","artist_style":false,"artist_nationality":false,"artist_audience_age":false},"yoast_head":"<!-- This site is optimized with the Yoast SEO plugin v27.5 - https:\/\/yoast.com\/product\/yoast-seo-wordpress\/ -->\n<title>Leiva en concierto en el Festival Cru\u00eflla 2023<\/title>\n<meta name=\"description\" content=\"Compra entradas para el concierto de Leiva en el Festival Cru\u00eflla, el 8 de julio de 2023 en el Parc del F\u00f2rum de Barcelona\" \/>\n<meta name=\"robots\" content=\"index, follow, max-snippet:-1, max-image-preview:large, max-video-preview:-1\" \/>\n<link rel=\"canonical\" href=\"https:\/\/www.cruillabarcelona.cat\/es\/artists\/leiva\/\" \/>\n<meta property=\"og:locale\" content=\"es_ES\" \/>\n<meta property=\"og:type\" content=\"article\" \/>\n<meta property=\"og:title\" content=\"Leiva en concierto en el Festival Cru\u00eflla 2023\" \/>\n<meta property=\"og:description\" content=\"Compra entradas para el concierto de Leiva en el Festival Cru\u00eflla, el 8 de julio de 2023 en el Parc del F\u00f2rum de Barcelona\" \/>\n<meta property=\"og:url\" content=\"https:\/\/www.cruillabarcelona.cat\/es\/artists\/leiva\/\" \/>\n<meta property=\"og:site_name\" content=\"Festival Cru\u00eflla\" \/>\n<meta property=\"article:modified_time\" content=\"2023-05-23T14:30:29+00:00\" \/>\n<meta property=\"og:image\" content=\"https:\/\/www.cruillabarcelona.cat\/wp-content\/uploads\/2021\/06\/leiva-web.jpeg\" \/>\n\t<meta property=\"og:image:width\" content=\"1098\" \/>\n\t<meta property=\"og:image:height\" content=\"1098\" \/>\n\t<meta property=\"og:image:type\" content=\"image\/jpeg\" \/>\n<meta name=\"twitter:card\" content=\"summary_large_image\" \/>\n<meta name=\"twitter:label1\" content=\"Tiempo de lectura\" \/>\n\t<meta name=\"twitter:data1\" content=\"2 minutos\" \/>\n<script type=\"application\/ld+json\" class=\"yoast-schema-graph\">{\"@context\":\"https:\\\/\\\/schema.org\",\"@graph\":[{\"@type\":\"WebPage\",\"@id\":\"https:\\\/\\\/www.cruillabarcelona.cat\\\/es\\\/artists\\\/leiva\\\/\",\"url\":\"https:\\\/\\\/www.cruillabarcelona.cat\\\/es\\\/artists\\\/leiva\\\/\",\"name\":\"Leiva en concierto en el Festival Cru\u00eflla 2023\",\"isPartOf\":{\"@id\":\"https:\\\/\\\/www.cruillabarcelona.cat\\\/es\\\/#website\"},\"primaryImageOfPage\":{\"@id\":\"https:\\\/\\\/www.cruillabarcelona.cat\\\/es\\\/artists\\\/leiva\\\/#primaryimage\"},\"image\":{\"@id\":\"https:\\\/\\\/www.cruillabarcelona.cat\\\/es\\\/artists\\\/leiva\\\/#primaryimage\"},\"thumbnailUrl\":\"https:\\\/\\\/www.cruillabarcelona.cat\\\/wp-content\\\/uploads\\\/2021\\\/06\\\/leiva-web.jpeg\",\"datePublished\":\"2022-12-14T11:09:07+00:00\",\"dateModified\":\"2023-05-23T14:30:29+00:00\",\"description\":\"Compra entradas para el concierto de Leiva en el Festival Cru\u00eflla, el 8 de julio de 2023 en el Parc del F\u00f2rum de Barcelona\",\"breadcrumb\":{\"@id\":\"https:\\\/\\\/www.cruillabarcelona.cat\\\/es\\\/artists\\\/leiva\\\/#breadcrumb\"},\"inLanguage\":\"es\",\"potentialAction\":[{\"@type\":\"ReadAction\",\"target\":[\"https:\\\/\\\/www.cruillabarcelona.cat\\\/es\\\/artists\\\/leiva\\\/\"]}]},{\"@type\":\"ImageObject\",\"inLanguage\":\"es\",\"@id\":\"https:\\\/\\\/www.cruillabarcelona.cat\\\/es\\\/artists\\\/leiva\\\/#primaryimage\",\"url\":\"https:\\\/\\\/www.cruillabarcelona.cat\\\/wp-content\\\/uploads\\\/2021\\\/06\\\/leiva-web.jpeg\",\"contentUrl\":\"https:\\\/\\\/www.cruillabarcelona.cat\\\/wp-content\\\/uploads\\\/2021\\\/06\\\/leiva-web.jpeg\",\"width\":1098,\"height\":1098},{\"@type\":\"BreadcrumbList\",\"@id\":\"https:\\\/\\\/www.cruillabarcelona.cat\\\/es\\\/artists\\\/leiva\\\/#breadcrumb\",\"itemListElement\":[{\"@type\":\"ListItem\",\"position\":1,\"name\":\"Home\",\"item\":\"https:\\\/\\\/www.cruillabarcelona.cat\\\/es\\\/\"},{\"@type\":\"ListItem\",\"position\":2,\"name\":\"Leiva\"}]},{\"@type\":\"WebSite\",\"@id\":\"https:\\\/\\\/www.cruillabarcelona.cat\\\/es\\\/#website\",\"url\":\"https:\\\/\\\/www.cruillabarcelona.cat\\\/es\\\/\",\"name\":\"Festival Cru\u00eflla\",\"description\":\"\",\"publisher\":{\"@id\":\"https:\\\/\\\/www.cruillabarcelona.cat\\\/es\\\/#organization\"},\"potentialAction\":[{\"@type\":\"SearchAction\",\"target\":{\"@type\":\"EntryPoint\",\"urlTemplate\":\"https:\\\/\\\/www.cruillabarcelona.cat\\\/es\\\/?s={search_term_string}\"},\"query-input\":{\"@type\":\"PropertyValueSpecification\",\"valueRequired\":true,\"valueName\":\"search_term_string\"}}],\"inLanguage\":\"es\"},{\"@type\":\"Organization\",\"@id\":\"https:\\\/\\\/www.cruillabarcelona.cat\\\/es\\\/#organization\",\"name\":\"Festival Cru\u00eflla\",\"url\":\"https:\\\/\\\/www.cruillabarcelona.cat\\\/es\\\/\",\"logo\":{\"@type\":\"ImageObject\",\"inLanguage\":\"es\",\"@id\":\"https:\\\/\\\/www.cruillabarcelona.cat\\\/es\\\/#\\\/schema\\\/logo\\\/image\\\/\",\"url\":\"https:\\\/\\\/www.cruillabarcelona.cat\\\/wp-content\\\/uploads\\\/2025\\\/12\\\/cruill-logo-negativo.png\",\"contentUrl\":\"https:\\\/\\\/www.cruillabarcelona.cat\\\/wp-content\\\/uploads\\\/2025\\\/12\\\/cruill-logo-negativo.png\",\"width\":400,\"height\":101,\"caption\":\"Festival Cru\u00eflla\"},\"image\":{\"@id\":\"https:\\\/\\\/www.cruillabarcelona.cat\\\/es\\\/#\\\/schema\\\/logo\\\/image\\\/\"}}]}<\/script>\n<!-- \/ Yoast SEO plugin. -->","yoast_head_json":{"title":"Leiva en concierto en el Festival Cru\u00eflla 2023","description":"Compra entradas para el concierto de Leiva en el Festival Cru\u00eflla, el 8 de julio de 2023 en el Parc del F\u00f2rum de Barcelona","robots":{"index":"index","follow":"follow","max-snippet":"max-snippet:-1","max-image-preview":"max-image-preview:large","max-video-preview":"max-video-preview:-1"},"canonical":"https:\/\/www.cruillabarcelona.cat\/es\/artists\/leiva\/","og_locale":"es_ES","og_type":"article","og_title":"Leiva en concierto en el Festival Cru\u00eflla 2023","og_description":"Compra entradas para el concierto de Leiva en el Festival Cru\u00eflla, el 8 de julio de 2023 en el Parc del F\u00f2rum de Barcelona","og_url":"https:\/\/www.cruillabarcelona.cat\/es\/artists\/leiva\/","og_site_name":"Festival Cru\u00eflla","article_modified_time":"2023-05-23T14:30:29+00:00","og_image":[{"width":1098,"height":1098,"url":"https:\/\/www.cruillabarcelona.cat\/wp-content\/uploads\/2021\/06\/leiva-web.jpeg","type":"image\/jpeg"}],"twitter_card":"summary_large_image","twitter_misc":{"Tiempo de lectura":"2 minutos"},"schema":{"@context":"https:\/\/schema.org","@graph":[{"@type":"WebPage","@id":"https:\/\/www.cruillabarcelona.cat\/es\/artists\/leiva\/","url":"https:\/\/www.cruillabarcelona.cat\/es\/artists\/leiva\/","name":"Leiva en concierto en el Festival Cru\u00eflla 2023","isPartOf":{"@id":"https:\/\/www.cruillabarcelona.cat\/es\/#website"},"primaryImageOfPage":{"@id":"https:\/\/www.cruillabarcelona.cat\/es\/artists\/leiva\/#primaryimage"},"image":{"@id":"https:\/\/www.cruillabarcelona.cat\/es\/artists\/leiva\/#primaryimage"},"thumbnailUrl":"https:\/\/www.cruillabarcelona.cat\/wp-content\/uploads\/2021\/06\/leiva-web.jpeg","datePublished":"2022-12-14T11:09:07+00:00","dateModified":"2023-05-23T14:30:29+00:00","description":"Compra entradas para el concierto de Leiva en el Festival Cru\u00eflla, el 8 de julio de 2023 en el Parc del F\u00f2rum de Barcelona","breadcrumb":{"@id":"https:\/\/www.cruillabarcelona.cat\/es\/artists\/leiva\/#breadcrumb"},"inLanguage":"es","potentialAction":[{"@type":"ReadAction","target":["https:\/\/www.cruillabarcelona.cat\/es\/artists\/leiva\/"]}]},{"@type":"ImageObject","inLanguage":"es","@id":"https:\/\/www.cruillabarcelona.cat\/es\/artists\/leiva\/#primaryimage","url":"https:\/\/www.cruillabarcelona.cat\/wp-content\/uploads\/2021\/06\/leiva-web.jpeg","contentUrl":"https:\/\/www.cruillabarcelona.cat\/wp-content\/uploads\/2021\/06\/leiva-web.jpeg","width":1098,"height":1098},{"@type":"BreadcrumbList","@id":"https:\/\/www.cruillabarcelona.cat\/es\/artists\/leiva\/#breadcrumb","itemListElement":[{"@type":"ListItem","position":1,"name":"Home","item":"https:\/\/www.cruillabarcelona.cat\/es\/"},{"@type":"ListItem","position":2,"name":"Leiva"}]},{"@type":"WebSite","@id":"https:\/\/www.cruillabarcelona.cat\/es\/#website","url":"https:\/\/www.cruillabarcelona.cat\/es\/","name":"Festival Cru\u00eflla","description":"","publisher":{"@id":"https:\/\/www.cruillabarcelona.cat\/es\/#organization"},"potentialAction":[{"@type":"SearchAction","target":{"@type":"EntryPoint","urlTemplate":"https:\/\/www.cruillabarcelona.cat\/es\/?s={search_term_string}"},"query-input":{"@type":"PropertyValueSpecification","valueRequired":true,"valueName":"search_term_string"}}],"inLanguage":"es"},{"@type":"Organization","@id":"https:\/\/www.cruillabarcelona.cat\/es\/#organization","name":"Festival Cru\u00eflla","url":"https:\/\/www.cruillabarcelona.cat\/es\/","logo":{"@type":"ImageObject","inLanguage":"es","@id":"https:\/\/www.cruillabarcelona.cat\/es\/#\/schema\/logo\/image\/","url":"https:\/\/www.cruillabarcelona.cat\/wp-content\/uploads\/2025\/12\/cruill-logo-negativo.png","contentUrl":"https:\/\/www.cruillabarcelona.cat\/wp-content\/uploads\/2025\/12\/cruill-logo-negativo.png","width":400,"height":101,"caption":"Festival Cru\u00eflla"},"image":{"@id":"https:\/\/www.cruillabarcelona.cat\/es\/#\/schema\/logo\/image\/"}}]}},"_links":{"self":[{"href":"https:\/\/www.cruillabarcelona.cat\/es\/wp-json\/wp\/v2\/artists\/46819","targetHints":{"allow":["GET"]}}],"collection":[{"href":"https:\/\/www.cruillabarcelona.cat\/es\/wp-json\/wp\/v2\/artists"}],"about":[{"href":"https:\/\/www.cruillabarcelona.cat\/es\/wp-json\/wp\/v2\/types\/artists"}],"acf:term":[{"embeddable":true,"taxonomy":"artists_edition","href":"https:\/\/www.cruillabarcelona.cat\/es\/wp-json\/wp\/v2\/artists_edition\/877"}],"wp:featuredmedia":[{"embeddable":true,"href":"https:\/\/www.cruillabarcelona.cat\/es\/wp-json\/wp\/v2\/media\/46585"}],"wp:attachment":[{"href":"https:\/\/www.cruillabarcelona.cat\/es\/wp-json\/wp\/v2\/media?parent=46819"}],"wp:term":[{"taxonomy":"artists_edition","embeddable":true,"href":"https:\/\/www.cruillabarcelona.cat\/es\/wp-json\/wp\/v2\/artists_edition?post=46819"}],"curies":[{"name":"wp","href":"https:\/\/api.w.org\/{rel}","templated":true}]}}

<h2>¡Leiva en concierto en el Cruïlla 2023!</h2>
<h3>Entre la hipnosis y la dinamita</h3>
<p>Año 1999. Un grupo de amigos se unen para crear una banda de rock y le llaman <strong>Pereza</strong>. Poco después, el álbum <strong><em>Animales</em></strong> les convierte en un fenómeno nacional e internacional. Y uno de sus miembros destaca a base de trabajo constante, brillo compositivo y pasión por la música: <strong>Leiva</strong> desprendía una <strong>magia especial.</strong></p>
<p>Sucedió lo inevitable: la carrera en solitario de <strong>Leiva</strong> es una sucesión de éxitos que empezó con el álbum <strong><em>Diciembre</em></strong> y culminó en una gran explosión, <strong><em>Nuclear</em></strong>, un álbum que rompió todos los esquemas.</p>
<p>Leiva llega al <strong>Festival Cruïlla</strong> el próximo <strong>sábado 8 de julio</strong>, con <span style="color: #000000;"><strong><em>Cuando te muerdes el labio</em></strong></span> y todas las alegrías que nos prepara para el <strong>2023</strong>.</p>
<hr />
<p style="text-align: center;"><i>Consigue tu entrada o abono del Cruïlla 2023:</i></p>
<p style="text-align: center;"><a class="efsbutton button " target="_blank">ENTRADAS</a></p>
<hr />
<p>Lo vimos en el <strong>Festival Cruïlla 2021</strong> y en el <strong>Cruïlla XXS 2022,</strong> con un doble sold out. En ambos casos, <strong>Leiva</strong> nos tuvo en el bolsillo de principio a fin. Porque sólo él es capaz de <strong>himnotizarnos</strong> con una canción y <strong>dinamitarnos los pies</strong> con la siguiente.</p>
<!-- auto-added video if acf/single-artist-video not used  --> <iframe style="width: 100%;max-width: 100%;height: auto;aspect-ratio: 16 / 9;" src="https://www.youtube-nocookie.com/embed/7uCOX-BbT_4" frameborder="0" allow="accelerometer; autoplay; encrypted-media; gyroscope; picture-in-picture" allowfullscreen></iframe>

Festival Cruïlla 2023

<!-- This site is optimized with the Yoast SEO plugin v27.5 - https://yoast.com/product/yoast-seo-wordpress/ -->
<title>Leiva en concierto en el Festival Cruïlla 2023</title>
<meta name="description" content="Compra entradas para el concierto de Leiva en el Festival Cruïlla, el 8 de julio de 2023 en el Parc del Fòrum de Barcelona" />
<meta name="robots" content="index, follow, max-snippet:-1, max-image-preview:large, max-video-preview:-1" />
<link rel="canonical" href="https://www.cruillabarcelona.cat/es/artists/leiva/" />
<meta property="og:locale" content="es_ES" />
<meta property="og:type" content="article" />
<meta property="og:title" content="Leiva en concierto en el Festival Cruïlla 2023" />
<meta property="og:description" content="Compra entradas para el concierto de Leiva en el Festival Cruïlla, el 8 de julio de 2023 en el Parc del Fòrum de Barcelona" />
<meta property="og:url" content="https://www.cruillabarcelona.cat/es/artists/leiva/" />
<meta property="og:site_name" content="Festival Cruïlla" />
<meta property="article:modified_time" content="2023-05-23T14:30:29+00:00" />
<meta property="og:image" content="https://www.cruillabarcelona.cat/wp-content/uploads/2021/06/leiva-web.jpeg" />
	<meta property="og:image:width" content="1098" />
	<meta property="og:image:height" content="1098" />
	<meta property="og:image:type" content="image/jpeg" />
<meta name="twitter:card" content="summary_large_image" />
<meta name="twitter:label1" content="Tiempo de lectura" />
	<meta name="twitter:data1" content="2 minutos" />
<script type="application/ld+json" class="yoast-schema-graph">{"@context":"https:\/\/schema.org","@graph":[{"@type":"WebPage","@id":"https:\/\/www.cruillabarcelona.cat\/es\/artists\/leiva\/","url":"https:\/\/www.cruillabarcelona.cat\/es\/artists\/leiva\/","name":"Leiva en concierto en el Festival Cruïlla 2023","isPartOf":{"@id":"https:\/\/www.cruillabarcelona.cat\/es\/#website"},"primaryImageOfPage":{"@id":"https:\/\/www.cruillabarcelona.cat\/es\/artists\/leiva\/#primaryimage"},"image":{"@id":"https:\/\/www.cruillabarcelona.cat\/es\/artists\/leiva\/#primaryimage"},"thumbnailUrl":"https:\/\/www.cruillabarcelona.cat\/wp-content\/uploads\/2021\/06\/leiva-web.jpeg","datePublished":"2022-12-14T11:09:07+00:00","dateModified":"2023-05-23T14:30:29+00:00","description":"Compra entradas para el concierto de Leiva en el Festival Cruïlla, el 8 de julio de 2023 en el Parc del Fòrum de Barcelona","breadcrumb":{"@id":"https:\/\/www.cruillabarcelona.cat\/es\/artists\/leiva\/#breadcrumb"},"inLanguage":"es","potentialAction":[{"@type":"ReadAction","target":["https:\/\/www.cruillabarcelona.cat\/es\/artists\/leiva\/"]}]},{"@type":"ImageObject","inLanguage":"es","@id":"https:\/\/www.cruillabarcelona.cat\/es\/artists\/leiva\/#primaryimage","url":"https:\/\/www.cruillabarcelona.cat\/wp-content\/uploads\/2021\/06\/leiva-web.jpeg","contentUrl":"https:\/\/www.cruillabarcelona.cat\/wp-content\/uploads\/2021\/06\/leiva-web.jpeg","width":1098,"height":1098},{"@type":"BreadcrumbList","@id":"https:\/\/www.cruillabarcelona.cat\/es\/artists\/leiva\/#breadcrumb","itemListElement":[{"@type":"ListItem","position":1,"name":"Home","item":"https:\/\/www.cruillabarcelona.cat\/es\/"},{"@type":"ListItem","position":2,"name":"Leiva"}]},{"@type":"WebSite","@id":"https:\/\/www.cruillabarcelona.cat\/es\/#website","url":"https:\/\/www.cruillabarcelona.cat\/es\/","name":"Festival Cruïlla","description":"","publisher":{"@id":"https:\/\/www.cruillabarcelona.cat\/es\/#organization"},"potentialAction":[{"@type":"SearchAction","target":{"@type":"EntryPoint","urlTemplate":"https:\/\/www.cruillabarcelona.cat\/es\/?s={search_term_string}"},"query-input":{"@type":"PropertyValueSpecification","valueRequired":true,"valueName":"search_term_string"}}],"inLanguage":"es"},{"@type":"Organization","@id":"https:\/\/www.cruillabarcelona.cat\/es\/#organization","name":"Festival Cruïlla","url":"https:\/\/www.cruillabarcelona.cat\/es\/","logo":{"@type":"ImageObject","inLanguage":"es","@id":"https:\/\/www.cruillabarcelona.cat\/es\/#\/schema\/logo\/image\/","url":"https:\/\/www.cruillabarcelona.cat\/wp-content\/uploads\/2025\/12\/cruill-logo-negativo.png","contentUrl":"https:\/\/www.cruillabarcelona.cat\/wp-content\/uploads\/2025\/12\/cruill-logo-negativo.png","width":400,"height":101,"caption":"Festival Cruïlla"},"image":{"@id":"https:\/\/www.cruillabarcelona.cat\/es\/#\/schema\/logo\/image\/"}}]}</script>
<!-- / Yoast SEO plugin. -->

Leiva en concierto en el Festival Cruïlla 2023

Compra entradas para el concierto de Leiva en el Festival Cruïlla, el 8 de julio de 2023 en el Parc del Fòrum de Barcelona

Festival Cruïlla
