{"id":47688,"date":"2023-02-23T12:52:21","date_gmt":"2023-02-23T10:52:21","guid":{"rendered":"https:\/\/www.cruillabarcelona.cat\/?post_type=artists&#038;p=47688"},"modified":"2023-05-12T18:16:26","modified_gmt":"2023-05-12T16:16:26","slug":"the-offspring","status":"publish","type":"artists","link":"https:\/\/www.cruillabarcelona.cat\/es\/artists\/the-offspring\/","title":{"rendered":"The Offspring"},"content":{"rendered":"<h2>\u00a1THE OFFSPRING EN CONCIERTO EN EL CRU\u00cfLLA 2023!<\/h2>\n<h3>A THOUSAND LIES AND A GOOD DISGUISE<\/h3>\n<p>Tienen <strong>diez \u00e1lbumes<\/strong> debajo del brazo pero pasaron ocho a\u00f1os entre los dos \u00faltimos. Y no, no se separaron, ni se tomaron un tiempo. Su <strong>pasi\u00f3n por el directo <\/strong>y la<strong> fidelidad de sus fans<\/strong> hicieron que fueran encadenando giras durante esa \u00e9poca.<\/p>\n<p>As\u00ed pues, no pod\u00edamos no traerte un grupo tan adicto a los escenarios: \u00a1<strong>el pr\u00f3ximo 7 de julio<\/strong> no te pierdas <strong>The Offspring<\/strong> en el Cru\u00eflla!<\/p>\n<hr \/>\n<p style=\"text-align: center;\"><em>Consigue tu entrada o abono del Cru\u00eflla 2023:<\/em><\/p>\n<p style=\"text-align: center;\"><a class=\"efsbutton button \" target=\"_blank\">ENTRADAS<\/a><\/p>\n<hr \/>\n<p><em><strong>Let the Bad Times Roll<\/strong> <\/em>es el \u00e1lbum m\u00e1s <strong>cat\u00e1rtico<\/strong> que han publicado, surfeando entre la cr\u00edtica social, la reflexi\u00f3n sobre la salud mental o emociones tan puras como el desamor. En un momento en el que la m\u00fasica urbana parece absorberlo todo, <strong>The Offspring<\/strong> son la prueba de que <strong>el punk est\u00e1 m\u00e1s vivo que nunca.<\/strong><\/p>\n<p>Este verano la exitosa banda estadounidense de los noventa demostrar\u00e1 que no hay \u00e9pocas doradas que valgan: <strong>\u00a1s\u00f3lo importa el rock!<\/strong><\/p>\n<!-- auto-added video if acf\/single-artist-video not used  --> <iframe style=\"width: 100%;max-width: 100%;height: auto;aspect-ratio: 16 \/ 9;\" src=\"https:\/\/www.youtube-nocookie.com\/embed\/4CI25W4BnYM\" frameborder=\"0\" allow=\"accelerometer; autoplay; encrypted-media; gyroscope; picture-in-picture\" allowfullscreen><\/iframe>","protected":false},"featured_media":47843,"template":"","meta":{"_acf_changed":false},"artists_edition":[877],"class_list":["post-47688","artists","type-artists","status-publish","has-post-thumbnail","hentry","artists_location-estrella","artists_edition-877"],"acf":{"_thumbnail_id":47843,"youtube_player":"4CI25W4BnYM","artist_edition":[877],"artist_date":"20230707","artist_time":"02:00","artist_time_2":"","artist_location":[20],"artist_ticket_url":"https:\/\/www.cruillabarcelona.cat\/es\/tickets\/","artist_ticket_status":"","artist_extra_date__show":false,"artist_extra_date_2":null,"artist_time_of_date2":"","artist_extra_date_3":null,"artist_time_of_date3":"","artist_extra_date_4":null,"artist_time_of_date4":"","artist_extra_date_5":null,"artist_time_of_date5":"","artist_date__show_month":true,"artist_sidebar_active":true,"show_in_agenda":false,"artist_sidebar__banner_img":"","artist_sidebar__banner_link":"","artist_hero_content":"Festival Cru\u00eflla 2023","artist_style":false,"artist_nationality":false,"artist_audience_age":false},"yoast_head":"<!-- This site is optimized with the Yoast SEO plugin v27.5 - https:\/\/yoast.com\/product\/yoast-seo-wordpress\/ -->\n<title>The Offspring en concierto en el Festival Cru\u00eflla 2023<\/title>\n<meta name=\"description\" content=\"Compra entradas para el concierto de The Offspring en el Festival Cru\u00eflla, el 7 de julio de 2023 en el Parc del F\u00f2rum de Barcelona\" \/>\n<meta name=\"robots\" content=\"index, follow, max-snippet:-1, max-image-preview:large, max-video-preview:-1\" \/>\n<link rel=\"canonical\" href=\"https:\/\/www.cruillabarcelona.cat\/es\/artists\/the-offspring\/\" \/>\n<meta property=\"og:locale\" content=\"es_ES\" \/>\n<meta property=\"og:type\" content=\"article\" \/>\n<meta property=\"og:title\" content=\"The Offspring en concierto en el Festival Cru\u00eflla 2023\" \/>\n<meta property=\"og:description\" content=\"Compra entradas para el concierto de The Offspring en el Festival Cru\u00eflla, el 7 de julio de 2023 en el Parc del F\u00f2rum de Barcelona\" \/>\n<meta property=\"og:url\" content=\"https:\/\/www.cruillabarcelona.cat\/es\/artists\/the-offspring\/\" \/>\n<meta property=\"og:site_name\" content=\"Festival Cru\u00eflla\" \/>\n<meta property=\"article:modified_time\" content=\"2023-05-12T16:16:26+00:00\" \/>\n<meta property=\"og:image\" content=\"https:\/\/www.cruillabarcelona.cat\/wp-content\/uploads\/2023\/02\/offspingmanchester-12-1.jpg\" \/>\n\t<meta property=\"og:image:width\" content=\"1000\" \/>\n\t<meta property=\"og:image:height\" content=\"1000\" \/>\n\t<meta property=\"og:image:type\" content=\"image\/jpeg\" \/>\n<meta name=\"twitter:card\" content=\"summary_large_image\" \/>\n<meta name=\"twitter:label1\" content=\"Tiempo de lectura\" \/>\n\t<meta name=\"twitter:data1\" content=\"1 minuto\" \/>\n<script type=\"application\/ld+json\" class=\"yoast-schema-graph\">{\"@context\":\"https:\\\/\\\/schema.org\",\"@graph\":[{\"@type\":\"WebPage\",\"@id\":\"https:\\\/\\\/www.cruillabarcelona.cat\\\/es\\\/artists\\\/the-offspring\\\/\",\"url\":\"https:\\\/\\\/www.cruillabarcelona.cat\\\/es\\\/artists\\\/the-offspring\\\/\",\"name\":\"The Offspring en concierto en el Festival Cru\u00eflla 2023\",\"isPartOf\":{\"@id\":\"https:\\\/\\\/www.cruillabarcelona.cat\\\/es\\\/#website\"},\"primaryImageOfPage\":{\"@id\":\"https:\\\/\\\/www.cruillabarcelona.cat\\\/es\\\/artists\\\/the-offspring\\\/#primaryimage\"},\"image\":{\"@id\":\"https:\\\/\\\/www.cruillabarcelona.cat\\\/es\\\/artists\\\/the-offspring\\\/#primaryimage\"},\"thumbnailUrl\":\"https:\\\/\\\/www.cruillabarcelona.cat\\\/wp-content\\\/uploads\\\/2023\\\/02\\\/offspingmanchester-12-1.jpg\",\"datePublished\":\"2023-02-23T10:52:21+00:00\",\"dateModified\":\"2023-05-12T16:16:26+00:00\",\"description\":\"Compra entradas para el concierto de The Offspring en el Festival Cru\u00eflla, el 7 de julio de 2023 en el Parc del F\u00f2rum de Barcelona\",\"breadcrumb\":{\"@id\":\"https:\\\/\\\/www.cruillabarcelona.cat\\\/es\\\/artists\\\/the-offspring\\\/#breadcrumb\"},\"inLanguage\":\"es\",\"potentialAction\":[{\"@type\":\"ReadAction\",\"target\":[\"https:\\\/\\\/www.cruillabarcelona.cat\\\/es\\\/artists\\\/the-offspring\\\/\"]}]},{\"@type\":\"ImageObject\",\"inLanguage\":\"es\",\"@id\":\"https:\\\/\\\/www.cruillabarcelona.cat\\\/es\\\/artists\\\/the-offspring\\\/#primaryimage\",\"url\":\"https:\\\/\\\/www.cruillabarcelona.cat\\\/wp-content\\\/uploads\\\/2023\\\/02\\\/offspingmanchester-12-1.jpg\",\"contentUrl\":\"https:\\\/\\\/www.cruillabarcelona.cat\\\/wp-content\\\/uploads\\\/2023\\\/02\\\/offspingmanchester-12-1.jpg\",\"width\":1000,\"height\":1000},{\"@type\":\"BreadcrumbList\",\"@id\":\"https:\\\/\\\/www.cruillabarcelona.cat\\\/es\\\/artists\\\/the-offspring\\\/#breadcrumb\",\"itemListElement\":[{\"@type\":\"ListItem\",\"position\":1,\"name\":\"Home\",\"item\":\"https:\\\/\\\/www.cruillabarcelona.cat\\\/es\\\/\"},{\"@type\":\"ListItem\",\"position\":2,\"name\":\"The Offspring\"}]},{\"@type\":\"WebSite\",\"@id\":\"https:\\\/\\\/www.cruillabarcelona.cat\\\/es\\\/#website\",\"url\":\"https:\\\/\\\/www.cruillabarcelona.cat\\\/es\\\/\",\"name\":\"Festival Cru\u00eflla\",\"description\":\"\",\"publisher\":{\"@id\":\"https:\\\/\\\/www.cruillabarcelona.cat\\\/es\\\/#organization\"},\"potentialAction\":[{\"@type\":\"SearchAction\",\"target\":{\"@type\":\"EntryPoint\",\"urlTemplate\":\"https:\\\/\\\/www.cruillabarcelona.cat\\\/es\\\/?s={search_term_string}\"},\"query-input\":{\"@type\":\"PropertyValueSpecification\",\"valueRequired\":true,\"valueName\":\"search_term_string\"}}],\"inLanguage\":\"es\"},{\"@type\":\"Organization\",\"@id\":\"https:\\\/\\\/www.cruillabarcelona.cat\\\/es\\\/#organization\",\"name\":\"Festival Cru\u00eflla\",\"url\":\"https:\\\/\\\/www.cruillabarcelona.cat\\\/es\\\/\",\"logo\":{\"@type\":\"ImageObject\",\"inLanguage\":\"es\",\"@id\":\"https:\\\/\\\/www.cruillabarcelona.cat\\\/es\\\/#\\\/schema\\\/logo\\\/image\\\/\",\"url\":\"https:\\\/\\\/www.cruillabarcelona.cat\\\/wp-content\\\/uploads\\\/2025\\\/12\\\/cruill-logo-negativo.png\",\"contentUrl\":\"https:\\\/\\\/www.cruillabarcelona.cat\\\/wp-content\\\/uploads\\\/2025\\\/12\\\/cruill-logo-negativo.png\",\"width\":400,\"height\":101,\"caption\":\"Festival Cru\u00eflla\"},\"image\":{\"@id\":\"https:\\\/\\\/www.cruillabarcelona.cat\\\/es\\\/#\\\/schema\\\/logo\\\/image\\\/\"}}]}<\/script>\n<!-- \/ Yoast SEO plugin. -->","yoast_head_json":{"title":"The Offspring en concierto en el Festival Cru\u00eflla 2023","description":"Compra entradas para el concierto de The Offspring en el Festival Cru\u00eflla, el 7 de julio de 2023 en el Parc del F\u00f2rum de Barcelona","robots":{"index":"index","follow":"follow","max-snippet":"max-snippet:-1","max-image-preview":"max-image-preview:large","max-video-preview":"max-video-preview:-1"},"canonical":"https:\/\/www.cruillabarcelona.cat\/es\/artists\/the-offspring\/","og_locale":"es_ES","og_type":"article","og_title":"The Offspring en concierto en el Festival Cru\u00eflla 2023","og_description":"Compra entradas para el concierto de The Offspring en el Festival Cru\u00eflla, el 7 de julio de 2023 en el Parc del F\u00f2rum de Barcelona","og_url":"https:\/\/www.cruillabarcelona.cat\/es\/artists\/the-offspring\/","og_site_name":"Festival Cru\u00eflla","article_modified_time":"2023-05-12T16:16:26+00:00","og_image":[{"width":1000,"height":1000,"url":"https:\/\/www.cruillabarcelona.cat\/wp-content\/uploads\/2023\/02\/offspingmanchester-12-1.jpg","type":"image\/jpeg"}],"twitter_card":"summary_large_image","twitter_misc":{"Tiempo de lectura":"1 minuto"},"schema":{"@context":"https:\/\/schema.org","@graph":[{"@type":"WebPage","@id":"https:\/\/www.cruillabarcelona.cat\/es\/artists\/the-offspring\/","url":"https:\/\/www.cruillabarcelona.cat\/es\/artists\/the-offspring\/","name":"The Offspring en concierto en el Festival Cru\u00eflla 2023","isPartOf":{"@id":"https:\/\/www.cruillabarcelona.cat\/es\/#website"},"primaryImageOfPage":{"@id":"https:\/\/www.cruillabarcelona.cat\/es\/artists\/the-offspring\/#primaryimage"},"image":{"@id":"https:\/\/www.cruillabarcelona.cat\/es\/artists\/the-offspring\/#primaryimage"},"thumbnailUrl":"https:\/\/www.cruillabarcelona.cat\/wp-content\/uploads\/2023\/02\/offspingmanchester-12-1.jpg","datePublished":"2023-02-23T10:52:21+00:00","dateModified":"2023-05-12T16:16:26+00:00","description":"Compra entradas para el concierto de The Offspring en el Festival Cru\u00eflla, el 7 de julio de 2023 en el Parc del F\u00f2rum de Barcelona","breadcrumb":{"@id":"https:\/\/www.cruillabarcelona.cat\/es\/artists\/the-offspring\/#breadcrumb"},"inLanguage":"es","potentialAction":[{"@type":"ReadAction","target":["https:\/\/www.cruillabarcelona.cat\/es\/artists\/the-offspring\/"]}]},{"@type":"ImageObject","inLanguage":"es","@id":"https:\/\/www.cruillabarcelona.cat\/es\/artists\/the-offspring\/#primaryimage","url":"https:\/\/www.cruillabarcelona.cat\/wp-content\/uploads\/2023\/02\/offspingmanchester-12-1.jpg","contentUrl":"https:\/\/www.cruillabarcelona.cat\/wp-content\/uploads\/2023\/02\/offspingmanchester-12-1.jpg","width":1000,"height":1000},{"@type":"BreadcrumbList","@id":"https:\/\/www.cruillabarcelona.cat\/es\/artists\/the-offspring\/#breadcrumb","itemListElement":[{"@type":"ListItem","position":1,"name":"Home","item":"https:\/\/www.cruillabarcelona.cat\/es\/"},{"@type":"ListItem","position":2,"name":"The Offspring"}]},{"@type":"WebSite","@id":"https:\/\/www.cruillabarcelona.cat\/es\/#website","url":"https:\/\/www.cruillabarcelona.cat\/es\/","name":"Festival Cru\u00eflla","description":"","publisher":{"@id":"https:\/\/www.cruillabarcelona.cat\/es\/#organization"},"potentialAction":[{"@type":"SearchAction","target":{"@type":"EntryPoint","urlTemplate":"https:\/\/www.cruillabarcelona.cat\/es\/?s={search_term_string}"},"query-input":{"@type":"PropertyValueSpecification","valueRequired":true,"valueName":"search_term_string"}}],"inLanguage":"es"},{"@type":"Organization","@id":"https:\/\/www.cruillabarcelona.cat\/es\/#organization","name":"Festival Cru\u00eflla","url":"https:\/\/www.cruillabarcelona.cat\/es\/","logo":{"@type":"ImageObject","inLanguage":"es","@id":"https:\/\/www.cruillabarcelona.cat\/es\/#\/schema\/logo\/image\/","url":"https:\/\/www.cruillabarcelona.cat\/wp-content\/uploads\/2025\/12\/cruill-logo-negativo.png","contentUrl":"https:\/\/www.cruillabarcelona.cat\/wp-content\/uploads\/2025\/12\/cruill-logo-negativo.png","width":400,"height":101,"caption":"Festival Cru\u00eflla"},"image":{"@id":"https:\/\/www.cruillabarcelona.cat\/es\/#\/schema\/logo\/image\/"}}]}},"_links":{"self":[{"href":"https:\/\/www.cruillabarcelona.cat\/es\/wp-json\/wp\/v2\/artists\/47688","targetHints":{"allow":["GET"]}}],"collection":[{"href":"https:\/\/www.cruillabarcelona.cat\/es\/wp-json\/wp\/v2\/artists"}],"about":[{"href":"https:\/\/www.cruillabarcelona.cat\/es\/wp-json\/wp\/v2\/types\/artists"}],"acf:term":[{"embeddable":true,"taxonomy":"artists_location","href":"https:\/\/www.cruillabarcelona.cat\/es\/wp-json\/wp\/v2\/artists_location\/20"},{"embeddable":true,"taxonomy":"artists_edition","href":"https:\/\/www.cruillabarcelona.cat\/es\/wp-json\/wp\/v2\/artists_edition\/877"}],"wp:featuredmedia":[{"embeddable":true,"href":"https:\/\/www.cruillabarcelona.cat\/es\/wp-json\/wp\/v2\/media\/47843"}],"wp:attachment":[{"href":"https:\/\/www.cruillabarcelona.cat\/es\/wp-json\/wp\/v2\/media?parent=47688"}],"wp:term":[{"taxonomy":"artists_edition","embeddable":true,"href":"https:\/\/www.cruillabarcelona.cat\/es\/wp-json\/wp\/v2\/artists_edition?post=47688"}],"curies":[{"name":"wp","href":"https:\/\/api.w.org\/{rel}","templated":true}]}}

<h2>¡THE OFFSPRING EN CONCIERTO EN EL CRUÏLLA 2023!</h2>
<h3>A THOUSAND LIES AND A GOOD DISGUISE</h3>
<p>Tienen <strong>diez álbumes</strong> debajo del brazo pero pasaron ocho años entre los dos últimos. Y no, no se separaron, ni se tomaron un tiempo. Su <strong>pasión por el directo </strong>y la<strong> fidelidad de sus fans</strong> hicieron que fueran encadenando giras durante esa época.</p>
<p>Así pues, no podíamos no traerte un grupo tan adicto a los escenarios: ¡<strong>el próximo 7 de julio</strong> no te pierdas <strong>The Offspring</strong> en el Cruïlla!</p>
<hr />
<p style="text-align: center;"><em>Consigue tu entrada o abono del Cruïlla 2023:</em></p>
<p style="text-align: center;"><a class="efsbutton button " target="_blank">ENTRADAS</a></p>
<hr />
<p><em><strong>Let the Bad Times Roll</strong> </em>es el álbum más <strong>catártico</strong> que han publicado, surfeando entre la crítica social, la reflexión sobre la salud mental o emociones tan puras como el desamor. En un momento en el que la música urbana parece absorberlo todo, <strong>The Offspring</strong> son la prueba de que <strong>el punk está más vivo que nunca.</strong></p>
<p>Este verano la exitosa banda estadounidense de los noventa demostrará que no hay épocas doradas que valgan: <strong>¡sólo importa el rock!</strong></p>
<!-- auto-added video if acf/single-artist-video not used  --> <iframe style="width: 100%;max-width: 100%;height: auto;aspect-ratio: 16 / 9;" src="https://www.youtube-nocookie.com/embed/4CI25W4BnYM" frameborder="0" allow="accelerometer; autoplay; encrypted-media; gyroscope; picture-in-picture" allowfullscreen></iframe>

Festival Cruïlla 2023

<!-- This site is optimized with the Yoast SEO plugin v27.5 - https://yoast.com/product/yoast-seo-wordpress/ -->
<title>The Offspring en concierto en el Festival Cruïlla 2023</title>
<meta name="description" content="Compra entradas para el concierto de The Offspring en el Festival Cruïlla, el 7 de julio de 2023 en el Parc del Fòrum de Barcelona" />
<meta name="robots" content="index, follow, max-snippet:-1, max-image-preview:large, max-video-preview:-1" />
<link rel="canonical" href="https://www.cruillabarcelona.cat/es/artists/the-offspring/" />
<meta property="og:locale" content="es_ES" />
<meta property="og:type" content="article" />
<meta property="og:title" content="The Offspring en concierto en el Festival Cruïlla 2023" />
<meta property="og:description" content="Compra entradas para el concierto de The Offspring en el Festival Cruïlla, el 7 de julio de 2023 en el Parc del Fòrum de Barcelona" />
<meta property="og:url" content="https://www.cruillabarcelona.cat/es/artists/the-offspring/" />
<meta property="og:site_name" content="Festival Cruïlla" />
<meta property="article:modified_time" content="2023-05-12T16:16:26+00:00" />
<meta property="og:image" content="https://www.cruillabarcelona.cat/wp-content/uploads/2023/02/offspingmanchester-12-1.jpg" />
	<meta property="og:image:width" content="1000" />
	<meta property="og:image:height" content="1000" />
	<meta property="og:image:type" content="image/jpeg" />
<meta name="twitter:card" content="summary_large_image" />
<meta name="twitter:label1" content="Tiempo de lectura" />
	<meta name="twitter:data1" content="1 minuto" />
<script type="application/ld+json" class="yoast-schema-graph">{"@context":"https:\/\/schema.org","@graph":[{"@type":"WebPage","@id":"https:\/\/www.cruillabarcelona.cat\/es\/artists\/the-offspring\/","url":"https:\/\/www.cruillabarcelona.cat\/es\/artists\/the-offspring\/","name":"The Offspring en concierto en el Festival Cruïlla 2023","isPartOf":{"@id":"https:\/\/www.cruillabarcelona.cat\/es\/#website"},"primaryImageOfPage":{"@id":"https:\/\/www.cruillabarcelona.cat\/es\/artists\/the-offspring\/#primaryimage"},"image":{"@id":"https:\/\/www.cruillabarcelona.cat\/es\/artists\/the-offspring\/#primaryimage"},"thumbnailUrl":"https:\/\/www.cruillabarcelona.cat\/wp-content\/uploads\/2023\/02\/offspingmanchester-12-1.jpg","datePublished":"2023-02-23T10:52:21+00:00","dateModified":"2023-05-12T16:16:26+00:00","description":"Compra entradas para el concierto de The Offspring en el Festival Cruïlla, el 7 de julio de 2023 en el Parc del Fòrum de Barcelona","breadcrumb":{"@id":"https:\/\/www.cruillabarcelona.cat\/es\/artists\/the-offspring\/#breadcrumb"},"inLanguage":"es","potentialAction":[{"@type":"ReadAction","target":["https:\/\/www.cruillabarcelona.cat\/es\/artists\/the-offspring\/"]}]},{"@type":"ImageObject","inLanguage":"es","@id":"https:\/\/www.cruillabarcelona.cat\/es\/artists\/the-offspring\/#primaryimage","url":"https:\/\/www.cruillabarcelona.cat\/wp-content\/uploads\/2023\/02\/offspingmanchester-12-1.jpg","contentUrl":"https:\/\/www.cruillabarcelona.cat\/wp-content\/uploads\/2023\/02\/offspingmanchester-12-1.jpg","width":1000,"height":1000},{"@type":"BreadcrumbList","@id":"https:\/\/www.cruillabarcelona.cat\/es\/artists\/the-offspring\/#breadcrumb","itemListElement":[{"@type":"ListItem","position":1,"name":"Home","item":"https:\/\/www.cruillabarcelona.cat\/es\/"},{"@type":"ListItem","position":2,"name":"The Offspring"}]},{"@type":"WebSite","@id":"https:\/\/www.cruillabarcelona.cat\/es\/#website","url":"https:\/\/www.cruillabarcelona.cat\/es\/","name":"Festival Cruïlla","description":"","publisher":{"@id":"https:\/\/www.cruillabarcelona.cat\/es\/#organization"},"potentialAction":[{"@type":"SearchAction","target":{"@type":"EntryPoint","urlTemplate":"https:\/\/www.cruillabarcelona.cat\/es\/?s={search_term_string}"},"query-input":{"@type":"PropertyValueSpecification","valueRequired":true,"valueName":"search_term_string"}}],"inLanguage":"es"},{"@type":"Organization","@id":"https:\/\/www.cruillabarcelona.cat\/es\/#organization","name":"Festival Cruïlla","url":"https:\/\/www.cruillabarcelona.cat\/es\/","logo":{"@type":"ImageObject","inLanguage":"es","@id":"https:\/\/www.cruillabarcelona.cat\/es\/#\/schema\/logo\/image\/","url":"https:\/\/www.cruillabarcelona.cat\/wp-content\/uploads\/2025\/12\/cruill-logo-negativo.png","contentUrl":"https:\/\/www.cruillabarcelona.cat\/wp-content\/uploads\/2025\/12\/cruill-logo-negativo.png","width":400,"height":101,"caption":"Festival Cruïlla"},"image":{"@id":"https:\/\/www.cruillabarcelona.cat\/es\/#\/schema\/logo\/image\/"}}]}</script>
<!-- / Yoast SEO plugin. -->

The Offspring en concierto en el Festival Cruïlla 2023

Compra entradas para el concierto de The Offspring en el Festival Cruïlla, el 7 de julio de 2023 en el Parc del Fòrum de Barcelona

Festival Cruïlla
