{"id":51362,"date":"2024-02-21T13:18:51","date_gmt":"2024-02-21T11:18:51","guid":{"rendered":"https:\/\/www.cruillabarcelona.cat\/?post_type=artists&#038;p=51362"},"modified":"2024-05-29T11:21:25","modified_gmt":"2024-05-29T09:21:25","slug":"la-plazuela","status":"publish","type":"artists","link":"https:\/\/www.cruillabarcelona.cat\/es\/artists\/la-plazuela\/","title":{"rendered":"La Plazuela"},"content":{"rendered":"<h2>\u00a1LA PLAZUELA EN CONCIERTO EN EL FESTIVAL CRU\u00cfLLA 2024!<\/h2>\n<h3>POR MUCHO QUE EL VIENTO SOPLE<\/h3>\n<p>En 2019 hicieron p\u00fablico un primer EP, &#8216;<strong>Yunque, clavos y arcayatas<\/strong>&#8216;, que se estren\u00f3 con \u00e9xito, si bien \u00e9ste se vio algo truncado por la pandemia. Durante el 2020 estrenaron dos sencillos, pero no fue hasta el 2022 que el d\u00fao formado por Manuel Hidalgo Sierra y Luis Abril Mart\u00edn hizo <strong>tambalear los cementos del panorama musical<\/strong> <strong>nacional<\/strong> con el EP &#8216;Jamila&#8217;.<\/p>\n<p>Finalmente, en 2023 publicaron su primer disco &#8216;Roneo Funk Club&#8217;, con el que demostraron que \u00a1por mucho que el viento sople no hay quien hunda un<strong> proyecto tan \u00fanico como el suyo<\/strong>!<\/p>\n<hr \/>\n<p style=\"text-align: center;\"><em><b>Compra aqu\u00ed tus entradas o abonos para el Cru\u00eflla 2024<\/b><\/em><\/p>\n<p style=\"text-align: center;\"><a class=\"efsbutton button \" target=\"_blank\">ENTRADAS<\/a><\/p>\n<hr \/>\n<p>Con un estilo dif\u00edcil de describir,<strong> La Plazuela<\/strong> bebe de la m\u00fasica flamenca, la cultura popular andaluza y especialmente la granadina y se alimenta de la electr\u00f3nica y el funk, ofreciendo as\u00ed como resultado un men\u00fa degustaci\u00f3n que combina<strong> honor a las ra\u00edces, experimentaci\u00f3n musical y un discurso muy actual.<\/strong><\/p>\n<p>El pr\u00f3ximo<strong> jueves 11 de julio<\/strong> \u00a1vendr\u00e1n a ofrecernos su \u00fanico concierto en Barcelona de todo el verano en el <strong>Festival Cru\u00eflla 2024!<\/strong><\/p>\n<!-- auto-added video if acf\/single-artist-video not used  --> <iframe style=\"width: 100%;max-width: 100%;height: auto;aspect-ratio: 16 \/ 9;\" src=\"https:\/\/www.youtube-nocookie.com\/embed\/hRHNjIt_kTs\" frameborder=\"0\" allow=\"accelerometer; autoplay; encrypted-media; gyroscope; picture-in-picture\" allowfullscreen><\/iframe>","protected":false},"featured_media":51483,"template":"","meta":{"_acf_changed":false},"artists_edition":[885],"class_list":["post-51362","artists","type-artists","status-publish","has-post-thumbnail","hentry","artists_location-escenari-occident","artists_edition-885"],"acf":{"_thumbnail_id":51483,"youtube_player":"hRHNjIt_kTs","artist_edition":[885],"artist_date":"20240711","artist_time":"22:15","artist_time_2":"","artist_location":[889],"artist_ticket_url":"https:\/\/www.cruillabarcelona.cat\/es\/tickets\/","artist_ticket_status":"","artist_extra_date__show":false,"artist_extra_date_2":null,"artist_time_of_date2":"","artist_extra_date_3":null,"artist_time_of_date3":"","artist_extra_date_4":null,"artist_time_of_date4":"","artist_extra_date_5":null,"artist_time_of_date5":"","artist_date__show_month":true,"artist_sidebar_active":true,"show_in_agenda":true,"artist_sidebar__banner_img":"","artist_sidebar__banner_link":"","artist_hero_content":"Festival Cru\u00eflla 2024","artist_style":false,"artist_nationality":false,"artist_audience_age":false},"yoast_head":"<!-- This site is optimized with the Yoast SEO plugin v27.5 - https:\/\/yoast.com\/product\/yoast-seo-wordpress\/ -->\n<title>Concierto de La Plazuela en el Festival Cru\u00eflla, el 11 de julio a Barcelona<\/title>\n<meta name=\"description\" content=\"Compra entradas para el concierto de La Plazuela al Festival Cru\u00eflla 2024, el 11 de julio en el Parc del F\u00f2rum de Barcelona\" \/>\n<meta name=\"robots\" content=\"index, follow, max-snippet:-1, max-image-preview:large, max-video-preview:-1\" \/>\n<link rel=\"canonical\" href=\"https:\/\/www.cruillabarcelona.cat\/es\/artists\/la-plazuela\/\" \/>\n<meta property=\"og:locale\" content=\"es_ES\" \/>\n<meta property=\"og:type\" content=\"article\" \/>\n<meta property=\"og:title\" content=\"Concierto de La Plazuela en el Festival Cru\u00eflla, el 11 de julio a Barcelona\" \/>\n<meta property=\"og:description\" content=\"Compra entradas para el concierto de La Plazuela al Festival Cru\u00eflla 2024, el 11 de julio en el Parc del F\u00f2rum de Barcelona\" \/>\n<meta property=\"og:url\" content=\"https:\/\/www.cruillabarcelona.cat\/es\/artists\/la-plazuela\/\" \/>\n<meta property=\"og:site_name\" content=\"Festival Cru\u00eflla\" \/>\n<meta property=\"article:modified_time\" content=\"2024-05-29T09:21:25+00:00\" \/>\n<meta property=\"og:image\" content=\"https:\/\/www.cruillabarcelona.cat\/wp-content\/uploads\/2024\/02\/Copia-de-DSCF6643-1.jpg\" \/>\n\t<meta property=\"og:image:width\" content=\"1000\" \/>\n\t<meta property=\"og:image:height\" content=\"1000\" \/>\n\t<meta property=\"og:image:type\" content=\"image\/jpeg\" \/>\n<meta name=\"twitter:card\" content=\"summary_large_image\" \/>\n<meta name=\"twitter:label1\" content=\"Tiempo de lectura\" \/>\n\t<meta name=\"twitter:data1\" content=\"2 minutos\" \/>\n<script type=\"application\/ld+json\" class=\"yoast-schema-graph\">{\"@context\":\"https:\\\/\\\/schema.org\",\"@graph\":[{\"@type\":\"WebPage\",\"@id\":\"https:\\\/\\\/www.cruillabarcelona.cat\\\/es\\\/artists\\\/la-plazuela\\\/\",\"url\":\"https:\\\/\\\/www.cruillabarcelona.cat\\\/es\\\/artists\\\/la-plazuela\\\/\",\"name\":\"Concierto de La Plazuela en el Festival Cru\u00eflla, el 11 de julio a Barcelona\",\"isPartOf\":{\"@id\":\"https:\\\/\\\/www.cruillabarcelona.cat\\\/es\\\/#website\"},\"primaryImageOfPage\":{\"@id\":\"https:\\\/\\\/www.cruillabarcelona.cat\\\/es\\\/artists\\\/la-plazuela\\\/#primaryimage\"},\"image\":{\"@id\":\"https:\\\/\\\/www.cruillabarcelona.cat\\\/es\\\/artists\\\/la-plazuela\\\/#primaryimage\"},\"thumbnailUrl\":\"https:\\\/\\\/www.cruillabarcelona.cat\\\/wp-content\\\/uploads\\\/2024\\\/02\\\/Copia-de-DSCF6643-1.jpg\",\"datePublished\":\"2024-02-21T11:18:51+00:00\",\"dateModified\":\"2024-05-29T09:21:25+00:00\",\"description\":\"Compra entradas para el concierto de La Plazuela al Festival Cru\u00eflla 2024, el 11 de julio en el Parc del F\u00f2rum de Barcelona\",\"breadcrumb\":{\"@id\":\"https:\\\/\\\/www.cruillabarcelona.cat\\\/es\\\/artists\\\/la-plazuela\\\/#breadcrumb\"},\"inLanguage\":\"es\",\"potentialAction\":[{\"@type\":\"ReadAction\",\"target\":[\"https:\\\/\\\/www.cruillabarcelona.cat\\\/es\\\/artists\\\/la-plazuela\\\/\"]}]},{\"@type\":\"ImageObject\",\"inLanguage\":\"es\",\"@id\":\"https:\\\/\\\/www.cruillabarcelona.cat\\\/es\\\/artists\\\/la-plazuela\\\/#primaryimage\",\"url\":\"https:\\\/\\\/www.cruillabarcelona.cat\\\/wp-content\\\/uploads\\\/2024\\\/02\\\/Copia-de-DSCF6643-1.jpg\",\"contentUrl\":\"https:\\\/\\\/www.cruillabarcelona.cat\\\/wp-content\\\/uploads\\\/2024\\\/02\\\/Copia-de-DSCF6643-1.jpg\",\"width\":1000,\"height\":1000},{\"@type\":\"BreadcrumbList\",\"@id\":\"https:\\\/\\\/www.cruillabarcelona.cat\\\/es\\\/artists\\\/la-plazuela\\\/#breadcrumb\",\"itemListElement\":[{\"@type\":\"ListItem\",\"position\":1,\"name\":\"Home\",\"item\":\"https:\\\/\\\/www.cruillabarcelona.cat\\\/es\\\/\"},{\"@type\":\"ListItem\",\"position\":2,\"name\":\"La Plazuela\"}]},{\"@type\":\"WebSite\",\"@id\":\"https:\\\/\\\/www.cruillabarcelona.cat\\\/es\\\/#website\",\"url\":\"https:\\\/\\\/www.cruillabarcelona.cat\\\/es\\\/\",\"name\":\"Festival Cru\u00eflla\",\"description\":\"\",\"publisher\":{\"@id\":\"https:\\\/\\\/www.cruillabarcelona.cat\\\/es\\\/#organization\"},\"potentialAction\":[{\"@type\":\"SearchAction\",\"target\":{\"@type\":\"EntryPoint\",\"urlTemplate\":\"https:\\\/\\\/www.cruillabarcelona.cat\\\/es\\\/?s={search_term_string}\"},\"query-input\":{\"@type\":\"PropertyValueSpecification\",\"valueRequired\":true,\"valueName\":\"search_term_string\"}}],\"inLanguage\":\"es\"},{\"@type\":\"Organization\",\"@id\":\"https:\\\/\\\/www.cruillabarcelona.cat\\\/es\\\/#organization\",\"name\":\"Festival Cru\u00eflla\",\"url\":\"https:\\\/\\\/www.cruillabarcelona.cat\\\/es\\\/\",\"logo\":{\"@type\":\"ImageObject\",\"inLanguage\":\"es\",\"@id\":\"https:\\\/\\\/www.cruillabarcelona.cat\\\/es\\\/#\\\/schema\\\/logo\\\/image\\\/\",\"url\":\"https:\\\/\\\/www.cruillabarcelona.cat\\\/wp-content\\\/uploads\\\/2025\\\/12\\\/cruill-logo-negativo.png\",\"contentUrl\":\"https:\\\/\\\/www.cruillabarcelona.cat\\\/wp-content\\\/uploads\\\/2025\\\/12\\\/cruill-logo-negativo.png\",\"width\":400,\"height\":101,\"caption\":\"Festival Cru\u00eflla\"},\"image\":{\"@id\":\"https:\\\/\\\/www.cruillabarcelona.cat\\\/es\\\/#\\\/schema\\\/logo\\\/image\\\/\"}}]}<\/script>\n<!-- \/ Yoast SEO plugin. -->","yoast_head_json":{"title":"Concierto de La Plazuela en el Festival Cru\u00eflla, el 11 de julio a Barcelona","description":"Compra entradas para el concierto de La Plazuela al Festival Cru\u00eflla 2024, el 11 de julio en el Parc del F\u00f2rum de Barcelona","robots":{"index":"index","follow":"follow","max-snippet":"max-snippet:-1","max-image-preview":"max-image-preview:large","max-video-preview":"max-video-preview:-1"},"canonical":"https:\/\/www.cruillabarcelona.cat\/es\/artists\/la-plazuela\/","og_locale":"es_ES","og_type":"article","og_title":"Concierto de La Plazuela en el Festival Cru\u00eflla, el 11 de julio a Barcelona","og_description":"Compra entradas para el concierto de La Plazuela al Festival Cru\u00eflla 2024, el 11 de julio en el Parc del F\u00f2rum de Barcelona","og_url":"https:\/\/www.cruillabarcelona.cat\/es\/artists\/la-plazuela\/","og_site_name":"Festival Cru\u00eflla","article_modified_time":"2024-05-29T09:21:25+00:00","og_image":[{"width":1000,"height":1000,"url":"https:\/\/www.cruillabarcelona.cat\/wp-content\/uploads\/2024\/02\/Copia-de-DSCF6643-1.jpg","type":"image\/jpeg"}],"twitter_card":"summary_large_image","twitter_misc":{"Tiempo de lectura":"2 minutos"},"schema":{"@context":"https:\/\/schema.org","@graph":[{"@type":"WebPage","@id":"https:\/\/www.cruillabarcelona.cat\/es\/artists\/la-plazuela\/","url":"https:\/\/www.cruillabarcelona.cat\/es\/artists\/la-plazuela\/","name":"Concierto de La Plazuela en el Festival Cru\u00eflla, el 11 de julio a Barcelona","isPartOf":{"@id":"https:\/\/www.cruillabarcelona.cat\/es\/#website"},"primaryImageOfPage":{"@id":"https:\/\/www.cruillabarcelona.cat\/es\/artists\/la-plazuela\/#primaryimage"},"image":{"@id":"https:\/\/www.cruillabarcelona.cat\/es\/artists\/la-plazuela\/#primaryimage"},"thumbnailUrl":"https:\/\/www.cruillabarcelona.cat\/wp-content\/uploads\/2024\/02\/Copia-de-DSCF6643-1.jpg","datePublished":"2024-02-21T11:18:51+00:00","dateModified":"2024-05-29T09:21:25+00:00","description":"Compra entradas para el concierto de La Plazuela al Festival Cru\u00eflla 2024, el 11 de julio en el Parc del F\u00f2rum de Barcelona","breadcrumb":{"@id":"https:\/\/www.cruillabarcelona.cat\/es\/artists\/la-plazuela\/#breadcrumb"},"inLanguage":"es","potentialAction":[{"@type":"ReadAction","target":["https:\/\/www.cruillabarcelona.cat\/es\/artists\/la-plazuela\/"]}]},{"@type":"ImageObject","inLanguage":"es","@id":"https:\/\/www.cruillabarcelona.cat\/es\/artists\/la-plazuela\/#primaryimage","url":"https:\/\/www.cruillabarcelona.cat\/wp-content\/uploads\/2024\/02\/Copia-de-DSCF6643-1.jpg","contentUrl":"https:\/\/www.cruillabarcelona.cat\/wp-content\/uploads\/2024\/02\/Copia-de-DSCF6643-1.jpg","width":1000,"height":1000},{"@type":"BreadcrumbList","@id":"https:\/\/www.cruillabarcelona.cat\/es\/artists\/la-plazuela\/#breadcrumb","itemListElement":[{"@type":"ListItem","position":1,"name":"Home","item":"https:\/\/www.cruillabarcelona.cat\/es\/"},{"@type":"ListItem","position":2,"name":"La Plazuela"}]},{"@type":"WebSite","@id":"https:\/\/www.cruillabarcelona.cat\/es\/#website","url":"https:\/\/www.cruillabarcelona.cat\/es\/","name":"Festival Cru\u00eflla","description":"","publisher":{"@id":"https:\/\/www.cruillabarcelona.cat\/es\/#organization"},"potentialAction":[{"@type":"SearchAction","target":{"@type":"EntryPoint","urlTemplate":"https:\/\/www.cruillabarcelona.cat\/es\/?s={search_term_string}"},"query-input":{"@type":"PropertyValueSpecification","valueRequired":true,"valueName":"search_term_string"}}],"inLanguage":"es"},{"@type":"Organization","@id":"https:\/\/www.cruillabarcelona.cat\/es\/#organization","name":"Festival Cru\u00eflla","url":"https:\/\/www.cruillabarcelona.cat\/es\/","logo":{"@type":"ImageObject","inLanguage":"es","@id":"https:\/\/www.cruillabarcelona.cat\/es\/#\/schema\/logo\/image\/","url":"https:\/\/www.cruillabarcelona.cat\/wp-content\/uploads\/2025\/12\/cruill-logo-negativo.png","contentUrl":"https:\/\/www.cruillabarcelona.cat\/wp-content\/uploads\/2025\/12\/cruill-logo-negativo.png","width":400,"height":101,"caption":"Festival Cru\u00eflla"},"image":{"@id":"https:\/\/www.cruillabarcelona.cat\/es\/#\/schema\/logo\/image\/"}}]}},"_links":{"self":[{"href":"https:\/\/www.cruillabarcelona.cat\/es\/wp-json\/wp\/v2\/artists\/51362","targetHints":{"allow":["GET"]}}],"collection":[{"href":"https:\/\/www.cruillabarcelona.cat\/es\/wp-json\/wp\/v2\/artists"}],"about":[{"href":"https:\/\/www.cruillabarcelona.cat\/es\/wp-json\/wp\/v2\/types\/artists"}],"acf:term":[{"embeddable":true,"taxonomy":"artists_location","href":"https:\/\/www.cruillabarcelona.cat\/es\/wp-json\/wp\/v2\/artists_location\/889"},{"embeddable":true,"taxonomy":"artists_edition","href":"https:\/\/www.cruillabarcelona.cat\/es\/wp-json\/wp\/v2\/artists_edition\/885"}],"wp:featuredmedia":[{"embeddable":true,"href":"https:\/\/www.cruillabarcelona.cat\/es\/wp-json\/wp\/v2\/media\/51483"}],"wp:attachment":[{"href":"https:\/\/www.cruillabarcelona.cat\/es\/wp-json\/wp\/v2\/media?parent=51362"}],"wp:term":[{"taxonomy":"artists_edition","embeddable":true,"href":"https:\/\/www.cruillabarcelona.cat\/es\/wp-json\/wp\/v2\/artists_edition?post=51362"}],"curies":[{"name":"wp","href":"https:\/\/api.w.org\/{rel}","templated":true}]}}

<h2>¡LA PLAZUELA EN CONCIERTO EN EL FESTIVAL CRUÏLLA 2024!</h2>
<h3>POR MUCHO QUE EL VIENTO SOPLE</h3>
<p>En 2019 hicieron público un primer EP, &#8216;<strong>Yunque, clavos y arcayatas</strong>&#8216;, que se estrenó con éxito, si bien éste se vio algo truncado por la pandemia. Durante el 2020 estrenaron dos sencillos, pero no fue hasta el 2022 que el dúo formado por Manuel Hidalgo Sierra y Luis Abril Martín hizo <strong>tambalear los cementos del panorama musical</strong> <strong>nacional</strong> con el EP &#8216;Jamila&#8217;.</p>
<p>Finalmente, en 2023 publicaron su primer disco &#8216;Roneo Funk Club&#8217;, con el que demostraron que ¡por mucho que el viento sople no hay quien hunda un<strong> proyecto tan único como el suyo</strong>!</p>
<hr />
<p style="text-align: center;"><em><b>Compra aquí tus entradas o abonos para el Cruïlla 2024</b></em></p>
<p style="text-align: center;"><a class="efsbutton button " target="_blank">ENTRADAS</a></p>
<hr />
<p>Con un estilo difícil de describir,<strong> La Plazuela</strong> bebe de la música flamenca, la cultura popular andaluza y especialmente la granadina y se alimenta de la electrónica y el funk, ofreciendo así como resultado un menú degustación que combina<strong> honor a las raíces, experimentación musical y un discurso muy actual.</strong></p>
<p>El próximo<strong> jueves 11 de julio</strong> ¡vendrán a ofrecernos su único concierto en Barcelona de todo el verano en el <strong>Festival Cruïlla 2024!</strong></p>
<!-- auto-added video if acf/single-artist-video not used  --> <iframe style="width: 100%;max-width: 100%;height: auto;aspect-ratio: 16 / 9;" src="https://www.youtube-nocookie.com/embed/hRHNjIt_kTs" frameborder="0" allow="accelerometer; autoplay; encrypted-media; gyroscope; picture-in-picture" allowfullscreen></iframe>

Festival Cruïlla 2024

<!-- This site is optimized with the Yoast SEO plugin v27.5 - https://yoast.com/product/yoast-seo-wordpress/ -->
<title>Concierto de La Plazuela en el Festival Cruïlla, el 11 de julio a Barcelona</title>
<meta name="description" content="Compra entradas para el concierto de La Plazuela al Festival Cruïlla 2024, el 11 de julio en el Parc del Fòrum de Barcelona" />
<meta name="robots" content="index, follow, max-snippet:-1, max-image-preview:large, max-video-preview:-1" />
<link rel="canonical" href="https://www.cruillabarcelona.cat/es/artists/la-plazuela/" />
<meta property="og:locale" content="es_ES" />
<meta property="og:type" content="article" />
<meta property="og:title" content="Concierto de La Plazuela en el Festival Cruïlla, el 11 de julio a Barcelona" />
<meta property="og:description" content="Compra entradas para el concierto de La Plazuela al Festival Cruïlla 2024, el 11 de julio en el Parc del Fòrum de Barcelona" />
<meta property="og:url" content="https://www.cruillabarcelona.cat/es/artists/la-plazuela/" />
<meta property="og:site_name" content="Festival Cruïlla" />
<meta property="article:modified_time" content="2024-05-29T09:21:25+00:00" />
<meta property="og:image" content="https://www.cruillabarcelona.cat/wp-content/uploads/2024/02/Copia-de-DSCF6643-1.jpg" />
	<meta property="og:image:width" content="1000" />
	<meta property="og:image:height" content="1000" />
	<meta property="og:image:type" content="image/jpeg" />
<meta name="twitter:card" content="summary_large_image" />
<meta name="twitter:label1" content="Tiempo de lectura" />
	<meta name="twitter:data1" content="2 minutos" />
<script type="application/ld+json" class="yoast-schema-graph">{"@context":"https:\/\/schema.org","@graph":[{"@type":"WebPage","@id":"https:\/\/www.cruillabarcelona.cat\/es\/artists\/la-plazuela\/","url":"https:\/\/www.cruillabarcelona.cat\/es\/artists\/la-plazuela\/","name":"Concierto de La Plazuela en el Festival Cruïlla, el 11 de julio a Barcelona","isPartOf":{"@id":"https:\/\/www.cruillabarcelona.cat\/es\/#website"},"primaryImageOfPage":{"@id":"https:\/\/www.cruillabarcelona.cat\/es\/artists\/la-plazuela\/#primaryimage"},"image":{"@id":"https:\/\/www.cruillabarcelona.cat\/es\/artists\/la-plazuela\/#primaryimage"},"thumbnailUrl":"https:\/\/www.cruillabarcelona.cat\/wp-content\/uploads\/2024\/02\/Copia-de-DSCF6643-1.jpg","datePublished":"2024-02-21T11:18:51+00:00","dateModified":"2024-05-29T09:21:25+00:00","description":"Compra entradas para el concierto de La Plazuela al Festival Cruïlla 2024, el 11 de julio en el Parc del Fòrum de Barcelona","breadcrumb":{"@id":"https:\/\/www.cruillabarcelona.cat\/es\/artists\/la-plazuela\/#breadcrumb"},"inLanguage":"es","potentialAction":[{"@type":"ReadAction","target":["https:\/\/www.cruillabarcelona.cat\/es\/artists\/la-plazuela\/"]}]},{"@type":"ImageObject","inLanguage":"es","@id":"https:\/\/www.cruillabarcelona.cat\/es\/artists\/la-plazuela\/#primaryimage","url":"https:\/\/www.cruillabarcelona.cat\/wp-content\/uploads\/2024\/02\/Copia-de-DSCF6643-1.jpg","contentUrl":"https:\/\/www.cruillabarcelona.cat\/wp-content\/uploads\/2024\/02\/Copia-de-DSCF6643-1.jpg","width":1000,"height":1000},{"@type":"BreadcrumbList","@id":"https:\/\/www.cruillabarcelona.cat\/es\/artists\/la-plazuela\/#breadcrumb","itemListElement":[{"@type":"ListItem","position":1,"name":"Home","item":"https:\/\/www.cruillabarcelona.cat\/es\/"},{"@type":"ListItem","position":2,"name":"La Plazuela"}]},{"@type":"WebSite","@id":"https:\/\/www.cruillabarcelona.cat\/es\/#website","url":"https:\/\/www.cruillabarcelona.cat\/es\/","name":"Festival Cruïlla","description":"","publisher":{"@id":"https:\/\/www.cruillabarcelona.cat\/es\/#organization"},"potentialAction":[{"@type":"SearchAction","target":{"@type":"EntryPoint","urlTemplate":"https:\/\/www.cruillabarcelona.cat\/es\/?s={search_term_string}"},"query-input":{"@type":"PropertyValueSpecification","valueRequired":true,"valueName":"search_term_string"}}],"inLanguage":"es"},{"@type":"Organization","@id":"https:\/\/www.cruillabarcelona.cat\/es\/#organization","name":"Festival Cruïlla","url":"https:\/\/www.cruillabarcelona.cat\/es\/","logo":{"@type":"ImageObject","inLanguage":"es","@id":"https:\/\/www.cruillabarcelona.cat\/es\/#\/schema\/logo\/image\/","url":"https:\/\/www.cruillabarcelona.cat\/wp-content\/uploads\/2025\/12\/cruill-logo-negativo.png","contentUrl":"https:\/\/www.cruillabarcelona.cat\/wp-content\/uploads\/2025\/12\/cruill-logo-negativo.png","width":400,"height":101,"caption":"Festival Cruïlla"},"image":{"@id":"https:\/\/www.cruillabarcelona.cat\/es\/#\/schema\/logo\/image\/"}}]}</script>
<!-- / Yoast SEO plugin. -->

Concierto de La Plazuela en el Festival Cruïlla, el 11 de julio a Barcelona

Compra entradas para el concierto de La Plazuela al Festival Cruïlla 2024, el 11 de julio en el Parc del Fòrum de Barcelona

Festival Cruïlla
