{"id":58803,"date":"2025-06-03T12:51:08","date_gmt":"2025-06-03T10:51:08","guid":{"rendered":"https:\/\/www.cruillabarcelona.cat\/?page_id=58803"},"modified":"2025-06-03T12:51:08","modified_gmt":"2025-06-03T10:51:08","slug":"energia-sostenibilidad","status":"publish","type":"page","link":"https:\/\/www.cruillabarcelona.cat\/es\/energia-sostenibilidad\/","title":{"rendered":"Energ\u00eda"},"content":{"rendered":"<h1 style=\"text-align: center;\"><span style=\"color: #339966;\">\u00a1Un festival con energ\u00eda 100% renovable!<\/span><\/h1>\n<p>Por tercer a\u00f1o consecutivo colaboramos con\u00a0<strong>Endesa<\/strong> para\u00a0<strong>eliminar el uso de generadores de gasoil<\/strong> del festival y usar\u00a0<strong>exclusivamente alimentaci\u00f3n el\u00e9ctrica de fuentes renovables\u00a0<\/strong>provinientes de la red el\u00e9ctrica del Parc del F\u00f2rum. As\u00ed, \u00a1ahorramos unos 10.000 litros de gasoil, que producen unso 36.000 kg de CO2 por edici\u00f3n!<\/p>\n<p>Adem\u00e1s, este a\u00f1o ponemos en marcha\u00a0<strong>un Plan de Energ\u00eda propio<\/strong> que nos ayudar\u00e1 a optimizar consumos, identificar \u00e1reas de ahorro y poder aplicar estos conocimientos a las pr\u00f3ximas ediciones del festival.<\/p>\n","protected":false},"excerpt":{"rendered":"<p>\u00a1Un festival con energ\u00eda 100% renovable! Por tercer a\u00f1o consecutivo colaboramos con\u00a0Endesa para\u00a0eliminar el uso de generadores de gasoil del festival y usar\u00a0exclusivamente alimentaci\u00f3n el\u00e9ctrica de [&hellip;]<\/p>\n","protected":false},"author":2,"featured_media":58168,"parent":0,"menu_order":0,"comment_status":"closed","ping_status":"closed","template":"page-templates\/page-landing.php","meta":{"_acf_changed":false,"footnotes":""},"class_list":["post-58803","page","type-page","status-publish","has-post-thumbnail","hentry"],"acf":[],"yoast_head":"<!-- This site is optimized with the Yoast SEO plugin v27.5 - https:\/\/yoast.com\/product\/yoast-seo-wordpress\/ -->\n<title>Energ\u00eda - Festival Cru\u00eflla<\/title>\n<meta name=\"robots\" content=\"index, follow, max-snippet:-1, max-image-preview:large, max-video-preview:-1\" \/>\n<link rel=\"canonical\" href=\"https:\/\/www.cruillabarcelona.cat\/es\/energia-sostenibilidad\/\" \/>\n<meta property=\"og:locale\" content=\"es_ES\" \/>\n<meta property=\"og:type\" content=\"article\" \/>\n<meta property=\"og:title\" content=\"Energ\u00eda - Festival Cru\u00eflla\" \/>\n<meta property=\"og:description\" content=\"\u00a1Un festival con energ\u00eda 100% renovable! Por tercer a\u00f1o consecutivo colaboramos con\u00a0Endesa para\u00a0eliminar el uso de generadores de gasoil del festival y usar\u00a0exclusivamente alimentaci\u00f3n el\u00e9ctrica de [&hellip;]\" \/>\n<meta property=\"og:url\" content=\"https:\/\/www.cruillabarcelona.cat\/es\/energia-sostenibilidad\/\" \/>\n<meta property=\"og:site_name\" content=\"Festival Cru\u00eflla\" \/>\n<meta property=\"og:image\" content=\"https:\/\/www.cruillabarcelona.cat\/wp-content\/uploads\/2025\/05\/Copia-de-MARIA_BECERRA__K0A4330-Mejorado-NR_PhotoXaviTorrent_-min-scaled.jpg\" \/>\n\t<meta property=\"og:image:width\" content=\"2560\" \/>\n\t<meta property=\"og:image:height\" content=\"1707\" \/>\n\t<meta property=\"og:image:type\" content=\"image\/jpeg\" \/>\n<meta name=\"twitter:card\" content=\"summary_large_image\" \/>\n<meta name=\"twitter:label1\" content=\"Tiempo de lectura\" \/>\n\t<meta name=\"twitter:data1\" content=\"1 minuto\" \/>\n<script type=\"application\/ld+json\" class=\"yoast-schema-graph\">{\"@context\":\"https:\\\/\\\/schema.org\",\"@graph\":[{\"@type\":\"WebPage\",\"@id\":\"https:\\\/\\\/www.cruillabarcelona.cat\\\/es\\\/energia-sostenibilidad\\\/\",\"url\":\"https:\\\/\\\/www.cruillabarcelona.cat\\\/es\\\/energia-sostenibilidad\\\/\",\"name\":\"Energ\u00eda - Festival Cru\u00eflla\",\"isPartOf\":{\"@id\":\"https:\\\/\\\/www.cruillabarcelona.cat\\\/es\\\/#website\"},\"primaryImageOfPage\":{\"@id\":\"https:\\\/\\\/www.cruillabarcelona.cat\\\/es\\\/energia-sostenibilidad\\\/#primaryimage\"},\"image\":{\"@id\":\"https:\\\/\\\/www.cruillabarcelona.cat\\\/es\\\/energia-sostenibilidad\\\/#primaryimage\"},\"thumbnailUrl\":\"https:\\\/\\\/www.cruillabarcelona.cat\\\/wp-content\\\/uploads\\\/2025\\\/05\\\/Copia-de-MARIA_BECERRA__K0A4330-Mejorado-NR_PhotoXaviTorrent_-min-scaled.jpg\",\"datePublished\":\"2025-06-03T10:51:08+00:00\",\"breadcrumb\":{\"@id\":\"https:\\\/\\\/www.cruillabarcelona.cat\\\/es\\\/energia-sostenibilidad\\\/#breadcrumb\"},\"inLanguage\":\"es\",\"potentialAction\":[{\"@type\":\"ReadAction\",\"target\":[\"https:\\\/\\\/www.cruillabarcelona.cat\\\/es\\\/energia-sostenibilidad\\\/\"]}]},{\"@type\":\"ImageObject\",\"inLanguage\":\"es\",\"@id\":\"https:\\\/\\\/www.cruillabarcelona.cat\\\/es\\\/energia-sostenibilidad\\\/#primaryimage\",\"url\":\"https:\\\/\\\/www.cruillabarcelona.cat\\\/wp-content\\\/uploads\\\/2025\\\/05\\\/Copia-de-MARIA_BECERRA__K0A4330-Mejorado-NR_PhotoXaviTorrent_-min-scaled.jpg\",\"contentUrl\":\"https:\\\/\\\/www.cruillabarcelona.cat\\\/wp-content\\\/uploads\\\/2025\\\/05\\\/Copia-de-MARIA_BECERRA__K0A4330-Mejorado-NR_PhotoXaviTorrent_-min-scaled.jpg\",\"width\":2560,\"height\":1707},{\"@type\":\"BreadcrumbList\",\"@id\":\"https:\\\/\\\/www.cruillabarcelona.cat\\\/es\\\/energia-sostenibilidad\\\/#breadcrumb\",\"itemListElement\":[{\"@type\":\"ListItem\",\"position\":1,\"name\":\"Home\",\"item\":\"https:\\\/\\\/www.cruillabarcelona.cat\\\/es\\\/\"},{\"@type\":\"ListItem\",\"position\":2,\"name\":\"Energ\u00eda\"}]},{\"@type\":\"WebSite\",\"@id\":\"https:\\\/\\\/www.cruillabarcelona.cat\\\/es\\\/#website\",\"url\":\"https:\\\/\\\/www.cruillabarcelona.cat\\\/es\\\/\",\"name\":\"Festival Cru\u00eflla\",\"description\":\"\",\"publisher\":{\"@id\":\"https:\\\/\\\/www.cruillabarcelona.cat\\\/es\\\/#organization\"},\"potentialAction\":[{\"@type\":\"SearchAction\",\"target\":{\"@type\":\"EntryPoint\",\"urlTemplate\":\"https:\\\/\\\/www.cruillabarcelona.cat\\\/es\\\/?s={search_term_string}\"},\"query-input\":{\"@type\":\"PropertyValueSpecification\",\"valueRequired\":true,\"valueName\":\"search_term_string\"}}],\"inLanguage\":\"es\"},{\"@type\":\"Organization\",\"@id\":\"https:\\\/\\\/www.cruillabarcelona.cat\\\/es\\\/#organization\",\"name\":\"Festival Cru\u00eflla\",\"url\":\"https:\\\/\\\/www.cruillabarcelona.cat\\\/es\\\/\",\"logo\":{\"@type\":\"ImageObject\",\"inLanguage\":\"es\",\"@id\":\"https:\\\/\\\/www.cruillabarcelona.cat\\\/es\\\/#\\\/schema\\\/logo\\\/image\\\/\",\"url\":\"https:\\\/\\\/www.cruillabarcelona.cat\\\/wp-content\\\/uploads\\\/2025\\\/12\\\/cruill-logo-negativo.png\",\"contentUrl\":\"https:\\\/\\\/www.cruillabarcelona.cat\\\/wp-content\\\/uploads\\\/2025\\\/12\\\/cruill-logo-negativo.png\",\"width\":400,\"height\":101,\"caption\":\"Festival Cru\u00eflla\"},\"image\":{\"@id\":\"https:\\\/\\\/www.cruillabarcelona.cat\\\/es\\\/#\\\/schema\\\/logo\\\/image\\\/\"}}]}<\/script>\n<!-- \/ Yoast SEO plugin. -->","yoast_head_json":{"title":"Energ\u00eda - Festival Cru\u00eflla","robots":{"index":"index","follow":"follow","max-snippet":"max-snippet:-1","max-image-preview":"max-image-preview:large","max-video-preview":"max-video-preview:-1"},"canonical":"https:\/\/www.cruillabarcelona.cat\/es\/energia-sostenibilidad\/","og_locale":"es_ES","og_type":"article","og_title":"Energ\u00eda - Festival Cru\u00eflla","og_description":"\u00a1Un festival con energ\u00eda 100% renovable! Por tercer a\u00f1o consecutivo colaboramos con\u00a0Endesa para\u00a0eliminar el uso de generadores de gasoil del festival y usar\u00a0exclusivamente alimentaci\u00f3n el\u00e9ctrica de [&hellip;]","og_url":"https:\/\/www.cruillabarcelona.cat\/es\/energia-sostenibilidad\/","og_site_name":"Festival Cru\u00eflla","og_image":[{"width":2560,"height":1707,"url":"https:\/\/www.cruillabarcelona.cat\/wp-content\/uploads\/2025\/05\/Copia-de-MARIA_BECERRA__K0A4330-Mejorado-NR_PhotoXaviTorrent_-min-scaled.jpg","type":"image\/jpeg"}],"twitter_card":"summary_large_image","twitter_misc":{"Tiempo de lectura":"1 minuto"},"schema":{"@context":"https:\/\/schema.org","@graph":[{"@type":"WebPage","@id":"https:\/\/www.cruillabarcelona.cat\/es\/energia-sostenibilidad\/","url":"https:\/\/www.cruillabarcelona.cat\/es\/energia-sostenibilidad\/","name":"Energ\u00eda - Festival Cru\u00eflla","isPartOf":{"@id":"https:\/\/www.cruillabarcelona.cat\/es\/#website"},"primaryImageOfPage":{"@id":"https:\/\/www.cruillabarcelona.cat\/es\/energia-sostenibilidad\/#primaryimage"},"image":{"@id":"https:\/\/www.cruillabarcelona.cat\/es\/energia-sostenibilidad\/#primaryimage"},"thumbnailUrl":"https:\/\/www.cruillabarcelona.cat\/wp-content\/uploads\/2025\/05\/Copia-de-MARIA_BECERRA__K0A4330-Mejorado-NR_PhotoXaviTorrent_-min-scaled.jpg","datePublished":"2025-06-03T10:51:08+00:00","breadcrumb":{"@id":"https:\/\/www.cruillabarcelona.cat\/es\/energia-sostenibilidad\/#breadcrumb"},"inLanguage":"es","potentialAction":[{"@type":"ReadAction","target":["https:\/\/www.cruillabarcelona.cat\/es\/energia-sostenibilidad\/"]}]},{"@type":"ImageObject","inLanguage":"es","@id":"https:\/\/www.cruillabarcelona.cat\/es\/energia-sostenibilidad\/#primaryimage","url":"https:\/\/www.cruillabarcelona.cat\/wp-content\/uploads\/2025\/05\/Copia-de-MARIA_BECERRA__K0A4330-Mejorado-NR_PhotoXaviTorrent_-min-scaled.jpg","contentUrl":"https:\/\/www.cruillabarcelona.cat\/wp-content\/uploads\/2025\/05\/Copia-de-MARIA_BECERRA__K0A4330-Mejorado-NR_PhotoXaviTorrent_-min-scaled.jpg","width":2560,"height":1707},{"@type":"BreadcrumbList","@id":"https:\/\/www.cruillabarcelona.cat\/es\/energia-sostenibilidad\/#breadcrumb","itemListElement":[{"@type":"ListItem","position":1,"name":"Home","item":"https:\/\/www.cruillabarcelona.cat\/es\/"},{"@type":"ListItem","position":2,"name":"Energ\u00eda"}]},{"@type":"WebSite","@id":"https:\/\/www.cruillabarcelona.cat\/es\/#website","url":"https:\/\/www.cruillabarcelona.cat\/es\/","name":"Festival Cru\u00eflla","description":"","publisher":{"@id":"https:\/\/www.cruillabarcelona.cat\/es\/#organization"},"potentialAction":[{"@type":"SearchAction","target":{"@type":"EntryPoint","urlTemplate":"https:\/\/www.cruillabarcelona.cat\/es\/?s={search_term_string}"},"query-input":{"@type":"PropertyValueSpecification","valueRequired":true,"valueName":"search_term_string"}}],"inLanguage":"es"},{"@type":"Organization","@id":"https:\/\/www.cruillabarcelona.cat\/es\/#organization","name":"Festival Cru\u00eflla","url":"https:\/\/www.cruillabarcelona.cat\/es\/","logo":{"@type":"ImageObject","inLanguage":"es","@id":"https:\/\/www.cruillabarcelona.cat\/es\/#\/schema\/logo\/image\/","url":"https:\/\/www.cruillabarcelona.cat\/wp-content\/uploads\/2025\/12\/cruill-logo-negativo.png","contentUrl":"https:\/\/www.cruillabarcelona.cat\/wp-content\/uploads\/2025\/12\/cruill-logo-negativo.png","width":400,"height":101,"caption":"Festival Cru\u00eflla"},"image":{"@id":"https:\/\/www.cruillabarcelona.cat\/es\/#\/schema\/logo\/image\/"}}]}},"_links":{"self":[{"href":"https:\/\/www.cruillabarcelona.cat\/es\/wp-json\/wp\/v2\/pages\/58803","targetHints":{"allow":["GET"]}}],"collection":[{"href":"https:\/\/www.cruillabarcelona.cat\/es\/wp-json\/wp\/v2\/pages"}],"about":[{"href":"https:\/\/www.cruillabarcelona.cat\/es\/wp-json\/wp\/v2\/types\/page"}],"author":[{"embeddable":true,"href":"https:\/\/www.cruillabarcelona.cat\/es\/wp-json\/wp\/v2\/users\/2"}],"replies":[{"embeddable":true,"href":"https:\/\/www.cruillabarcelona.cat\/es\/wp-json\/wp\/v2\/comments?post=58803"}],"version-history":[{"count":1,"href":"https:\/\/www.cruillabarcelona.cat\/es\/wp-json\/wp\/v2\/pages\/58803\/revisions"}],"predecessor-version":[{"id":58804,"href":"https:\/\/www.cruillabarcelona.cat\/es\/wp-json\/wp\/v2\/pages\/58803\/revisions\/58804"}],"wp:featuredmedia":[{"embeddable":true,"href":"https:\/\/www.cruillabarcelona.cat\/es\/wp-json\/wp\/v2\/media\/58168"}],"wp:attachment":[{"href":"https:\/\/www.cruillabarcelona.cat\/es\/wp-json\/wp\/v2\/media?parent=58803"}],"curies":[{"name":"wp","href":"https:\/\/api.w.org\/{rel}","templated":true}]}}

Energía

<h1 style="text-align: center;"><span style="color: #339966;">¡Un festival con energía 100% renovable!</span></h1>
<p>Por tercer año consecutivo colaboramos con <strong>Endesa</strong> para <strong>eliminar el uso de generadores de gasoil</strong> del festival y usar <strong>exclusivamente alimentación eléctrica de fuentes renovables </strong>provinientes de la red eléctrica del Parc del Fòrum. Así, ¡ahorramos unos 10.000 litros de gasoil, que producen unso 36.000 kg de CO2 por edición!</p>
<p>Además, este año ponemos en marcha <strong>un Plan de Energía propio</strong> que nos ayudará a optimizar consumos, identificar áreas de ahorro y poder aplicar estos conocimientos a las próximas ediciones del festival.</p>

<p>¡Un festival con energía 100% renovable! Por tercer año consecutivo colaboramos con Endesa para eliminar el uso de generadores de gasoil del festival y usar exclusivamente alimentación eléctrica de [&hellip;]</p>

<!-- This site is optimized with the Yoast SEO plugin v27.5 - https://yoast.com/product/yoast-seo-wordpress/ -->
<title>Energía - Festival Cruïlla</title>
<meta name="robots" content="index, follow, max-snippet:-1, max-image-preview:large, max-video-preview:-1" />
<link rel="canonical" href="https://www.cruillabarcelona.cat/es/energia-sostenibilidad/" />
<meta property="og:locale" content="es_ES" />
<meta property="og:type" content="article" />
<meta property="og:title" content="Energía - Festival Cruïlla" />
<meta property="og:description" content="¡Un festival con energía 100% renovable! Por tercer año consecutivo colaboramos con Endesa para eliminar el uso de generadores de gasoil del festival y usar exclusivamente alimentación eléctrica de [&hellip;]" />
<meta property="og:url" content="https://www.cruillabarcelona.cat/es/energia-sostenibilidad/" />
<meta property="og:site_name" content="Festival Cruïlla" />
<meta property="og:image" content="https://www.cruillabarcelona.cat/wp-content/uploads/2025/05/Copia-de-MARIA_BECERRA__K0A4330-Mejorado-NR_PhotoXaviTorrent_-min-scaled.jpg" />
	<meta property="og:image:width" content="2560" />
	<meta property="og:image:height" content="1707" />
	<meta property="og:image:type" content="image/jpeg" />
<meta name="twitter:card" content="summary_large_image" />
<meta name="twitter:label1" content="Tiempo de lectura" />
	<meta name="twitter:data1" content="1 minuto" />
<script type="application/ld+json" class="yoast-schema-graph">{"@context":"https:\/\/schema.org","@graph":[{"@type":"WebPage","@id":"https:\/\/www.cruillabarcelona.cat\/es\/energia-sostenibilidad\/","url":"https:\/\/www.cruillabarcelona.cat\/es\/energia-sostenibilidad\/","name":"Energía - Festival Cruïlla","isPartOf":{"@id":"https:\/\/www.cruillabarcelona.cat\/es\/#website"},"primaryImageOfPage":{"@id":"https:\/\/www.cruillabarcelona.cat\/es\/energia-sostenibilidad\/#primaryimage"},"image":{"@id":"https:\/\/www.cruillabarcelona.cat\/es\/energia-sostenibilidad\/#primaryimage"},"thumbnailUrl":"https:\/\/www.cruillabarcelona.cat\/wp-content\/uploads\/2025\/05\/Copia-de-MARIA_BECERRA__K0A4330-Mejorado-NR_PhotoXaviTorrent_-min-scaled.jpg","datePublished":"2025-06-03T10:51:08+00:00","breadcrumb":{"@id":"https:\/\/www.cruillabarcelona.cat\/es\/energia-sostenibilidad\/#breadcrumb"},"inLanguage":"es","potentialAction":[{"@type":"ReadAction","target":["https:\/\/www.cruillabarcelona.cat\/es\/energia-sostenibilidad\/"]}]},{"@type":"ImageObject","inLanguage":"es","@id":"https:\/\/www.cruillabarcelona.cat\/es\/energia-sostenibilidad\/#primaryimage","url":"https:\/\/www.cruillabarcelona.cat\/wp-content\/uploads\/2025\/05\/Copia-de-MARIA_BECERRA__K0A4330-Mejorado-NR_PhotoXaviTorrent_-min-scaled.jpg","contentUrl":"https:\/\/www.cruillabarcelona.cat\/wp-content\/uploads\/2025\/05\/Copia-de-MARIA_BECERRA__K0A4330-Mejorado-NR_PhotoXaviTorrent_-min-scaled.jpg","width":2560,"height":1707},{"@type":"BreadcrumbList","@id":"https:\/\/www.cruillabarcelona.cat\/es\/energia-sostenibilidad\/#breadcrumb","itemListElement":[{"@type":"ListItem","position":1,"name":"Home","item":"https:\/\/www.cruillabarcelona.cat\/es\/"},{"@type":"ListItem","position":2,"name":"Energía"}]},{"@type":"WebSite","@id":"https:\/\/www.cruillabarcelona.cat\/es\/#website","url":"https:\/\/www.cruillabarcelona.cat\/es\/","name":"Festival Cruïlla","description":"","publisher":{"@id":"https:\/\/www.cruillabarcelona.cat\/es\/#organization"},"potentialAction":[{"@type":"SearchAction","target":{"@type":"EntryPoint","urlTemplate":"https:\/\/www.cruillabarcelona.cat\/es\/?s={search_term_string}"},"query-input":{"@type":"PropertyValueSpecification","valueRequired":true,"valueName":"search_term_string"}}],"inLanguage":"es"},{"@type":"Organization","@id":"https:\/\/www.cruillabarcelona.cat\/es\/#organization","name":"Festival Cruïlla","url":"https:\/\/www.cruillabarcelona.cat\/es\/","logo":{"@type":"ImageObject","inLanguage":"es","@id":"https:\/\/www.cruillabarcelona.cat\/es\/#\/schema\/logo\/image\/","url":"https:\/\/www.cruillabarcelona.cat\/wp-content\/uploads\/2025\/12\/cruill-logo-negativo.png","contentUrl":"https:\/\/www.cruillabarcelona.cat\/wp-content\/uploads\/2025\/12\/cruill-logo-negativo.png","width":400,"height":101,"caption":"Festival Cruïlla"},"image":{"@id":"https:\/\/www.cruillabarcelona.cat\/es\/#\/schema\/logo\/image\/"}}]}</script>
<!-- / Yoast SEO plugin. -->

Energía - Festival Cruïlla

¡Un festival con energía 100% renovable! Por tercer año consecutivo colaboramos con Endesa para eliminar el uso de generadores de gasoil del festival y usar exclusivamente alimentación eléctrica de [&hellip;]

Festival Cruïlla
